{"id":986,"date":"2026-04-10T20:31:38","date_gmt":"2026-04-10T18:31:38","guid":{"rendered":"https:\/\/visitdanube.eu\/?post_type=program&#038;p=986"},"modified":"2026-04-24T15:55:48","modified_gmt":"2026-04-24T13:55:48","slug":"karva-bucs-dunamocs-karva-kortura","status":"publish","type":"program","link":"https:\/\/visitdanube.eu\/hu\/program\/karva-bucs-dunamocs-karva-kortura\/","title":{"rendered":"Karva &#8211; B\u00facs &#8211; Dunamocs &#8211; Karva k\u00f6rt\u00fara"},"content":{"rendered":"<p>A ker\u00e9kp\u00e1ros program a karvai <a href=\"https:\/\/www.visitdanube.eu\/hu\/reszletek-1\/karvai-kilato\" target=\"_blank\">kil\u00e1t\u00f3t\u00f3l<\/a> indul. <\/p>\n<p class=\"redactor-image-wrapper\"><img decoding=\"async\" src=\"https:\/\/qard.eu\/msite\/201\/d8c76c400058cdfd78c5c509437b449b.JPG\"><\/p>\n<p>A k\u00f6vetkez\u0151 meg\u00e1ll\u00f3 B\u00facs, ahol \u00e9rdemes el\u0151re bejelentkezni a <a href=\"https:\/\/www.visitdanube.eu\/hu\/reszletek-1\/babamuzeum\" target=\"_blank\">babam\u00fazeumba<\/a>, ha meg szeretn\u00e9nk n\u00e9zni. <\/p>\n<p class=\"redactor-image-wrapper\"><img decoding=\"async\" src=\"https:\/\/qard.eu\/msite\/201\/a33a8373474fda4aa3663d96843def79.jpg\"><\/p>\n<p>Innen Csokonai <a href=\"https:\/\/www.visitdanube.eu\/hu\/reszletek-1\/lilla-szobra\" target=\"_blank\">Lill\u00e1j\u00e1nak<\/a> az egykori lakhely\u00e9re, Dunamocsra visz az \u00fat, ahol az EUROVELO6 ker\u00e9kp\u00e1r\u00faton mehet\u00fcnk vissza a kiindul\u00f3 \u00e1llom\u00e1sunkra, Karv\u00e1ra. <\/p>\n<p class=\"redactor-image-wrapper\"><img decoding=\"async\" src=\"https:\/\/qard.eu\/msite\/201\/1fbb2f67b36c7ee79d1fa1fa233bf568.JPG\"><\/p>\n<p>A program befejezhet\u0151 a kil\u00e1t\u00f3ba val\u00f3 felkapaszkod\u00e1ssal vagy \u00e9ppen az <a href=\"https:\/\/www.visitdanube.eu\/hu\/reszletek-1\/boldogsagos-szuz-maria-templom\" target=\"_blank\">\u00c1rp\u00e1d-kori templom<\/a> megcsod\u00e1l\u00e1s\u00e1val, de aki elf\u00e1radt, az ak\u00e1r a Duna mozi aznapi &#8222;k\u00e9peivel&#8221; is befejezheti a napj\u00e1t az egyik kihelyezett nyug\u00e1gyon.<\/p>\n<p>Az \u00fat viszonylag kis forgalm\u00fa szakaszokon visz, azonban \u00e9rdemes figyelni a forgalomra!<\/p>\n<p class=\"redactor-image-wrapper\"><img decoding=\"async\" src=\"https:\/\/qard.eu\/msite\/201\/a55f944d794eab68633d7bd972e49e01.jpg\"><\/p>\n<p class=\"redactor-image-wrapper\"><img decoding=\"async\" src=\"https:\/\/qard.eu\/msite\/201\/8211e18f76408a210f232930d63d0979.jpg\"><\/p>\n","protected":false},"featured_media":289,"template":"","meta":{"_acf_changed":false},"tags":[86],"kategoria-programov":[103],"obec":[75],"class_list":["post-986","program","type-program","status-publish","has-post-thumbnail","hentry","tag-kerekparut","kategoria-programov-aktivan","obec-karva"],"acf":[],"_links":{"self":[{"href":"https:\/\/visitdanube.eu\/hu\/wp-json\/wp\/v2\/program\/986","targetHints":{"allow":["GET"]}}],"collection":[{"href":"https:\/\/visitdanube.eu\/hu\/wp-json\/wp\/v2\/program"}],"about":[{"href":"https:\/\/visitdanube.eu\/hu\/wp-json\/wp\/v2\/types\/program"}],"wp:featuredmedia":[{"embeddable":true,"href":"https:\/\/visitdanube.eu\/hu\/wp-json\/wp\/v2\/media\/289"}],"wp:attachment":[{"href":"https:\/\/visitdanube.eu\/hu\/wp-json\/wp\/v2\/media?parent=986"}],"wp:term":[{"taxonomy":"post_tag","embeddable":true,"href":"https:\/\/visitdanube.eu\/hu\/wp-json\/wp\/v2\/tags?post=986"},{"taxonomy":"kategoria-programov","embeddable":true,"href":"https:\/\/visitdanube.eu\/hu\/wp-json\/wp\/v2\/kategoria-programov?post=986"},{"taxonomy":"obec","embeddable":true,"href":"https:\/\/visitdanube.eu\/hu\/wp-json\/wp\/v2\/obec?post=986"}],"curies":[{"name":"wp","href":"https:\/\/api.w.org\/{rel}","templated":true}]}}

Karva &#8211; Búcs &#8211; Dunamocs &#8211; Karva körtúra

<p>A kerékpáros program a karvai <a href="https://www.visitdanube.eu/hu/reszletek-1/karvai-kilato" target="_blank">kilátótól</a> indul. </p>
<p class="redactor-image-wrapper"><img decoding="async" src="https://qard.eu/msite/201/d8c76c400058cdfd78c5c509437b449b.JPG"></p>
<p>A következő megálló Búcs, ahol érdemes előre bejelentkezni a <a href="https://www.visitdanube.eu/hu/reszletek-1/babamuzeum" target="_blank">babamúzeumba</a>, ha meg szeretnénk nézni. </p>
<p class="redactor-image-wrapper"><img decoding="async" src="https://qard.eu/msite/201/a33a8373474fda4aa3663d96843def79.jpg"></p>
<p>Innen Csokonai <a href="https://www.visitdanube.eu/hu/reszletek-1/lilla-szobra" target="_blank">Lillájának</a> az egykori lakhelyére, Dunamocsra visz az út, ahol az EUROVELO6 kerékpárúton mehetünk vissza a kiinduló állomásunkra, Karvára. </p>
<p class="redactor-image-wrapper"><img decoding="async" src="https://qard.eu/msite/201/1fbb2f67b36c7ee79d1fa1fa233bf568.JPG"></p>
<p>A program befejezhető a kilátóba való felkapaszkodással vagy éppen az <a href="https://www.visitdanube.eu/hu/reszletek-1/boldogsagos-szuz-maria-templom" target="_blank">Árpád-kori templom</a> megcsodálásával, de aki elfáradt, az akár a Duna mozi aznapi &#8222;képeivel&#8221; is befejezheti a napját az egyik kihelyezett nyugágyon.</p>
<p>Az út viszonylag kis forgalmú szakaszokon visz, azonban érdemes figyelni a forgalomra!</p>
<p class="redactor-image-wrapper"><img decoding="async" src="https://qard.eu/msite/201/a55f944d794eab68633d7bd972e49e01.jpg"></p>
<p class="redactor-image-wrapper"><img decoding="async" src="https://qard.eu/msite/201/8211e18f76408a210f232930d63d0979.jpg"></p>
