{"id":988,"date":"2026-04-10T20:31:39","date_gmt":"2026-04-10T18:31:39","guid":{"rendered":"https:\/\/visitdanube.eu\/?post_type=program&#038;p=988"},"modified":"2026-04-24T15:55:43","modified_gmt":"2026-04-24T13:55:43","slug":"eszak-komarom-guta","status":"publish","type":"program","link":"https:\/\/visitdanube.eu\/hu\/program\/eszak-komarom-guta\/","title":{"rendered":"\u00c9szak-Kom\u00e1rom &#8211; G\u00fata"},"content":{"rendered":"<p class=\"redactor-image-wrapper\"><img decoding=\"async\" src=\"https:\/\/qard.eu\/msite\/201\/97c2c07d62d3969c129e70fb5beaa181.JPG\"><\/p>\n<p>Kom\u00e1rom \u00e9s G\u00fata k\u00f6z\u00f6tti t\u00e1vols\u00e1g 23,8 km. Ezt az utat legink\u00e1bb a term\u00e9szet veszi k\u00f6r\u00fcl. <\/p>\n<p>A g\u00fatai haj\u00f3malom egy dunaradv\u00e1nyi v\u00edzimalom val\u00f3s\u00e1gh\u0171 m\u00e1sa, mely 1920-ban k\u00e9sz\u00fclt. A nyolcvanas \u00e9vek elej\u00e9n \u00e9p\u00edtett\u00e9k, jelenleg malomm\u00fazeumk\u00e9nt \u00fczemel. Fest\u0151i k\u00f6rnyezetben, egy f\u00e9lszigeten fekszik, melyet egyik oldalr\u00f3l a Kis-Duna \u00e9s a V\u00e1g \u00f6sszefoly\u00e1sa, m\u00e1sik oldalr\u00f3l pedig a Kis-Duna holt\u00e1ga hat\u00e1rol. Tov\u00e1bbi \u00e9rdekess\u00e9g a malomhoz vezet\u0151 h\u00edd, mely Eur\u00f3pa leghosszabb teljes faszerkezet\u0171, fedett h\u00eddja.<\/p>\n<p>\u00c9rdekl\u0151d\u00e9s eset\u00e9n lehet\u0151s\u00e9g van a Georgina csal\u00e1di pinc\u00e9szet megl\u00e1togat\u00e1s\u00e1ra, ahol el\u0151zetes regisztr\u00e1ci\u00f3 sz\u00fcks\u00e9ges, az al\u00e1bbi tel. sz\u00e1mon: 00421 905 386 706, majd bor- \u00e9s sajtk\u00f3stol\u00f3 lehets\u00e9ges. <\/p>\n<p>Tov\u00e1bbi \u00e9rdekes \u00e1llom\u00e1s ezen az \u00fatvonalon a Holt-V\u00e1g, ahol pihenhet, eb\u00e9delhet vagy akt\u00edv kikapcsol\u00f3d\u00e1st keres\u0151k r\u00e9sz\u00e9re lehet\u0151s\u00e9g ny\u00edlik a ny\u00e1ri h\u00f3napokban v\u00edzibiciklik \u00e9s cs\u00f3nakok k\u00f6lcs\u00f6nz\u00e9s\u00e9re is. Valamint egy ny\u00edlt strandr\u00f6plabda p\u00e1lya is rendelkez\u00e9sre \u00e1ll. A Holt-V\u00e1g partj\u00e1n z\u00f6ld ter\u00fclet, de homokos ter\u00fclet is tal\u00e1lhat\u00f3, amely t\u00f6k\u00e9letes s\u00e9t\u00e1khoz \u00e9s piknikekhez. Vannak padok \u00e9s s\u00fct\u00f6get\u00e9sre alkalmas helyek is.<\/p>\n","protected":false},"featured_media":287,"template":"","meta":{"_acf_changed":false},"tags":[86],"kategoria-programov":[103],"obec":[71],"class_list":["post-988","program","type-program","status-publish","has-post-thumbnail","hentry","tag-kerekparut","kategoria-programov-aktivan","obec-komarom"],"acf":[],"_links":{"self":[{"href":"https:\/\/visitdanube.eu\/hu\/wp-json\/wp\/v2\/program\/988","targetHints":{"allow":["GET"]}}],"collection":[{"href":"https:\/\/visitdanube.eu\/hu\/wp-json\/wp\/v2\/program"}],"about":[{"href":"https:\/\/visitdanube.eu\/hu\/wp-json\/wp\/v2\/types\/program"}],"wp:featuredmedia":[{"embeddable":true,"href":"https:\/\/visitdanube.eu\/hu\/wp-json\/wp\/v2\/media\/287"}],"wp:attachment":[{"href":"https:\/\/visitdanube.eu\/hu\/wp-json\/wp\/v2\/media?parent=988"}],"wp:term":[{"taxonomy":"post_tag","embeddable":true,"href":"https:\/\/visitdanube.eu\/hu\/wp-json\/wp\/v2\/tags?post=988"},{"taxonomy":"kategoria-programov","embeddable":true,"href":"https:\/\/visitdanube.eu\/hu\/wp-json\/wp\/v2\/kategoria-programov?post=988"},{"taxonomy":"obec","embeddable":true,"href":"https:\/\/visitdanube.eu\/hu\/wp-json\/wp\/v2\/obec?post=988"}],"curies":[{"name":"wp","href":"https:\/\/api.w.org\/{rel}","templated":true}]}}

Észak-Komárom &#8211; Gúta

<p class="redactor-image-wrapper"><img decoding="async" src="https://qard.eu/msite/201/97c2c07d62d3969c129e70fb5beaa181.JPG"></p>
<p>Komárom és Gúta közötti távolság 23,8 km. Ezt az utat leginkább a természet veszi körül. </p>
<p>A gútai hajómalom egy dunaradványi vízimalom valósághű mása, mely 1920-ban készült. A nyolcvanas évek elején építették, jelenleg malommúzeumként üzemel. Festői környezetben, egy félszigeten fekszik, melyet egyik oldalról a Kis-Duna és a Vág összefolyása, másik oldalról pedig a Kis-Duna holtága határol. További érdekesség a malomhoz vezető híd, mely Európa leghosszabb teljes faszerkezetű, fedett hídja.</p>
<p>Érdeklődés esetén lehetőség van a Georgina családi pincészet meglátogatására, ahol előzetes regisztráció szükséges, az alábbi tel. számon: 00421 905 386 706, majd bor- és sajtkóstoló lehetséges. </p>
<p>További érdekes állomás ezen az útvonalon a Holt-Vág, ahol pihenhet, ebédelhet vagy aktív kikapcsolódást keresők részére lehetőség nyílik a nyári hónapokban vízibiciklik és csónakok kölcsönzésére is. Valamint egy nyílt strandröplabda pálya is rendelkezésre áll. A Holt-Vág partján zöld terület, de homokos terület is található, amely tökéletes sétákhoz és piknikekhez. Vannak padok és sütögetésre alkalmas helyek is.</p>
