{"id":992,"date":"2026-04-10T20:31:54","date_gmt":"2026-04-10T18:31:54","guid":{"rendered":"https:\/\/visitdanube.eu\/?post_type=program&#038;p=992"},"modified":"2026-04-24T15:55:32","modified_gmt":"2026-04-24T13:55:32","slug":"eszak-komarom-nagyleli-sziget-kerekpartura","status":"publish","type":"program","link":"https:\/\/visitdanube.eu\/hu\/program\/eszak-komarom-nagyleli-sziget-kerekpartura\/","title":{"rendered":"\u00c9szak-Kom\u00e1rom &#8211; Nagyl\u00e9li sziget ker\u00e9kp\u00e1rt\u00fara"},"content":{"rendered":"<p class=\"redactor-image-wrapper\"><img decoding=\"async\" src=\"https:\/\/qard.eu\/msite\/201\/1a254e51f40fe1a9639d5d1611025679.jpg\"><\/p>\n<p><a href=\"https:\/\/www.visitdanube.eu\/hu\/reszletek-1\/okofarm-a-nagyleli-szigeten\" target=\"_blank\">Az \u00f6kofarm a Nagyl\u00e9li-sziget<\/a> bej\u00e1rat\u00e1n\u00e1l fekszik, 15 km-re Kom\u00e1romt\u00f3l. K\u00f6nnyen megk\u00f6zel\u00edthet\u0151 k\u00f6z\u00faton, ker\u00e9kp\u00e1r\u00faton, de ak\u00e1r vizi \u00faton \u00e9rkez\u0151k sz\u00e1m\u00e1ra is. A t\u00f6bb, mint 3 km hossz\u00fa, 250 hekt\u00e1ron elter\u00fcl\u0151 sziget v\u00e9dett ter\u00fclet, \u00e9rt\u00e9kes \u00f6kosziszt\u00e9ma. A Duna szlov\u00e1k szakasz\u00e1nak egyik utols\u00f3 nagykiterjed\u00e9s\u0171 sziget\u00e9nek sz\u00e1m\u00edt.<\/p>\n<p>2009 \u00f3ta a t\u00e9rs\u00e9g legel\u0151in ism\u00e9t be lett vezetve a hagyom\u00e1nyos legeltet\u00e9s (mely a m\u00falt sz\u00e1zad 90-es \u00e9veiben megsz\u0171nt), s \u00edgy a t\u00e1jat ism\u00e9t ben\u00e9pes\u00edtett\u00e9k a szarvasmarh\u00e1k, kecsk\u00e9k, juhok \u00e9s a lovak szabadon legel\u00e9sz\u0151 \u00e1llom\u00e1nyai. A t\u00e1j \u00e9rt\u00e9k\u00e9t tov\u00e1bb n\u00f6velik a r\u00e9tek k\u00f6zep\u00e9n magasl\u00f3 mag\u00e1nyos t\u00f6lgyek, valamint a mez\u0151ket szeg\u00e9lyez\u0151 tereb\u00e9lyes ny\u00e1rf\u00e1k \u00e9s botl\u00f3 f\u00fczek egyedei. L\u00e1that\u00f3k itt k\u00fcl\u00f6nb\u00f6z\u0151 g\u00e9mf\u00e9l\u00e9k \u00e9s kormor\u00e1nok, melyek vad\u00e1szni j\u00e1rnak ide k\u00f6zeli f\u00e9szektelepeikr\u0151l, partifecsk\u00e9k, feh\u00e9r \u00e9s fekete g\u00f3ly\u00e1k vagy legnagyobb ragadoz\u00f3 madarunk is, a r\u00e9tisas.<\/p>\n<p>Szolg\u00e1ltat\u00e1sok:<\/p>\n<ul>\n<li>lovaskocsik\u00e1z\u00e1s (el\u0151zetes bejelentkez\u00e9s)<\/li>\n<li>piknikez\u00e9s gy\u00f6ny\u00f6r\u0171 term\u00e9szeti k\u00f6rnyezetben a nagyl\u00e9li szigeten<\/li>\n<li>lovagl\u00e1s (el\u0151zetes bejelentkez\u00e9s)<\/li>\n<li>s\u00e1tras kemping (k\u00f6z\u00f6s konyha, szoci\u00e1lis helyis\u00e9gek)<\/li>\n<li>b\u00fcf\u00e9<\/li>\n<li>oszt\u00e1lykir\u00e1ndul\u00e1sok, t\u00e1borok, term\u00e9szetiskola<\/li>\n<li>interekakt\u00edv ki\u00e1ll\u00edt\u00e1s<\/li>\n<li>v\u00edzi turisztikai lehet\u0151s\u00e9gek<\/li>\n<\/ul>\n<p>Forr\u00e1s: <a href=\"https:\/\/www.ekofarma.sk\/\">https:\/\/www.ekofarma.sk\/<\/a><\/p>\n","protected":false},"featured_media":291,"template":"","meta":{"_acf_changed":false},"tags":[86],"kategoria-programov":[103],"obec":[71],"class_list":["post-992","program","type-program","status-publish","has-post-thumbnail","hentry","tag-kerekparut","kategoria-programov-aktivan","obec-komarom"],"acf":[],"_links":{"self":[{"href":"https:\/\/visitdanube.eu\/hu\/wp-json\/wp\/v2\/program\/992","targetHints":{"allow":["GET"]}}],"collection":[{"href":"https:\/\/visitdanube.eu\/hu\/wp-json\/wp\/v2\/program"}],"about":[{"href":"https:\/\/visitdanube.eu\/hu\/wp-json\/wp\/v2\/types\/program"}],"wp:featuredmedia":[{"embeddable":true,"href":"https:\/\/visitdanube.eu\/hu\/wp-json\/wp\/v2\/media\/291"}],"wp:attachment":[{"href":"https:\/\/visitdanube.eu\/hu\/wp-json\/wp\/v2\/media?parent=992"}],"wp:term":[{"taxonomy":"post_tag","embeddable":true,"href":"https:\/\/visitdanube.eu\/hu\/wp-json\/wp\/v2\/tags?post=992"},{"taxonomy":"kategoria-programov","embeddable":true,"href":"https:\/\/visitdanube.eu\/hu\/wp-json\/wp\/v2\/kategoria-programov?post=992"},{"taxonomy":"obec","embeddable":true,"href":"https:\/\/visitdanube.eu\/hu\/wp-json\/wp\/v2\/obec?post=992"}],"curies":[{"name":"wp","href":"https:\/\/api.w.org\/{rel}","templated":true}]}}

Észak-Komárom &#8211; Nagyléli sziget kerékpártúra

<p class="redactor-image-wrapper"><img decoding="async" src="https://qard.eu/msite/201/1a254e51f40fe1a9639d5d1611025679.jpg"></p>
<p><a href="https://www.visitdanube.eu/hu/reszletek-1/okofarm-a-nagyleli-szigeten" target="_blank">Az ökofarm a Nagyléli-sziget</a> bejáratánál fekszik, 15 km-re Komáromtól. Könnyen megközelíthető közúton, kerékpárúton, de akár vizi úton érkezők számára is. A több, mint 3 km hosszú, 250 hektáron elterülő sziget védett terület, értékes ökoszisztéma. A Duna szlovák szakaszának egyik utolsó nagykiterjedésű szigetének számít.</p>
<p>2009 óta a térség legelőin ismét be lett vezetve a hagyományos legeltetés (mely a múlt század 90-es éveiben megszűnt), s így a tájat ismét benépesítették a szarvasmarhák, kecskék, juhok és a lovak szabadon legelésző állományai. A táj értékét tovább növelik a rétek közepén magasló magányos tölgyek, valamint a mezőket szegélyező terebélyes nyárfák és botló füzek egyedei. Láthatók itt különböző gémfélék és kormoránok, melyek vadászni járnak ide közeli fészektelepeikről, partifecskék, fehér és fekete gólyák vagy legnagyobb ragadozó madarunk is, a rétisas.</p>
<p>Szolgáltatások:</p>
<ul>
<li>lovaskocsikázás (előzetes bejelentkezés)</li>
<li>piknikezés gyönyörű természeti környezetben a nagyléli szigeten</li>
<li>lovaglás (előzetes bejelentkezés)</li>
<li>sátras kemping (közös konyha, szociális helyiségek)</li>
<li>büfé</li>
<li>osztálykirándulások, táborok, természetiskola</li>
<li>interekaktív kiállítás</li>
<li>vízi turisztikai lehetőségek</li>
</ul>
<p>Forrás: <a href="https://www.ekofarma.sk/">https://www.ekofarma.sk/</a></p>
