{"id":994,"date":"2026-04-10T20:31:55","date_gmt":"2026-04-10T18:31:55","guid":{"rendered":"https:\/\/visitdanube.eu\/?post_type=program&#038;p=994"},"modified":"2026-04-24T15:55:25","modified_gmt":"2026-04-24T13:55:25","slug":"eszak-komarom-somorja","status":"publish","type":"program","link":"https:\/\/visitdanube.eu\/hu\/program\/eszak-komarom-somorja\/","title":{"rendered":"\u00c9szak-Kom\u00e1rom &#8211; Somorja"},"content":{"rendered":"<p>Az els\u0151 meg\u00e1ll\u00f3hely, az <a href=\"https:\/\/www.visitdanube.eu\/hu\/reszletek-1\/okofarm-a-nagyleli-szigeten\" target=\"_blank\">\u00d6kofarm a Nagyl\u00e9li-szigeten<\/a> tal\u00e1lhat\u00f3, Kom\u00e1rom v\u00e1ros\u00e1t\u00f3l 15 km-re. A sziget t\u00f6bb mint 3 km hossz\u00fa, ma a Duna egyik utols\u00f3 nagy szigete, amely Szlov\u00e1ki\u00e1ban tal\u00e1lhat\u00f3. Az \u00d6kofarmon pihenhet, valamint kipr\u00f3b\u00e1lhatja a lovagl\u00e1st, a v\u00edzi turizmust, \u00e9s lehet\u0151s\u00e9g van t\u00e1borozni is.<\/p>\n<p class=\"redactor-image-wrapper\"><img decoding=\"async\" src=\"https:\/\/qard.eu\/msite\/201\/bc26d8efb8d5817167c0897f51400ce3.JPG\"><\/p>\n<p class=\"redactor-image-wrapper\">Kolozsn\u00e9ma egy falu Szlov\u00e1ki\u00e1ban, Kom\u00e1romt\u00f3l 23,5 km-re. \u00c9rt\u00e9kes eml\u00e9km\u0171vei a Reform\u00e1tus templom, Szent \u0150rangyalok r\u00f3mai-katolikus templom, Z\u00e1mory csal\u00e1d k\u00fari\u00e1ja &#8211; egyszintes, eredetileg k\u00e9s\u0151 barokk \u00e9p\u00fclet, henger alak\u00fa tet\u0151vel ell\u00e1tott t\u00e9glalap alaprajz\u00fa, a 18. sz\u00e1zad v\u00e9g\u00e9b\u0151l.<\/p>\n<p class=\"redactor-image-wrapper\"><img decoding=\"async\" src=\"https:\/\/qard.eu\/msite\/201\/7ff0992b43bcf2cedf6ebe50be82b3cf.JPG\"><\/p>\n<p class=\"redactor-image-wrapper\"><em>Z\u00e1mory csal\u00e1d k\u00fari\u00e1ja, K\u00e9p: <a href=\"https:\/\/www.wikiwand.com\/sk\">https:\/\/www.wikiwand.com\/sk<\/a><\/em><\/p>\n<p class=\"redactor-image-wrapper\">Medve k\u00f6zs\u00e9g Kom\u00e1romt\u00f3l 45,7 km-re tal\u00e1lhat\u00f3, a Duna partj\u00e1n fekszik, n\u00e9h\u00e1ny kilom\u00e9terrel pedig Szlov\u00e1kia legnagyobb v\u00edzi er\u0151m\u0171j\u00e9t\u0151l. Itt l\u00e1that\u00f3 a Szent Anna r\u00f3mai katolikus templom.<\/p>\n<p class=\"redactor-image-wrapper\"><img decoding=\"async\" src=\"https:\/\/qard.eu\/msite\/201\/eb7655f2f27d7c8a56d05af2b91d6c63.jpg\"><\/p>\n<p class=\"redactor-image-wrapper\"><em>Szent Anna r\u00f3mai katolikus templom, K\u00e9p: <a href=\"https:\/\/www.wikiwand.com\/sk\">https:\/\/www.wikiwand.com\/sk<\/a><\/em><\/p>\n<p class=\"redactor-image-wrapper\">A b\u0151si v\u00edzi er\u0151m\u0171, Kom\u00e1romt\u00f3l 58,7 km-re tal\u00e1lhat\u00f3. A v\u00edzm\u0171 egy 1977-es nemzetk\u00f6zi meg\u00e1llapod\u00e1s alapj\u00e1n \u00e9p\u00fclt, \u00e9s mindenekel\u0151tt a rendszeres \u00e1rad\u00e1sok megakad\u00e1lyoz\u00e1sa \u00e9rdek\u00e9ben.<\/p>\n<p class=\"redactor-image-wrapper\"><img decoding=\"async\" src=\"https:\/\/qard.eu\/msite\/201\/30e9fc0635e51eedf116e6597e6ea171.jpeg\"><\/p>\n<p class=\"redactor-image-wrapper\"><em>A b\u0151si v\u00edzi er\u0151m\u0171, K\u00e9p: <a href=\"https:\/\/ekonomika.sme.sk\/c\/22522553\/velka-oprava-gabcikova-sa-este-nezacala-nanovo-vyhodnocuju-tender.html\">https:\/\/ekonomika.sme.sk\/<\/a><\/em><\/p>\n<p class=\"redactor-image-wrapper\">Somorja 86,1 km-re tal\u00e1lhat\u00f3 Kom\u00e1romt\u00f3l. A Duna akkori f\u0151 \u00e1g\u00e1n\u00e1l alakult ki. Somorja v\u00e1ros\u00e1nak gazdag hagyom\u00e1nyai vannak. A Poml\u00e9i \u00faton a &#8221;Nagyjaink padjai&#8221; c\u00edm\u0171 projekt r\u00e9v\u00e9n \u0151rzik a somorjai szem\u00e9lyis\u00e9gek eml\u00e9k\u00e9t m\u00e9lt\u00f3 m\u00f3don. Itt tal\u00e1lhat\u00f3 a 10 hekt\u00e1ros v\u00e1rosi erd\u0151park, a POML\u00c9. A t\u00f6rt\u00e9nelmet kedvel\u0151k sz\u00e1m\u00e1ra a V\u00e1rosi Honismereti H\u00e1z tal\u00e1lhat\u00f3 itt, ahol ki\u00e1ll\u00edt\u00e1st rendeznek, amelynek ki\u00e1ll\u00edt\u00f3termeiben megtekinthet\u0151k a v\u00e1ros k\u00f6z\u00e9pkori t\u00f6rt\u00e9net\u00e9re utal\u00f3 okm\u00e1nyok, a Fels\u0151-Csall\u00f3k\u00f6z n\u00e9prajzi gy\u0171jtem\u00e9nye, parasztszersz\u00e1mok, r\u00e9gi h\u00e1ztart\u00e1si berendez\u00e9sek, kenderfeldolgoz\u00e1shoz \u00e9s aranymos\u00e1shoz sz\u00fcks\u00e9ges munkaeszk\u00f6z\u00f6k, hal\u00e1szati szersz\u00e1mok, valamint a f\u00f6ldm\u0171vel\u00e9s sor\u00e1n haszn\u00e1lt munkaeszk\u00f6z\u00f6k.<\/p>\n<p class=\"redactor-image-wrapper\"><img decoding=\"async\" src=\"https:\/\/qard.eu\/msite\/201\/04c227be0e761600bea4a046e191dfa7.jpg\"><\/p>\n<p class=\"redactor-image-wrapper\"><em>Poml\u00e9 erd\u0151park, K\u00e9p: <a href=\"https:\/\/www.samorincan.sk\/dobrovolnici-poupratovali-park-v-samorine\">https:\/\/www.samorincan.sk\/<\/a><\/em><\/p>\n<p class=\"redactor-image-wrapper\">Ezen az \u00fatvonalon tov\u00e1bbhaladhatunk Pozsony ir\u00e1ny\u00e1ba, a k\u00f6rtv\u00e9lyesi (Hru\u0161ov) v\u00edzt\u00e1roz\u00f3n kereszt\u00fcl, amely a b\u0151si v\u00edzi er\u0151m\u0171 r\u00e9sze.<\/p>\n","protected":false},"featured_media":292,"template":"","meta":{"_acf_changed":false},"tags":[86],"kategoria-programov":[103],"obec":[71],"class_list":["post-994","program","type-program","status-publish","has-post-thumbnail","hentry","tag-kerekparut","kategoria-programov-aktivan","obec-komarom"],"acf":[],"_links":{"self":[{"href":"https:\/\/visitdanube.eu\/hu\/wp-json\/wp\/v2\/program\/994","targetHints":{"allow":["GET"]}}],"collection":[{"href":"https:\/\/visitdanube.eu\/hu\/wp-json\/wp\/v2\/program"}],"about":[{"href":"https:\/\/visitdanube.eu\/hu\/wp-json\/wp\/v2\/types\/program"}],"wp:featuredmedia":[{"embeddable":true,"href":"https:\/\/visitdanube.eu\/hu\/wp-json\/wp\/v2\/media\/292"}],"wp:attachment":[{"href":"https:\/\/visitdanube.eu\/hu\/wp-json\/wp\/v2\/media?parent=994"}],"wp:term":[{"taxonomy":"post_tag","embeddable":true,"href":"https:\/\/visitdanube.eu\/hu\/wp-json\/wp\/v2\/tags?post=994"},{"taxonomy":"kategoria-programov","embeddable":true,"href":"https:\/\/visitdanube.eu\/hu\/wp-json\/wp\/v2\/kategoria-programov?post=994"},{"taxonomy":"obec","embeddable":true,"href":"https:\/\/visitdanube.eu\/hu\/wp-json\/wp\/v2\/obec?post=994"}],"curies":[{"name":"wp","href":"https:\/\/api.w.org\/{rel}","templated":true}]}}

Észak-Komárom &#8211; Somorja

<p>Az első megállóhely, az <a href="https://www.visitdanube.eu/hu/reszletek-1/okofarm-a-nagyleli-szigeten" target="_blank">Ökofarm a Nagyléli-szigeten</a> található, Komárom városától 15 km-re. A sziget több mint 3 km hosszú, ma a Duna egyik utolsó nagy szigete, amely Szlovákiában található. Az Ökofarmon pihenhet, valamint kipróbálhatja a lovaglást, a vízi turizmust, és lehetőség van táborozni is.</p>
<p class="redactor-image-wrapper"><img decoding="async" src="https://qard.eu/msite/201/bc26d8efb8d5817167c0897f51400ce3.JPG"></p>
<p class="redactor-image-wrapper">Kolozsnéma egy falu Szlovákiában, Komáromtól 23,5 km-re. Értékes emlékművei a Református templom, Szent Őrangyalok római-katolikus templom, Zámory család kúriája &#8211; egyszintes, eredetileg késő barokk épület, henger alakú tetővel ellátott téglalap alaprajzú, a 18. század végéből.</p>
<p class="redactor-image-wrapper"><img decoding="async" src="https://qard.eu/msite/201/7ff0992b43bcf2cedf6ebe50be82b3cf.JPG"></p>
<p class="redactor-image-wrapper"><em>Zámory család kúriája, Kép: <a href="https://www.wikiwand.com/sk">https://www.wikiwand.com/sk</a></em></p>
<p class="redactor-image-wrapper">Medve község Komáromtól 45,7 km-re található, a Duna partján fekszik, néhány kilométerrel pedig Szlovákia legnagyobb vízi erőműjétől. Itt látható a Szent Anna római katolikus templom.</p>
<p class="redactor-image-wrapper"><img decoding="async" src="https://qard.eu/msite/201/eb7655f2f27d7c8a56d05af2b91d6c63.jpg"></p>
<p class="redactor-image-wrapper"><em>Szent Anna római katolikus templom, Kép: <a href="https://www.wikiwand.com/sk">https://www.wikiwand.com/sk</a></em></p>
<p class="redactor-image-wrapper">A bősi vízi erőmű, Komáromtól 58,7 km-re található. A vízmű egy 1977-es nemzetközi megállapodás alapján épült, és mindenekelőtt a rendszeres áradások megakadályozása érdekében.</p>
<p class="redactor-image-wrapper"><img decoding="async" src="https://qard.eu/msite/201/30e9fc0635e51eedf116e6597e6ea171.jpeg"></p>
<p class="redactor-image-wrapper"><em>A bősi vízi erőmű, Kép: <a href="https://ekonomika.sme.sk/c/22522553/velka-oprava-gabcikova-sa-este-nezacala-nanovo-vyhodnocuju-tender.html">https://ekonomika.sme.sk/</a></em></p>
<p class="redactor-image-wrapper">Somorja 86,1 km-re található Komáromtól. A Duna akkori fő ágánál alakult ki. Somorja városának gazdag hagyományai vannak. A Pomléi úton a &#8221;Nagyjaink padjai&#8221; című projekt révén őrzik a somorjai személyiségek emlékét méltó módon. Itt található a 10 hektáros városi erdőpark, a POMLÉ. A történelmet kedvelők számára a Városi Honismereti Ház található itt, ahol kiállítást rendeznek, amelynek kiállítótermeiben megtekinthetők a város középkori történetére utaló okmányok, a Felső-Csallóköz néprajzi gyűjteménye, parasztszerszámok, régi háztartási berendezések, kenderfeldolgozáshoz és aranymosáshoz szükséges munkaeszközök, halászati szerszámok, valamint a földművelés során használt munkaeszközök.</p>
<p class="redactor-image-wrapper"><img decoding="async" src="https://qard.eu/msite/201/04c227be0e761600bea4a046e191dfa7.jpg"></p>
<p class="redactor-image-wrapper"><em>Pomlé erdőpark, Kép: <a href="https://www.samorincan.sk/dobrovolnici-poupratovali-park-v-samorine">https://www.samorincan.sk/</a></em></p>
<p class="redactor-image-wrapper">Ezen az útvonalon továbbhaladhatunk Pozsony irányába, a körtvélyesi (Hrušov) víztározón keresztül, amely a bősi vízi erőmű része.</p>
