{"id":996,"date":"2026-04-10T20:31:57","date_gmt":"2026-04-10T18:31:57","guid":{"rendered":"https:\/\/visitdanube.eu\/?post_type=program&#038;p=996"},"modified":"2026-04-24T15:55:21","modified_gmt":"2026-04-24T13:55:21","slug":"kerekparturak","status":"publish","type":"program","link":"https:\/\/visitdanube.eu\/hu\/program\/kerekparturak\/","title":{"rendered":"Ker\u00e9kp\u00e1rt\u00far\u00e1k"},"content":{"rendered":"\n<p>Objavte jedine\u010dn\u00e9 kult\u00farne a pr\u00edrodn\u00e9 kr\u00e1sy Podunajska bicyklom. Bicyklovanie nemus\u00ed by\u0165 len nam\u00e1hav\u00e1 fyzick\u00e1 \u010dinnos\u0165, ale prekr\u00e1sna panor\u00e1ma Dunaja poskytuje osvie\u017eenie aj pre du\u0161u, kult\u00farne dedi\u010dstvo a programy obohatia pr\u00edjemn\u00fdm pocitom. Oblastn\u00e9 \u0161peciality, produkty a v neposlednom rade aj v\u00edna poskytuj\u00fa gastronomick\u00e9 z\u00e1\u017eitky. V\u010faka novej cyklotrase m\u00f4\u017eeme pre\u017e\u00edva\u0165 ka\u017ed\u00fd de\u0148 premenliv\u00e9 programy a cyklotrasy.<\/p>\n\n<p>Akt\u00edvny odpo\u010dinok spojen\u00fd s wellnessom v centre Kom\u00e1rna pon\u00faka Hotel Band\u00e9rium ***, spolu s ra\u0148ajkami v podobe \u0161v\u00e9dskych stolov a ve\u010deru s troma chodmi.<\/p>\n\n<p>Pr\u00edjemn\u00fd odpo\u010dinok a z\u00e1\u017eitok n\u00e1m poskytne cyklotrasa popri Dunaji. Z\u00e1\u017eitok sa n\u00e1m stup\u0148uje aj t\u00fdm, \u017ee cyklotrasa je rovn\u00e1, bez vyv\u00fd\u0161en\u00edn.<\/p>\n\n<p>Po nam\u00e1havej t\u00fare V\u00e1s o\u010dak\u00e1va Hotel Band\u00e9rium *** s teplou ve\u010derou a priv\u00e1tnou wellness ponukou, ktor\u00e1 obsahuje saunu a v\u00fdrivku BEZPLATNE pre hosti hotela.<\/p>\n\n<p>Ako bonus m\u00f4\u017eete nav\u0161t\u00edvi\u0165 aj M\u0155tve rameno V\u00e1hu s rozlohou 17 ha, s brehom dlh\u00fdm 2860 m. Nach\u00e1dza sa v \u0148om aj k\u00fapalisko, re\u0161taur\u00e1cia, bistro a po\u017ei\u010dov\u0148a \u0161liapac\u00edch a motorov\u00fdch \u010dlnov, p\u00e1dlokajakov a vodn\u00fdch bicyklov.<\/p>\n","protected":false},"featured_media":288,"template":"","meta":{"_acf_changed":false},"tags":[86],"kategoria-programov":[103],"obec":[],"class_list":["post-996","program","type-program","status-publish","has-post-thumbnail","hentry","tag-kerekparut","kategoria-programov-aktivan"],"acf":[],"_links":{"self":[{"href":"https:\/\/visitdanube.eu\/hu\/wp-json\/wp\/v2\/program\/996","targetHints":{"allow":["GET"]}}],"collection":[{"href":"https:\/\/visitdanube.eu\/hu\/wp-json\/wp\/v2\/program"}],"about":[{"href":"https:\/\/visitdanube.eu\/hu\/wp-json\/wp\/v2\/types\/program"}],"wp:featuredmedia":[{"embeddable":true,"href":"https:\/\/visitdanube.eu\/hu\/wp-json\/wp\/v2\/media\/288"}],"wp:attachment":[{"href":"https:\/\/visitdanube.eu\/hu\/wp-json\/wp\/v2\/media?parent=996"}],"wp:term":[{"taxonomy":"post_tag","embeddable":true,"href":"https:\/\/visitdanube.eu\/hu\/wp-json\/wp\/v2\/tags?post=996"},{"taxonomy":"kategoria-programov","embeddable":true,"href":"https:\/\/visitdanube.eu\/hu\/wp-json\/wp\/v2\/kategoria-programov?post=996"},{"taxonomy":"obec","embeddable":true,"href":"https:\/\/visitdanube.eu\/hu\/wp-json\/wp\/v2\/obec?post=996"}],"curies":[{"name":"wp","href":"https:\/\/api.w.org\/{rel}","templated":true}]}}

Kerékpártúrák

<p>Objavte jedinečné kultúrne a prírodné krásy Podunajska bicyklom. Bicyklovanie nemusí byť len namáhavá fyzická činnosť, ale prekrásna panoráma Dunaja poskytuje osvieženie aj pre dušu, kultúrne dedičstvo a programy obohatia príjemným pocitom. Oblastné špeciality, produkty a v neposlednom rade aj vína poskytujú gastronomické zážitky. Vďaka novej cyklotrase môžeme prežívať každý deň premenlivé programy a cyklotrasy.</p>

<p>Aktívny odpočinok spojený s wellnessom v centre Komárna ponúka Hotel Bandérium ***, spolu s raňajkami v podobe švédskych stolov a večeru s troma chodmi.</p>

<p>Príjemný odpočinok a zážitok nám poskytne cyklotrasa popri Dunaji. Zážitok sa nám stupňuje aj tým, že cyklotrasa je rovná, bez vyvýšenín.</p>

<p>Po namáhavej túre Vás očakáva Hotel Bandérium *** s teplou večerou a privátnou wellness ponukou, ktorá obsahuje saunu a výrivku BEZPLATNE pre hosti hotela.</p>

<p>Ako bonus môžete navštíviť aj Mŕtve rameno Váhu s rozlohou 17 ha, s brehom dlhým 2860 m. Nachádza sa v ňom aj kúpalisko, reštaurácia, bistro a požičovňa šliapacích a motorových člnov, pádlokajakov a vodných bicyklov.</p>
