{"id":1006,"date":"2026-04-10T20:30:16","date_gmt":"2026-04-10T18:30:16","guid":{"rendered":"https:\/\/visitdanube.eu\/?post_type=ubytovanie&#038;p=1006"},"modified":"2026-04-24T15:59:12","modified_gmt":"2026-04-24T13:59:12","slug":"bonaparte-panzio","status":"publish","type":"ubytovanie","link":"https:\/\/visitdanube.eu\/hu\/szallas\/bonaparte-panzio\/","title":{"rendered":"Bonaparte Panzi\u00f3**"},"content":{"rendered":"<p>A Bonaparte** panzi\u00f3 a Patince \u00fcd\u00fcl\u0151komplexumban tal\u00e1lhat\u00f3, k\u00f6zvetlen\u00fcl a Ny\u00e1ri term\u00e1lf\u00fcrd\u0151 bej\u00e1rat\u00e1nak k\u00f6zel\u00e9ben, melynek vize j\u00f3t\u00e9kony hat\u00e1ssal van a mozg\u00e1sszervi \u00e9s b\u0151rbetegs\u00e9gekre.<\/p>\n<p>A Bonaparte** \u00e9s a Korzika** panzi\u00f3k 66 f\u0151s kapacit\u00e1s\u00faak, \u00e9s k\u00e9nyelmes, otthonos sz\u00e1ll\u00e1st k\u00edn\u00e1lnak gyermekes csal\u00e1dok sz\u00e1m\u00e1ra k\u00fcl\u00f6nf\u00e9le alaprajz\u00fa, l\u00e9gkondicion\u00e1lt szob\u00e1kban a m\u00e1jus\u2013szeptemberi ny\u00e1ri h\u00f3napokban. Panzi\u00f3ink mellett priv\u00e1t parkol\u00f3 tal\u00e1lhat\u00f3. A panzi\u00f3k felszerelts\u00e9g\u00e9hez tartozik egy \u00e9tterem \u2013 k\u00f6z\u00f6ss\u00e9gi helyis\u00e9g.<\/p>\n<h3>SZ\u00c1LL\u00c1SLEHET\u0150S\u00c9GEK<\/h3>\n<p>A 2+2 szoba 3\u20134 f\u0151s csal\u00e1doknak k\u00e9sz\u00fclt, 26 m2 ter\u00fclet\u0171. Szoba felszerelts\u00e9ge: 2 \u00e1gy, 2 p\u00f3t\u00e1gy, LED TV r\u00e1di\u00f3val, h\u0171t\u0151szekr\u00e9ny, kl\u00edmaberendez\u00e9s, saj\u00e1t f\u00fcrd\u0151szoba (mosd\u00f3, zuhanyz\u00f3, WC).<\/p>\n","protected":false},"featured_media":362,"template":"","meta":{"_acf_changed":false},"obec":[79],"class_list":["post-1006","ubytovanie","type-ubytovanie","status-publish","has-post-thumbnail","hentry","obec-pat"],"acf":[],"_links":{"self":[{"href":"https:\/\/visitdanube.eu\/hu\/wp-json\/wp\/v2\/ubytovanie\/1006","targetHints":{"allow":["GET"]}}],"collection":[{"href":"https:\/\/visitdanube.eu\/hu\/wp-json\/wp\/v2\/ubytovanie"}],"about":[{"href":"https:\/\/visitdanube.eu\/hu\/wp-json\/wp\/v2\/types\/ubytovanie"}],"wp:featuredmedia":[{"embeddable":true,"href":"https:\/\/visitdanube.eu\/hu\/wp-json\/wp\/v2\/media\/362"}],"wp:attachment":[{"href":"https:\/\/visitdanube.eu\/hu\/wp-json\/wp\/v2\/media?parent=1006"}],"wp:term":[{"taxonomy":"obec","embeddable":true,"href":"https:\/\/visitdanube.eu\/hu\/wp-json\/wp\/v2\/obec?post=1006"}],"curies":[{"name":"wp","href":"https:\/\/api.w.org\/{rel}","templated":true}]}}

Bonaparte Panzió**

<p>A Bonaparte** panzió a Patince üdülőkomplexumban található, közvetlenül a Nyári termálfürdő bejáratának közelében, melynek vize jótékony hatással van a mozgásszervi és bőrbetegségekre.</p>
<p>A Bonaparte** és a Korzika** panziók 66 fős kapacitásúak, és kényelmes, otthonos szállást kínálnak gyermekes családok számára különféle alaprajzú, légkondicionált szobákban a május–szeptemberi nyári hónapokban. Panzióink mellett privát parkoló található. A panziók felszereltségéhez tartozik egy étterem – közösségi helyiség.</p>
<h3>SZÁLLÁSLEHETŐSÉGEK</h3>
<p>A 2+2 szoba 3–4 fős családoknak készült, 26 m2 területű. Szoba felszereltsége: 2 ágy, 2 pótágy, LED TV rádióval, hűtőszekrény, klímaberendezés, saját fürdőszoba (mosdó, zuhanyzó, WC).</p>
