{"id":998,"date":"2026-04-10T20:30:02","date_gmt":"2026-04-10T18:30:02","guid":{"rendered":"https:\/\/visitdanube.eu\/?post_type=ubytovanie&#038;p=998"},"modified":"2026-04-24T15:59:20","modified_gmt":"2026-04-24T13:59:20","slug":"wellness-hotel-patince","status":"publish","type":"ubytovanie","link":"https:\/\/visitdanube.eu\/hu\/szallas\/wellness-hotel-patince\/","title":{"rendered":"Wellness Hotel Patince****"},"content":{"rendered":"<h3>T\u00d6RT\u00c9NELEM PATINC\u00c1N<\/h3>\n<p>A patincei term\u00e1lv\u00edz \u00e9s annak csod\u00e1s hat\u00e1sait az emberek m\u00e1r \u0151sid\u0151k \u00f3ta \u00e9lvezik.<\/p>\n<h2>SZ\u00c1LLODA GYEREKEKKEL<\/h2>\n<p>R\u00e1ad\u00e1sul sz\u00e1llod\u00e1nk az eg\u00e9sz csal\u00e1d pihen\u00e9s\u00e9r\u0151l gondoskodik \u2013 mindenkinek a saj\u00e1t elk\u00e9pzel\u00e9sei szerint. Am\u00edg \u00d6n a wellnesst \u00e9lvezi, nagyobb gyermekei ny\u00e1ron a n\u00e9gy cs\u00faszda valamelyik\u00e9n sz\u00f3rakozhatnak, vagy csatlakozhatnak az anim\u00e1torok \u00e1ltal eg\u00e9sz napos programhoz. A h\u0171v\u00f6sebb h\u00f3napokban a relax\u00e1ci\u00f3s medence vadfoly\u00f3val, barlanggal \u00e9s v\u00edzk\u00f6p\u0151kkel ny\u00fajt elegend\u0151 sz\u00f3rakoz\u00e1st. A kisebbek sz\u00e1m\u00e1ra gyerekkuck\u00f3, gyerek\u00fasz\u00e1s \u00e1ll rendelkez\u00e9sre, valamint b\u00e9biszitter szolg\u00e1ltat\u00e1st is ig\u00e9nybe vehet.<\/p>\n<h2>KONFERENCIA, AMI MEG\u00c9RI<\/h2>\n","protected":false},"featured_media":362,"template":"","meta":{"_acf_changed":false},"obec":[79],"class_list":["post-998","ubytovanie","type-ubytovanie","status-publish","has-post-thumbnail","hentry","obec-pat"],"acf":[],"_links":{"self":[{"href":"https:\/\/visitdanube.eu\/hu\/wp-json\/wp\/v2\/ubytovanie\/998","targetHints":{"allow":["GET"]}}],"collection":[{"href":"https:\/\/visitdanube.eu\/hu\/wp-json\/wp\/v2\/ubytovanie"}],"about":[{"href":"https:\/\/visitdanube.eu\/hu\/wp-json\/wp\/v2\/types\/ubytovanie"}],"wp:featuredmedia":[{"embeddable":true,"href":"https:\/\/visitdanube.eu\/hu\/wp-json\/wp\/v2\/media\/362"}],"wp:attachment":[{"href":"https:\/\/visitdanube.eu\/hu\/wp-json\/wp\/v2\/media?parent=998"}],"wp:term":[{"taxonomy":"obec","embeddable":true,"href":"https:\/\/visitdanube.eu\/hu\/wp-json\/wp\/v2\/obec?post=998"}],"curies":[{"name":"wp","href":"https:\/\/api.w.org\/{rel}","templated":true}]}}

<h3>TÖRTÉNELEM PATINCÁN</h3>
<p>A patincei termálvíz és annak csodás hatásait az emberek már ősidők óta élvezik.</p>
<h2>SZÁLLODA GYEREKEKKEL</h2>
<p>Ráadásul szállodánk az egész család pihenéséről gondoskodik – mindenkinek a saját elképzelései szerint. Amíg Ön a wellnesst élvezi, nagyobb gyermekei nyáron a négy csúszda valamelyikén szórakozhatnak, vagy csatlakozhatnak az animátorok által egész napos programhoz. A hűvösebb hónapokban a relaxációs medence vadfolyóval, barlanggal és vízköpőkkel nyújt elegendő szórakozást. A kisebbek számára gyerekkuckó, gyerekúszás áll rendelkezésre, valamint bébiszitter szolgáltatást is igénybe vehet.</p>
<h2>KONFERENCIA, AMI MEGÉRI</h2>
