{"id":1016,"date":"2026-04-15T09:13:51","date_gmt":"2026-04-15T07:13:51","guid":{"rendered":"https:\/\/visitdanube.eu\/?post_type=udalost&#038;p=1016"},"modified":"2026-04-24T15:57:18","modified_gmt":"2026-04-24T13:57:18","slug":"komaromi-kulturalis-nyar","status":"publish","type":"udalost","link":"https:\/\/visitdanube.eu\/hu\/esemeny\/komaromi-kulturalis-nyar\/","title":{"rendered":"Kom\u00e1romi kultur\u00e1lis ny\u00e1r"},"content":{"rendered":"<p>J\u00faniust\u00f3l szeptemberig minden \u00e9vben \u00e9letre kel Kom\u00e1rno terein, parkjaiban \u00e9s kultur\u00e1lis helysz\u00ednein a Kom\u00e1romi kultur\u00e1lis ny\u00e1r \u2013 soksz\u00edn\u0171 ny\u00e1ri rendezv\u00e9nysorozat minden koroszt\u00e1ly sz\u00e1m\u00e1ra.<\/p>\n<p>A ny\u00e1r szabadt\u00e9ri koncerteket hoz a legk\u00fcl\u00f6nb\u00f6z\u0151bb zenei st\u00edlusokban, szabadt\u00e9ri sz\u00ednh\u00e1zi el\u0151ad\u00e1sokat, ki\u00e1ll\u00edt\u00e1sokat, filmvet\u00edt\u00e9seket, csal\u00e1di fesztiv\u00e1lokat \u00e9s mozg\u00e1sos tev\u00e9kenys\u00e9geket. A rendezv\u00e9nyek t\u00f6bbs\u00e9ge az Angol parkban, a Tiszti pavilon ter\u00fclet\u00e9n \u00e9s a Klapka Gy\u00f6rgy t\u00e9ren zajlik. A programok legt\u00f6bbje ingyenesen l\u00e1togathat\u00f3.<\/p>\n","protected":false},"featured_media":523,"template":"","meta":{"_acf_changed":false},"tags":[],"kategoria-programov":[104,105],"obec":[71],"class_list":["post-1016","udalost","type-udalost","status-publish","has-post-thumbnail","hentry","kategoria-programov-kulturaval","kategoria-programov-pihenve","obec-komarom"],"acf":[],"_links":{"self":[{"href":"https:\/\/visitdanube.eu\/hu\/wp-json\/wp\/v2\/udalost\/1016","targetHints":{"allow":["GET"]}}],"collection":[{"href":"https:\/\/visitdanube.eu\/hu\/wp-json\/wp\/v2\/udalost"}],"about":[{"href":"https:\/\/visitdanube.eu\/hu\/wp-json\/wp\/v2\/types\/udalost"}],"wp:featuredmedia":[{"embeddable":true,"href":"https:\/\/visitdanube.eu\/hu\/wp-json\/wp\/v2\/media\/523"}],"wp:attachment":[{"href":"https:\/\/visitdanube.eu\/hu\/wp-json\/wp\/v2\/media?parent=1016"}],"wp:term":[{"taxonomy":"post_tag","embeddable":true,"href":"https:\/\/visitdanube.eu\/hu\/wp-json\/wp\/v2\/tags?post=1016"},{"taxonomy":"kategoria-programov","embeddable":true,"href":"https:\/\/visitdanube.eu\/hu\/wp-json\/wp\/v2\/kategoria-programov?post=1016"},{"taxonomy":"obec","embeddable":true,"href":"https:\/\/visitdanube.eu\/hu\/wp-json\/wp\/v2\/obec?post=1016"}],"curies":[{"name":"wp","href":"https:\/\/api.w.org\/{rel}","templated":true}]}}

Komáromi kulturális nyár

<p>Júniustól szeptemberig minden évben életre kel Komárno terein, parkjaiban és kulturális helyszínein a Komáromi kulturális nyár – sokszínű nyári rendezvénysorozat minden korosztály számára.</p>
<p>A nyár szabadtéri koncerteket hoz a legkülönbözőbb zenei stílusokban, szabadtéri színházi előadásokat, kiállításokat, filmvetítéseket, családi fesztiválokat és mozgásos tevékenységeket. A rendezvények többsége az Angol parkban, a Tiszti pavilon területén és a Klapka György téren zajlik. A programok legtöbbje ingyenesen látogatható.</p>
