{"id":1018,"date":"2026-04-15T09:13:53","date_gmt":"2026-04-15T07:13:53","guid":{"rendered":"https:\/\/visitdanube.eu\/?post_type=udalost&#038;p=1018"},"modified":"2026-04-28T08:11:00","modified_gmt":"2026-04-28T06:11:00","slug":"gyerkocfesztival","status":"publish","type":"udalost","link":"https:\/\/visitdanube.eu\/hu\/esemeny\/gyerkocfesztival\/","title":{"rendered":"Gyerk\u0151cfesztiv\u00e1l"},"content":{"rendered":"<p>Az utols\u00f3 augusztusi h\u00e9tv\u00e9ge Kom\u00e1rnoban a gyermekek\u00e9. A Gyerk\u0151cfesztiv\u00e1l (Komar\u00e1tsky festival det\u00ed) minden \u00e9vben az Angol parkban ker\u00fcl megrendez\u00e9sre, \u00e9s k\u00e9tnapos, sz\u00f3rakoz\u00e1ssal \u00e9s kult\u00far\u00e1val teli programmal v\u00e1rja a legkisebbeket \u00e9s sz\u00fcleiket egyar\u00e1nt.<\/p>\n<p>A gyerekek \u00e9l\u0151 zenei fell\u00e9p\u00e9sekre, interakt\u00edv attrakci\u00f3kra, k\u00e9zm\u0171ves m\u0171helyekre, cirkuszi el\u0151ad\u00e1sokra \u00e9s sokf\u00e9le j\u00e1t\u00e9kra sz\u00e1m\u00edthatnak. A rendezv\u00e9nyt \u00e9vr\u0151l \u00e9vre csal\u00e1dok ezrei l\u00e1togatj\u00e1k Szlov\u00e1ki\u00e1b\u00f3l \u00e9s Magyarorsz\u00e1gr\u00f3l, \u00e9s a r\u00e9gi\u00f3 egyik legkedveltebb csal\u00e1di fesztiv\u00e1lja.<\/p>\n","protected":false},"featured_media":1655,"template":"","meta":{"_acf_changed":false},"tags":[],"kategoria-programov":[106,104],"obec":[71],"class_list":["post-1018","udalost","type-udalost","status-publish","has-post-thumbnail","hentry","kategoria-programov-csaladdal","kategoria-programov-kulturaval","obec-komarom"],"acf":[],"_links":{"self":[{"href":"https:\/\/visitdanube.eu\/hu\/wp-json\/wp\/v2\/udalost\/1018","targetHints":{"allow":["GET"]}}],"collection":[{"href":"https:\/\/visitdanube.eu\/hu\/wp-json\/wp\/v2\/udalost"}],"about":[{"href":"https:\/\/visitdanube.eu\/hu\/wp-json\/wp\/v2\/types\/udalost"}],"wp:featuredmedia":[{"embeddable":true,"href":"https:\/\/visitdanube.eu\/hu\/wp-json\/wp\/v2\/media\/1655"}],"wp:attachment":[{"href":"https:\/\/visitdanube.eu\/hu\/wp-json\/wp\/v2\/media?parent=1018"}],"wp:term":[{"taxonomy":"post_tag","embeddable":true,"href":"https:\/\/visitdanube.eu\/hu\/wp-json\/wp\/v2\/tags?post=1018"},{"taxonomy":"kategoria-programov","embeddable":true,"href":"https:\/\/visitdanube.eu\/hu\/wp-json\/wp\/v2\/kategoria-programov?post=1018"},{"taxonomy":"obec","embeddable":true,"href":"https:\/\/visitdanube.eu\/hu\/wp-json\/wp\/v2\/obec?post=1018"}],"curies":[{"name":"wp","href":"https:\/\/api.w.org\/{rel}","templated":true}]}}

Gyerkőcfesztivál

<p>Az utolsó augusztusi hétvége Komárnoban a gyermekeké. A Gyerkőcfesztivál (Komarátsky festival detí) minden évben az Angol parkban kerül megrendezésre, és kétnapos, szórakozással és kultúrával teli programmal várja a legkisebbeket és szüleiket egyaránt.</p>
<p>A gyerekek élő zenei fellépésekre, interaktív attrakciókra, kézműves műhelyekre, cirkuszi előadásokra és sokféle játékra számíthatnak. A rendezvényt évről évre családok ezrei látogatják Szlovákiából és Magyarországról, és a régió egyik legkedveltebb családi fesztiválja.</p>
