{"id":1053,"date":"2026-04-10T20:40:31","date_gmt":"2026-04-10T18:40:31","guid":{"rendered":"https:\/\/visitdanube.eu\/?post_type=zaujimavost&#038;p=1053"},"modified":"2026-04-21T09:13:02","modified_gmt":"2026-04-21T07:13:02","slug":"milan-rastislav-stefanik-szobra","status":"publish","type":"zaujimavost","link":"https:\/\/visitdanube.eu\/hu\/latvanyossag\/milan-rastislav-stefanik-szobra\/","title":{"rendered":"Milan Rastislav \u0160tef\u00e1nik szobra"},"content":{"rendered":"<p>1930-ban a 12. gyalogezred katon\u00e1i erre a c\u00e9lra gy\u0171jt\u00f6tt p\u00e9nzb\u0151l szobrot \u00e1ll\u00edtottak az er\u0151d fel\u00e9 vezet\u0151 \u00faton M. R. \u0160tef\u00e1nik t\u00e1bornok tisztelet\u00e9re . Az 1930. m\u00e1jus 3-\u00e1n leleplezett szobor a h\u00edres cseh szobr\u00e1sz, Otakar \u0160paniel munk\u00e1ja, amelyet 1938-ban Beszterceb\u00e1ny\u00e1ra k\u00f6lt\u00f6ztettek, ahol az Urp\u00edn-dombra \u00e1ll\u00edtott\u00e1k. A m\u00e1sodik vil\u00e1gh\u00e1bor\u00fa v\u00e9g\u00e9ig maradt ott. <\/p>\n<p>A h\u00e1bor\u00fa v\u00e9ge ut\u00e1n M. R. \u0160tef\u00e1nik szobr\u00e1t visszavitt\u00e9k Kom\u00e1romba, \u00e9s 1948. m\u00e1jus 9-\u00e9n ki\u00e1ll\u00edtott\u00e1k a v\u00e1rosh\u00e1za ter\u00e9n, ahol addig Klapka Gy\u00f6rgy t\u00e1bornok portr\u00e9ja volt. Az 1950-es \u00e9vekben elt\u00e1vol\u00edtott\u00e1k onnan, \u00e9s 1968-ban a R\u00f3zsasz\u00edn s\u00e9t\u00e1ny parkj\u00e1ban \u00e1ll\u00edtott\u00e1k fel. Sajnos 6 \u00e9vvel k\u00e9s\u0151bb a szobor ism\u00e9t kedvez\u0151tlen sorsot kapott, \u00e9s az orosz laktany\u00e1ba helyezt\u00e9k, a kom\u00e1romi er\u0151d alagsor\u00e1ban. <\/p>\n<p>\nA Honv\u00e9delmi Miniszt\u00e9rium tagjai csak 1990-ben \u00e1llapodtak meg abban, hogy megpr\u00f3b\u00e1lj\u00e1k M. R. \u0160tef\u00e1nik szobr\u00e1t m\u00e9lt\u00f3bb, nyilv\u00e1nosan hozz\u00e1f\u00e9rhet\u0151 helyre helyezni. Ehhez a l\u00e9p\u00e9shez azonban sz\u00fcks\u00e9g volt a szobor helyre\u00e1ll\u00edt\u00e1s\u00e1ra, mert a sok \u00e9ven \u00e1t tart\u00f3 t\u00e1rol\u00e1s sor\u00e1n korrod\u00e1l\u00f3dott, r\u00e1ad\u00e1sul nem volt k\u0151 talapzata. Mivel ismeretes volt, hogy a v\u00e1ros \u00f6sszes szobra Kom\u00e1rom tulajdon\u00e1\u00e9 volt, ez a feladat a v\u00e1rosi hat\u00f3s\u00e1gokra h\u00e1rult a Honv\u00e9delmi Miniszt\u00e9rium r\u00e9szv\u00e9tel\u00e9vel. <\/p>\n<p>\nHosszas t\u00e1rgyal\u00e1sok ut\u00e1n a v\u00e1rosi tan\u00e1ccsal \u00e9s P\u00e1sztor Istv\u00e1nnal, aki akkor Kom\u00e1rom polg\u00e1rmestere volt, megkezdt\u00e9k a tervezett \u00fajratelep\u00edt\u00e9s megval\u00f3s\u00edt\u00e1s\u00e1t. 1990. okt\u00f3ber 28-\u00e1n \u00fcnnep\u00e9lyesen felavatt\u00e1k M. R. \u0160tef\u00e1nik szobr\u00e1t a Szlov\u00e1k Matica h\u00e1z el\u0151tt. <\/p>\n<p>Milan Rastislav \u0160tef\u00e1nik politikus, diplomata \u00e9s csillag\u00e1sz, a szlov\u00e1k t\u00f6rt\u00e9nelem jelent\u0151s alakja. 1916 febru\u00e1rj\u00e1ban P\u00e1rizsban megalakult a Csehszlov\u00e1k Nemzeti Tan\u00e1cs aleln\u00f6ke lett.<\/p>\n<p>Forr\u00e1s: https: \/\/<a href=\"https:\/\/www.dmskomarno.sk\/socha-milana-rastislava\">www.dmskomarno.sk\/socha-milana-rastislava<\/a> -&#8230; <\/p>\n<p>(Martina Majerov\u00e1 k\u00e9sz\u00edtette \u0160tefan Urban \u00far t\u00f6rt\u00e9net\u00e9b\u0151l)<\/p>\n<p><a href=\"https:\/\/hu.wikipedia.org\/wiki\/Milan_Rastislav_%C5%A0tef%C3%A1nik\">https:\/\/hu.wikipedia.org\/wiki\/Milan_Rastislav_%C5%&#8230;<\/a><\/p>\n<p class=\"redactor-image-wrapper\"><img decoding=\"async\" src=\"https:\/\/visitdanube.eu\/wp-content\/uploads\/2026\/04\/c0c199b155b71ff0ff52484d0ec34fae.jpg\"><\/p>\n","protected":false},"featured_media":303,"template":"","meta":{"_acf_changed":false},"tags":[],"kategoria-programov":[104],"obec":[71],"class_list":["post-1053","zaujimavost","type-zaujimavost","status-publish","has-post-thumbnail","hentry","kategoria-programov-kulturaval","obec-komarom"],"acf":[],"_links":{"self":[{"href":"https:\/\/visitdanube.eu\/hu\/wp-json\/wp\/v2\/zaujimavost\/1053","targetHints":{"allow":["GET"]}}],"collection":[{"href":"https:\/\/visitdanube.eu\/hu\/wp-json\/wp\/v2\/zaujimavost"}],"about":[{"href":"https:\/\/visitdanube.eu\/hu\/wp-json\/wp\/v2\/types\/zaujimavost"}],"wp:featuredmedia":[{"embeddable":true,"href":"https:\/\/visitdanube.eu\/hu\/wp-json\/wp\/v2\/media\/303"}],"wp:attachment":[{"href":"https:\/\/visitdanube.eu\/hu\/wp-json\/wp\/v2\/media?parent=1053"}],"wp:term":[{"taxonomy":"post_tag","embeddable":true,"href":"https:\/\/visitdanube.eu\/hu\/wp-json\/wp\/v2\/tags?post=1053"},{"taxonomy":"kategoria-programov","embeddable":true,"href":"https:\/\/visitdanube.eu\/hu\/wp-json\/wp\/v2\/kategoria-programov?post=1053"},{"taxonomy":"obec","embeddable":true,"href":"https:\/\/visitdanube.eu\/hu\/wp-json\/wp\/v2\/obec?post=1053"}],"curies":[{"name":"wp","href":"https:\/\/api.w.org\/{rel}","templated":true}]}}

Milan Rastislav Štefánik szobra

<p>1930-ban a 12. gyalogezred katonái erre a célra gyűjtött pénzből szobrot állítottak az erőd felé vezető úton M. R. Štefánik tábornok tiszteletére . Az 1930. május 3-án leleplezett szobor a híres cseh szobrász, Otakar Španiel munkája, amelyet 1938-ban Besztercebányára költöztettek, ahol az Urpín-dombra állították. A második világháború végéig maradt ott. </p>
<p>A háború vége után M. R. Štefánik szobrát visszavitték Komáromba, és 1948. május 9-én kiállították a városháza terén, ahol addig Klapka György tábornok portréja volt. Az 1950-es években eltávolították onnan, és 1968-ban a Rózsaszín sétány parkjában állították fel. Sajnos 6 évvel később a szobor ismét kedvezőtlen sorsot kapott, és az orosz laktanyába helyezték, a komáromi erőd alagsorában. </p>
<p>
A Honvédelmi Minisztérium tagjai csak 1990-ben állapodtak meg abban, hogy megpróbálják M. R. Štefánik szobrát méltóbb, nyilvánosan hozzáférhető helyre helyezni. Ehhez a lépéshez azonban szükség volt a szobor helyreállítására, mert a sok éven át tartó tárolás során korrodálódott, ráadásul nem volt kő talapzata. Mivel ismeretes volt, hogy a város összes szobra Komárom tulajdonáé volt, ez a feladat a városi hatóságokra hárult a Honvédelmi Minisztérium részvételével. </p>
<p>
Hosszas tárgyalások után a városi tanáccsal és Pásztor Istvánnal, aki akkor Komárom polgármestere volt, megkezdték a tervezett újratelepítés megvalósítását. 1990. október 28-án ünnepélyesen felavatták M. R. Štefánik szobrát a Szlovák Matica ház előtt. </p>
<p>Milan Rastislav Štefánik politikus, diplomata és csillagász, a szlovák történelem jelentős alakja. 1916 februárjában Párizsban megalakult a Csehszlovák Nemzeti Tanács alelnöke lett.</p>
<p>Forrás: https: //<a href="https://www.dmskomarno.sk/socha-milana-rastislava">www.dmskomarno.sk/socha-milana-rastislava</a> -&#8230; </p>
<p>(Martina Majerová készítette Štefan Urban úr történetéből)</p>
<p><a href="https://hu.wikipedia.org/wiki/Milan_Rastislav_%C5%A0tef%C3%A1nik">https://hu.wikipedia.org/wiki/Milan_Rastislav_%C5%&#8230;</a></p>
<p class="redactor-image-wrapper"><img decoding="async" src="https://visitdanube.eu/wp-content/uploads/2026/04/c0c199b155b71ff0ff52484d0ec34fae.jpg"></p>
