{"id":1111,"date":"2026-04-10T20:40:43","date_gmt":"2026-04-10T18:40:43","guid":{"rendered":"https:\/\/visitdanube.eu\/?post_type=zaujimavost&#038;p=1111"},"modified":"2026-04-28T09:36:04","modified_gmt":"2026-04-28T07:36:04","slug":"jelentos-szemelyisegek","status":"publish","type":"zaujimavost","link":"https:\/\/visitdanube.eu\/hu\/latvanyossag\/jelentos-szemelyisegek\/","title":{"rendered":"Jelent\u0151s szem\u00e9lyis\u00e9gek"},"content":{"rendered":"<p><strong>Sz\u00e9ch\u00e9nyi Gy\u00f6rgy (1605 &#8211; 1695)<\/strong><\/p>\n<p>Az esztergomi \u00e9rsek 1691. okt\u00f3ber 9-\u00e9n kiv\u00e1lts\u00e1glevelet adom\u00e1nyozott \u00c9rsek\u00fajv\u00e1rnak, amelyben v\u00e1rosi rangra emelte. A kiv\u00e1lts\u00e1glev\u00e9l m\u00e1solata megtekinthet\u0151 a v\u00e1rosi hivatalban. A F\u0151 t\u00e9ren a val\u00f3s\u00e1gt\u00f3l nagyobb szobra \u00e1ll. A Ferences-rendi kolostor fal\u00e1t Sz\u00e9ch\u00e9nyi Gy\u00f6rgy eml\u00e9kt\u00e1bl\u00e1ja d\u00edsz\u00edti.<\/p>\n<p class=\"redactor-image-wrapper\"><img decoding=\"async\" src=\"https:\/\/visitdanube.eu\/wp-content\/uploads\/2026\/04\/f7fb29f59bdfab4dcfd47c7620a5028a.jpg\"><\/p>\n<p><strong>Czuczor Gergely (1800 &#8211; 1866)<\/strong><\/p>\n<p>Magyar benc\u00e9s szerzetes, k\u00f6lt\u0151, nyelvtud\u00f3s. Tagja volt a Magyar Tudom\u00e1nyos Akad\u00e9mi\u00e1nak. \u00c9rsek\u00fajv\u00e1rhoz k\u00f6zeli And\u00f3d k\u00f6zs\u00e9gben sz\u00fcletett. 1966-ban a Csemadok \u00e9p\u00fclete el\u0151tt mellszobrot \u00e1ll\u00edtottak neki. Az egyetlen magyar tan\u00edt\u00e1si nyelv\u0171 alapiskola viseli a nev\u00e9t.<\/p>\n<p class=\"redactor-image-wrapper\"><img decoding=\"async\" src=\"https:\/\/visitdanube.eu\/wp-content\/uploads\/2026\/04\/aa968d876595d59f72771ea65bf80a3c.jpg\"><\/p>\n<p><strong>Majzon J\u00e1n (1849 &#8211; 1921)<\/strong><\/p>\n<p>Szlov\u00e1k hazafias \u00edr\u00f3, n\u00e9pdalgy\u0171jt\u0151. A v\u00e1rosk\u00f6zpontban tal\u00e1lhat\u00f3 t\u00e9r viseli a nev\u00e9t &#8211; Majzon t\u00e9r, amelyet a mellszobra d\u00edsz\u00edt.<\/p>\n<p><img decoding=\"async\" src=\"https:\/\/visitdanube.eu\/wp-content\/uploads\/2026\/04\/e67b5e94078b6bb01dd38df017ef1b03.jpg\"><\/p>\n<p><em>(Forr\u00e1s: wikip\u00e9dia)<\/em><\/p>\n<p><strong>Thain J\u00e1nos (1885 &#8211; 1953)<\/strong><\/p>\n<p><em><\/em><\/p>\n<p>N\u00e9prajzi \u00edr\u00f3, fest\u0151, gy\u0171jt\u0151, a v\u00e1ros els\u0151 m\u00fazeum\u00e1nak megalap\u00edt\u00f3ja. Az \u00e9rsek\u00fajv\u00e1ri gimn\u00e1ziumban 36 \u00e9vig rajztan\u00e1rk\u00e9nt tev\u00e9kenykedett.<\/p>\n<p class=\"redactor-image-wrapper\"><img decoding=\"async\" src=\"https:\/\/visitdanube.eu\/wp-content\/uploads\/2026\/04\/41a8ea201b4a1172dd82f29312c4101f.jpg\"><\/p>\n<p><strong>Kass\u00e1k Lajos (1887 &#8211; 1967)<\/strong><\/p>\n<p>\u00c9rsek\u00fajv\u00e1r sz\u00fcl\u00f6ttje, eur\u00f3pai jelentos\u00e9g\u0171 k\u00e9pz\u0151m\u0171v\u00e9sz, az avantg\u00e1rd m\u0171v\u00e9szet vezet\u0151 k\u00e9pvisel\u0151je, kiad\u00f3, szerkeszt\u0151, \u00edr\u00f3, k\u00f6lt\u0151, forradalm\u00e1r. A Zmet\u00e1k Ern\u0151 M\u0171v\u00e9szeti Gal\u00e9ri\u00e1ban 2004-t\u0151l megtekinthet\u0151 az alkot\u00e1saib\u00f3l \u00f6ssze\u00e1ll\u00edtott \u00e1lland\u00f3 ki\u00e1ll\u00edt\u00e1s, amit feles\u00e9ge, Kass\u00e1k Kl\u00e1ra adom\u00e1nyozott a gal\u00e9ri\u00e1nak. Kass\u00e1k Lajos \u00e9letnagys\u00e1g\u00fa szobra a Banskobystrick\u00e1 utc\u00e1ban tal\u00e1lhat\u00f3, mely a m\u0171v\u00e9sz sz\u00e1nd\u00e9k\u00e1t fejezi ki \u2013 megnyitni a v\u00e1ros kapuj\u00e1t a vil\u00e1g el\u0151tt.<\/p>\n<p class=\"redactor-image-wrapper\"><img decoding=\"async\" src=\"https:\/\/visitdanube.eu\/wp-content\/uploads\/2026\/04\/4c288dae4433bca2e524d8cd38c37e25.jpg\"><\/p>\n<p><strong>Zmet\u00e1k Ern\u0151 (1919 &#8211; 2004)<\/strong><\/p>\n<p>\u00c9rsek\u00fajv\u00e1r sz\u00fcl\u00f6ttje, fest\u0151m\u0171v\u00e9sz, a helyi m\u0171v\u00e9szeti gal\u00e9ria don\u00e1tora \u00e9s megalap\u00edt\u00f3ja. A szlov\u00e1k k\u00e9pz\u0151m\u0171v\u00e9szeti \u00e9let egyik legjelent\u0151sebb szem\u00e9lyis\u00e9gei k\u00f6z\u00e9 tartozott.A gal\u00e9ri\u00e1ban megtekinthet\u0151 a 16-20. sz\u00e1zad alkot\u00e1saib\u00f3l tev\u0151d\u0151 \u00e1lland\u00f3 ki\u00e1ll\u00edt\u00e1s.<\/p>\n<p class=\"redactor-image-wrapper\"><img decoding=\"async\" src=\"https:\/\/visitdanube.eu\/wp-content\/uploads\/2026\/04\/e73a940b8cd3411190a3591fa8d4bfe2.jpg\"><\/p>\n<p><strong>Luzsicza Lajos (1920 &#8211; 2005)<\/strong><\/p>\n<p>\u00c9rsek\u00fajv\u00e1r sz\u00fcl\u00f6ttje, lok\u00e1lpatri\u00f3ta, a v\u00e1ros d\u00edszpolg\u00e1ra, fest\u0151m\u0171v\u00e9sz \u00e9s \u00edr\u00f3. Festm\u00e9nyeib\u0151l \u00e1radt a sz\u00fcl\u0151f\u00f6ldje ir\u00e1nti m\u00e9ly szeretete.<\/p>\n<p class=\"redactor-image-wrapper\"><img decoding=\"async\" src=\"https:\/\/visitdanube.eu\/wp-content\/uploads\/2026\/04\/9ef8dc52d227633ee841bab3c9a5f76a.jpg\"><\/p>\n<p class=\"redactor-image-wrapper\"><em>Forr\u00e1s: novezamky.sk<\/em><\/p>\n","protected":false},"featured_media":1701,"template":"","meta":{"_acf_changed":false},"tags":[],"kategoria-programov":[104],"obec":[78],"class_list":["post-1111","zaujimavost","type-zaujimavost","status-publish","has-post-thumbnail","hentry","kategoria-programov-kulturaval","obec-ersekujvar"],"acf":[],"_links":{"self":[{"href":"https:\/\/visitdanube.eu\/hu\/wp-json\/wp\/v2\/zaujimavost\/1111","targetHints":{"allow":["GET"]}}],"collection":[{"href":"https:\/\/visitdanube.eu\/hu\/wp-json\/wp\/v2\/zaujimavost"}],"about":[{"href":"https:\/\/visitdanube.eu\/hu\/wp-json\/wp\/v2\/types\/zaujimavost"}],"wp:featuredmedia":[{"embeddable":true,"href":"https:\/\/visitdanube.eu\/hu\/wp-json\/wp\/v2\/media\/1701"}],"wp:attachment":[{"href":"https:\/\/visitdanube.eu\/hu\/wp-json\/wp\/v2\/media?parent=1111"}],"wp:term":[{"taxonomy":"post_tag","embeddable":true,"href":"https:\/\/visitdanube.eu\/hu\/wp-json\/wp\/v2\/tags?post=1111"},{"taxonomy":"kategoria-programov","embeddable":true,"href":"https:\/\/visitdanube.eu\/hu\/wp-json\/wp\/v2\/kategoria-programov?post=1111"},{"taxonomy":"obec","embeddable":true,"href":"https:\/\/visitdanube.eu\/hu\/wp-json\/wp\/v2\/obec?post=1111"}],"curies":[{"name":"wp","href":"https:\/\/api.w.org\/{rel}","templated":true}]}}

Jelentős személyiségek

<p><strong>Széchényi György (1605 &#8211; 1695)</strong></p>
<p>Az esztergomi érsek 1691. október 9-én kiváltságlevelet adományozott Érsekújvárnak, amelyben városi rangra emelte. A kiváltságlevél másolata megtekinthető a városi hivatalban. A Fő téren a valóságtól nagyobb szobra áll. A Ferences-rendi kolostor falát Széchényi György emléktáblája díszíti.</p>
<p class="redactor-image-wrapper"><img decoding="async" src="https://visitdanube.eu/wp-content/uploads/2026/04/f7fb29f59bdfab4dcfd47c7620a5028a.jpg"></p>
<p><strong>Czuczor Gergely (1800 &#8211; 1866)</strong></p>
<p>Magyar bencés szerzetes, költő, nyelvtudós. Tagja volt a Magyar Tudományos Akadémiának. Érsekújvárhoz közeli Andód községben született. 1966-ban a Csemadok épülete előtt mellszobrot állítottak neki. Az egyetlen magyar tanítási nyelvű alapiskola viseli a nevét.</p>
<p class="redactor-image-wrapper"><img decoding="async" src="https://visitdanube.eu/wp-content/uploads/2026/04/aa968d876595d59f72771ea65bf80a3c.jpg"></p>
<p><strong>Majzon Ján (1849 &#8211; 1921)</strong></p>
<p>Szlovák hazafias író, népdalgyűjtő. A városközpontban található tér viseli a nevét &#8211; Majzon tér, amelyet a mellszobra díszít.</p>
<p><img decoding="async" src="https://visitdanube.eu/wp-content/uploads/2026/04/e67b5e94078b6bb01dd38df017ef1b03.jpg"></p>
<p><em>(Forrás: wikipédia)</em></p>
<p><strong>Thain János (1885 &#8211; 1953)</strong></p>
<p><em></em></p>
<p>Néprajzi író, festő, gyűjtő, a város első múzeumának megalapítója. Az érsekújvári gimnáziumban 36 évig rajztanárként tevékenykedett.</p>
<p class="redactor-image-wrapper"><img decoding="async" src="https://visitdanube.eu/wp-content/uploads/2026/04/41a8ea201b4a1172dd82f29312c4101f.jpg"></p>
<p><strong>Kassák Lajos (1887 &#8211; 1967)</strong></p>
<p>Érsekújvár szülöttje, európai jelentoségű képzőművész, az avantgárd művészet vezető képviselője, kiadó, szerkesztő, író, költő, forradalmár. A Zmeták Ernő Művészeti Galériában 2004-től megtekinthető az alkotásaiból összeállított állandó kiállítás, amit felesége, Kassák Klára adományozott a galériának. Kassák Lajos életnagyságú szobra a Banskobystrická utcában található, mely a művész szándékát fejezi ki – megnyitni a város kapuját a világ előtt.</p>
<p class="redactor-image-wrapper"><img decoding="async" src="https://visitdanube.eu/wp-content/uploads/2026/04/4c288dae4433bca2e524d8cd38c37e25.jpg"></p>
<p><strong>Zmeták Ernő (1919 &#8211; 2004)</strong></p>
<p>Érsekújvár szülöttje, festőművész, a helyi művészeti galéria donátora és megalapítója. A szlovák képzőművészeti élet egyik legjelentősebb személyiségei közé tartozott.A galériában megtekinthető a 16-20. század alkotásaiból tevődő állandó kiállítás.</p>
<p class="redactor-image-wrapper"><img decoding="async" src="https://visitdanube.eu/wp-content/uploads/2026/04/e73a940b8cd3411190a3591fa8d4bfe2.jpg"></p>
<p><strong>Luzsicza Lajos (1920 &#8211; 2005)</strong></p>
<p>Érsekújvár szülöttje, lokálpatrióta, a város díszpolgára, festőművész és író. Festményeiből áradt a szülőföldje iránti mély szeretete.</p>
<p class="redactor-image-wrapper"><img decoding="async" src="https://visitdanube.eu/wp-content/uploads/2026/04/9ef8dc52d227633ee841bab3c9a5f76a.jpg"></p>
<p class="redactor-image-wrapper"><em>Forrás: novezamky.sk</em></p>
