{"id":1113,"date":"2026-04-10T20:41:43","date_gmt":"2026-04-10T18:41:43","guid":{"rendered":"https:\/\/visitdanube.eu\/?post_type=zaujimavost&#038;p=1113"},"modified":"2026-04-21T08:04:59","modified_gmt":"2026-04-21T06:04:59","slug":"anton-bernolak-szobra","status":"publish","type":"zaujimavost","link":"https:\/\/visitdanube.eu\/hu\/latvanyossag\/anton-bernolak-szobra\/","title":{"rendered":"Anton Bernol\u00e1k szobra"},"content":{"rendered":"<p>Anton Bernol\u00e1k jelent\u0151s szlov\u00e1k r\u00f3mai katolikus pap \u00e9s nyelv\u00e9sz volt. 1762. okt\u00f3ber 3-\u00e1n sz\u00fcletett Slanice na Orave-ban egy paraszti csal\u00e1dban, \u00e9s 1813. janu\u00e1r 15-\u00e9n hunyt el \u00c9rsek\u00fajv\u00e1rban. 1797-t\u0151l lelk\u00e9sz volt \u00c9rsek\u00fajv\u00e1rban. Ugyanakkor itt dolgozott az \u00e9rsek\u00fajv\u00e1ri egyh\u00e1zker\u00fclet (k\u00f6rzet) d\u00e9k\u00e1njak\u00e9nt \u00e9s a v\u00e1rosi iskola \u00fcgyint\u00e9z\u0151jek\u00e9nt is. Ismert \u00e9s elismert a szlov\u00e1k nyelv els\u0151 k\u00f3dol\u00f3jak\u00e9nt, a 6 k\u00f6tetes, \u00f6tnyelv\u0171 Slow\u00e1r szerz\u0151je.<\/p>\n<p>1937-es leleplez\u00e9se \u00f3ta, a 3,5 m\u00e9ter magas bronzszobrot t\u00f6bbsz\u00f6r \u00e1thelyezt\u00e9k. 1938-ban Zsoln\u00e1ra vitt\u00e9k, 1946-ban vissza<\/p>\n<p>helyezt\u00e9k \u00c9rsek\u00fajv\u00e1rba a F\u0151t\u00e9rre, a V\u00e1rosh\u00e1z\u00e1val szemben. 1966-ban \u00e1thelyezt\u00e9k a Bernol\u00e1k Parkba, \u00e9s 2005 novembere \u00f3ta ism\u00e9t a F\u0151 t\u00e9ren \u00e1ll. A m\u0171 szerz\u0151je Jozef Posp\u00ed\u0161il akad\u00e9mikus szobr\u00e1sz.<\/p>\n<p>Forr\u00e1s \u00e9s k\u00e9p: <a href=\"https:\/\/www.novezamky.sk\">www.novezamky.sk<\/a> <\/p>\n","protected":false},"featured_media":307,"template":"","meta":{"_acf_changed":false},"tags":[],"kategoria-programov":[104],"obec":[78],"class_list":["post-1113","zaujimavost","type-zaujimavost","status-publish","has-post-thumbnail","hentry","kategoria-programov-kulturaval","obec-ersekujvar"],"acf":[],"_links":{"self":[{"href":"https:\/\/visitdanube.eu\/hu\/wp-json\/wp\/v2\/zaujimavost\/1113","targetHints":{"allow":["GET"]}}],"collection":[{"href":"https:\/\/visitdanube.eu\/hu\/wp-json\/wp\/v2\/zaujimavost"}],"about":[{"href":"https:\/\/visitdanube.eu\/hu\/wp-json\/wp\/v2\/types\/zaujimavost"}],"wp:featuredmedia":[{"embeddable":true,"href":"https:\/\/visitdanube.eu\/hu\/wp-json\/wp\/v2\/media\/307"}],"wp:attachment":[{"href":"https:\/\/visitdanube.eu\/hu\/wp-json\/wp\/v2\/media?parent=1113"}],"wp:term":[{"taxonomy":"post_tag","embeddable":true,"href":"https:\/\/visitdanube.eu\/hu\/wp-json\/wp\/v2\/tags?post=1113"},{"taxonomy":"kategoria-programov","embeddable":true,"href":"https:\/\/visitdanube.eu\/hu\/wp-json\/wp\/v2\/kategoria-programov?post=1113"},{"taxonomy":"obec","embeddable":true,"href":"https:\/\/visitdanube.eu\/hu\/wp-json\/wp\/v2\/obec?post=1113"}],"curies":[{"name":"wp","href":"https:\/\/api.w.org\/{rel}","templated":true}]}}

Anton Bernolák szobra

<p>Anton Bernolák jelentős szlovák római katolikus pap és nyelvész volt. 1762. október 3-án született Slanice na Orave-ban egy paraszti családban, és 1813. január 15-én hunyt el Érsekújvárban. 1797-től lelkész volt Érsekújvárban. Ugyanakkor itt dolgozott az érsekújvári egyházkerület (körzet) dékánjaként és a városi iskola ügyintézőjeként is. Ismert és elismert a szlovák nyelv első kódolójaként, a 6 kötetes, ötnyelvű Slowár szerzője.</p>
<p>1937-es leleplezése óta, a 3,5 méter magas bronzszobrot többször áthelyezték. 1938-ban Zsolnára vitték, 1946-ban vissza</p>
<p>helyezték Érsekújvárba a Főtérre, a Városházával szemben. 1966-ban áthelyezték a Bernolák Parkba, és 2005 novembere óta ismét a Fő téren áll. A mű szerzője Jozef Pospíšil akadémikus szobrász.</p>
<p>Forrás és kép: <a href="https://www.novezamky.sk">www.novezamky.sk</a> </p>
