{"id":1119,"date":"2026-04-10T20:42:20","date_gmt":"2026-04-10T18:42:20","guid":{"rendered":"https:\/\/visitdanube.eu\/?post_type=zaujimavost&#038;p=1119"},"modified":"2026-04-21T08:05:26","modified_gmt":"2026-04-21T06:05:26","slug":"tatarik-emil-termalstrand","status":"publish","type":"zaujimavost","link":"https:\/\/visitdanube.eu\/hu\/latvanyossag\/tatarik-emil-termalstrand\/","title":{"rendered":"Tat\u00e1rik Emil strand &#8211; term\u00e1lf\u00fcrd\u0151"},"content":{"rendered":"<p>Az \u00e9rsek\u00fajv\u00e1ri Tat\u00e1rik Emil strand sokf\u00e9le szabadid\u0151s lehet\u0151s\u00e9get k\u00edn\u00e1l l\u00e1togat\u00f3inak. A komplexum bej\u00e1rata fah\u00eddon kereszt\u00fcl \u00e9rhet\u0151 el, amelyet a Nyitra foly\u00f3 egykori malomhajt\u00e1sa felett \u00e9p\u00edtettek. A v\u00e1ros sz\u00e9l\u00e9n a l\u00e1togat\u00f3k megtal\u00e1lj\u00e1k a j\u00f3l felszerelt Strand &#8211; term\u00e1lf\u00fcrd\u0151t. Nyolc hekt\u00e1ros ter\u00fcleten 9 medence tal\u00e1lhat\u00f3. Az \u00fasz\u00f3medence m\u00e9rete 50 x 21 m\u00e9ter. A medence m\u00e9lys\u00e9ge 1,10 \u00e9s 2 m k\u00f6z\u00f6tt mozog. A v\u00edz h\u0151m\u00e9rs\u00e9klete 26-28 \u00b0 C. A kev\u00e9sb\u00e9 gyakorlott \u00fasz\u00f3kat egy m\u00e1sik medence v\u00e1rja, amely 25 m\u00e9ter hossz\u00fa \u00e9s 12,5 m\u00e9ter sz\u00e9les. A v\u00edz 1,5 m m\u00e9ly \u00e9s 28-30 \u00b0 C h\u0151m\u00e9rs\u00e9klet\u0171.<\/p>\n<p>A ter\u00fclet egy\u00e9b szabadid\u0151s lehet\u0151s\u00e9geket is k\u00edn\u00e1l, a l\u00e1togat\u00f3k \u00e9rdekl\u0151d\u00e9s\u00e9nek megfelel\u0151en a sport \u00e9s a j\u00e1tsz\u00f3terek ter\u00fclet\u00e9n. A l\u00e1tnival\u00f3k k\u00f6z\u00e9 tartozik a asztalitenisz, egy mini golfp\u00e1lya 18 figur\u00e1val, kos\u00e1rlabda- \u00e9s r\u00f6plabdap\u00e1ly\u00e1k, petang p\u00e1lya, \u00f3ri\u00e1s sakk. A strand szerves r\u00e9sz\u00e9t k\u00e9pezik a modern b\u00fcf\u00e9 jelleg\u0171 vend\u00e9gl\u00e1t\u00f3-ipari l\u00e9tes\u00edtm\u00e9nyek, zuhanyz\u00f3k \u00e9s eg\u00e9szs\u00e9g\u00fcgyi l\u00e9tes\u00edtm\u00e9nyek, sz\u00e9f, \u00f6lt\u00f6z\u0151k, sporteszk\u00f6z-k\u00f6lcs\u00f6nz\u0151 \u00e9s 32 \u00e1gyas sz\u00e1ll\u00e1shely.<br \/>Forr\u00e1s: <a href=\"https:\/\/www.strand.sk\/termalne-kupalisko\">https:\/\/www.strand.sk\/termalne-kupalisko<\/a><\/p>\n","protected":false},"featured_media":312,"template":"","meta":{"_acf_changed":false},"tags":[95,99],"kategoria-programov":[106,105],"obec":[78],"class_list":["post-1119","zaujimavost","type-zaujimavost","status-publish","has-post-thumbnail","hentry","tag-strand","tag-termalfurdo","kategoria-programov-csaladdal","kategoria-programov-pihenve","obec-ersekujvar"],"acf":[],"_links":{"self":[{"href":"https:\/\/visitdanube.eu\/hu\/wp-json\/wp\/v2\/zaujimavost\/1119","targetHints":{"allow":["GET"]}}],"collection":[{"href":"https:\/\/visitdanube.eu\/hu\/wp-json\/wp\/v2\/zaujimavost"}],"about":[{"href":"https:\/\/visitdanube.eu\/hu\/wp-json\/wp\/v2\/types\/zaujimavost"}],"wp:featuredmedia":[{"embeddable":true,"href":"https:\/\/visitdanube.eu\/hu\/wp-json\/wp\/v2\/media\/312"}],"wp:attachment":[{"href":"https:\/\/visitdanube.eu\/hu\/wp-json\/wp\/v2\/media?parent=1119"}],"wp:term":[{"taxonomy":"post_tag","embeddable":true,"href":"https:\/\/visitdanube.eu\/hu\/wp-json\/wp\/v2\/tags?post=1119"},{"taxonomy":"kategoria-programov","embeddable":true,"href":"https:\/\/visitdanube.eu\/hu\/wp-json\/wp\/v2\/kategoria-programov?post=1119"},{"taxonomy":"obec","embeddable":true,"href":"https:\/\/visitdanube.eu\/hu\/wp-json\/wp\/v2\/obec?post=1119"}],"curies":[{"name":"wp","href":"https:\/\/api.w.org\/{rel}","templated":true}]}}

Tatárik Emil strand &#8211; termálfürdő

<p>Az érsekújvári Tatárik Emil strand sokféle szabadidős lehetőséget kínál látogatóinak. A komplexum bejárata fahídon keresztül érhető el, amelyet a Nyitra folyó egykori malomhajtása felett építettek. A város szélén a látogatók megtalálják a jól felszerelt Strand &#8211; termálfürdőt. Nyolc hektáros területen 9 medence található. Az úszómedence mérete 50 x 21 méter. A medence mélysége 1,10 és 2 m között mozog. A víz hőmérséklete 26-28 ° C. A kevésbé gyakorlott úszókat egy másik medence várja, amely 25 méter hosszú és 12,5 méter széles. A víz 1,5 m mély és 28-30 ° C hőmérsékletű.</p>
<p>A terület egyéb szabadidős lehetőségeket is kínál, a látogatók érdeklődésének megfelelően a sport és a játszóterek területén. A látnivalók közé tartozik a asztalitenisz, egy mini golfpálya 18 figurával, kosárlabda- és röplabdapályák, petang pálya, óriás sakk. A strand szerves részét képezik a modern büfé jellegű vendéglátó-ipari létesítmények, zuhanyzók és egészségügyi létesítmények, széf, öltözők, sporteszköz-kölcsönző és 32 ágyas szálláshely.<br />Forrás: <a href="https://www.strand.sk/termalne-kupalisko">https://www.strand.sk/termalne-kupalisko</a></p>
