{"id":1120,"date":"2026-04-10T20:42:35","date_gmt":"2026-04-10T18:42:35","guid":{"rendered":"https:\/\/visitdanube.eu\/?post_type=zaujimavost&#038;p=1120"},"modified":"2026-04-21T08:06:35","modified_gmt":"2026-04-21T06:06:35","slug":"zsinagoga","status":"publish","type":"zaujimavost","link":"https:\/\/visitdanube.eu\/hu\/latvanyossag\/zsinagoga\/","title":{"rendered":"Zsinag\u00f3ga"},"content":{"rendered":"<p>A zsid\u00f3 k\u00f6z\u00f6ss\u00e9g \u00c9rsek\u00fajv\u00e1rban telepedett le a 19. sz\u00e1zadban. 1859-<br \/>\n1863 k\u00f6z\u00f6tt zsid\u00f3 vall\u00e1s\u00fa k\u00f6z\u00f6ss\u00e9g meg\u00e9p\u00edtette els\u0151 zsinag\u00f3g\u00e1j\u00e1t.<br \/>\n1885-ben \u00e9p\u00fclt<br \/>\na m\u00e1sodik, az ortodox zsinag\u00f3ga.<br \/>\nAz 1938-as holokauszt el\u0151tt<br \/>\n2800 zsid\u00f3 \u00e9lt a v\u00e1rosban. 1944-ben l\u00e9trehoztak egy gett\u00f3t, 1944. j\u00fanius 11-\u00e9n \u00e9s 14-\u00e9n a zsid\u00f3k k\u00e9t csoportban voltak<br \/>\na Auschwitzba deport\u00e1lva. Az elhurcoltak k\u00f6z\u00fcl 287-en \u00e9lt\u00e9k t\u00fal a holokausztot, csak minden tizedik ember maradt \u00e9letben. A neol\u00f3giai st\u00edlus\u00fa zsinag\u00f3ga a h\u00e1bor\u00fas bomb\u00e1z\u00e1sok sor\u00e1n megs\u00e9r\u00fclt, majd lebontott\u00e1k.<br \/>\nA napjainkig fennmaradt ortodox zsinag\u00f3ga egyszintes t\u00e9glalap alaprajz\u00fa,<br \/>\nkarzattal. A szomsz\u00e9ds\u00e1g\u00e1ban egy volt iskola tal\u00e1lhat\u00f3, amelyet jelenleg k\u00f6z\u00f6ss\u00e9gi k\u00f6zpontk\u00e9nt haszn\u00e1lnak. A zsinag\u00f3g\u00e1ban \u00e9s annak ter\u00fclet\u00e9n t\u00f6bb holokauszt-eml\u00e9km\u0171 tal\u00e1lhat\u00f3.<\/p>\n<p>Nyitva tart\u00e1s: <\/p>\n<p>Csoportos \u00e9s egy\u00e9ni l\u00e1togat\u00e1sok<br \/>\nelegend\u0151 id\u0151vel el\u0151re meg lehet \u00e1llapodni<br \/>\nel\u0151re a Turisztikai Inform\u00e1ci\u00f3s Irod\u00e1ban (a H\u00e1zban)<br \/>\nkult\u00fara a F\u0151 t\u00e9ren) vagy e-mailben.<\/p>\n<p>Forr\u00e1s: <a href=\"https:\/\/www.novezamky.sk\/\">www.novezamky.sk<\/a><\/p>\n","protected":false},"featured_media":313,"template":"","meta":{"_acf_changed":false},"tags":[],"kategoria-programov":[104],"obec":[78],"class_list":["post-1120","zaujimavost","type-zaujimavost","status-publish","has-post-thumbnail","hentry","kategoria-programov-kulturaval","obec-ersekujvar"],"acf":[],"_links":{"self":[{"href":"https:\/\/visitdanube.eu\/hu\/wp-json\/wp\/v2\/zaujimavost\/1120","targetHints":{"allow":["GET"]}}],"collection":[{"href":"https:\/\/visitdanube.eu\/hu\/wp-json\/wp\/v2\/zaujimavost"}],"about":[{"href":"https:\/\/visitdanube.eu\/hu\/wp-json\/wp\/v2\/types\/zaujimavost"}],"wp:featuredmedia":[{"embeddable":true,"href":"https:\/\/visitdanube.eu\/hu\/wp-json\/wp\/v2\/media\/313"}],"wp:attachment":[{"href":"https:\/\/visitdanube.eu\/hu\/wp-json\/wp\/v2\/media?parent=1120"}],"wp:term":[{"taxonomy":"post_tag","embeddable":true,"href":"https:\/\/visitdanube.eu\/hu\/wp-json\/wp\/v2\/tags?post=1120"},{"taxonomy":"kategoria-programov","embeddable":true,"href":"https:\/\/visitdanube.eu\/hu\/wp-json\/wp\/v2\/kategoria-programov?post=1120"},{"taxonomy":"obec","embeddable":true,"href":"https:\/\/visitdanube.eu\/hu\/wp-json\/wp\/v2\/obec?post=1120"}],"curies":[{"name":"wp","href":"https:\/\/api.w.org\/{rel}","templated":true}]}}

Zsinagóga

<p>A zsidó közösség Érsekújvárban telepedett le a 19. században. 1859-<br />
1863 között zsidó vallású közösség megépítette első zsinagógáját.<br />
1885-ben épült<br />
a második, az ortodox zsinagóga.<br />
Az 1938-as holokauszt előtt<br />
2800 zsidó élt a városban. 1944-ben létrehoztak egy gettót, 1944. június 11-én és 14-én a zsidók két csoportban voltak<br />
a Auschwitzba deportálva. Az elhurcoltak közül 287-en élték túl a holokausztot, csak minden tizedik ember maradt életben. A neológiai stílusú zsinagóga a háborús bombázások során megsérült, majd lebontották.<br />
A napjainkig fennmaradt ortodox zsinagóga egyszintes téglalap alaprajzú,<br />
karzattal. A szomszédságában egy volt iskola található, amelyet jelenleg közösségi központként használnak. A zsinagógában és annak területén több holokauszt-emlékmű található.</p>
<p>Nyitva tartás: </p>
<p>Csoportos és egyéni látogatások<br />
elegendő idővel előre meg lehet állapodni<br />
előre a Turisztikai Információs Irodában (a Házban)<br />
kultúra a Fő téren) vagy e-mailben.</p>
<p>Forrás: <a href="https://www.novezamky.sk/">www.novezamky.sk</a></p>
