{"id":1121,"date":"2026-04-10T20:42:40","date_gmt":"2026-04-10T18:42:40","guid":{"rendered":"https:\/\/visitdanube.eu\/?post_type=zaujimavost&#038;p=1121"},"modified":"2026-04-21T08:06:44","modified_gmt":"2026-04-21T06:06:44","slug":"kalvaria","status":"publish","type":"zaujimavost","link":"https:\/\/visitdanube.eu\/hu\/latvanyossag\/kalvaria\/","title":{"rendered":"K\u00e1lv\u00e1ria"},"content":{"rendered":"<p>A K\u00e1lv\u00e1ria 1779-ben \u00e9p\u00fclt a Forg\u00e1ch b\u00e1sty\u00e1ja t\u00f6lt\u00e9s\u00e9n a hatsz\u00f6glet\u0171 er\u0151d\u00edtm\u00e9ny cs\u00facs\u00e1n.<br \/>\nMartin Predmerzsky lelk\u00e9sz alap\u00edtotta. A k\u00f6rny\u00e9ken tizenk\u00e9t szimmetrikusan elosztott k\u00e1polna, kereszt \u00e9s szobrok vannak elhelyezve, melyek neobarokk st\u00edlusban lettek megalkotva. Az 1923-ban \u00e9p\u00fclt kaput\u00f3l k\u0151l\u00e9pcs\u0151k vezetnek a Golgota felfel\u00e9. M\u00f6g\u00f6tte a H\u00e9t F\u00e1jdalmas Sz\u0171z M\u00e1ria k\u00e1polna \u00e9s Isten s\u00edrja k\u00e1polna tal\u00e1lhat\u00f3. 2011-ben eml\u00e9kt\u00e1bl\u00e1t lepleztek le a komplexum bej\u00e1rat\u00e1n\u00e1l, Forg\u00e1ch \u00c1d\u00e1m sz\u00e1zados eml\u00e9k\u00e9re (\u00fajv\u00e1ri kapit\u00e1nynak). 1963 \u00f3ta K\u00e1lv\u00e1ria<br \/>\nbejegyezt\u00e9k a nemzeti kultur\u00e1lis eml\u00e9kek jegyz\u00e9k\u00e9be.<\/p>\n<p>Nyitvatart\u00e1si id\u0151: <\/p>\n<p>Ny\u00e1ri id\u0151: m\u00e1jus 1. &#8211; szeptember 30. naponta 8:00 \u00e9s 20:00 \u00f3ra k\u00f6z\u00f6tt <\/p>\n<p>T\u00e9li id\u0151: okt\u00f3ber 1. &#8211; \u00e1prilis 30. naponta 8:00 \u00e9s 16:00 k\u00f6z\u00f6tt<\/p>\n<p>Forr\u00e1s \u00e9s k\u00e9p: <a href=\"https:\/\/www.novezamky.sk\/\">https:\/\/www.novezamky.sk\/<\/a><\/p>\n","protected":false},"featured_media":314,"template":"","meta":{"_acf_changed":false},"tags":[],"kategoria-programov":[104],"obec":[78],"class_list":["post-1121","zaujimavost","type-zaujimavost","status-publish","has-post-thumbnail","hentry","kategoria-programov-kulturaval","obec-ersekujvar"],"acf":[],"_links":{"self":[{"href":"https:\/\/visitdanube.eu\/hu\/wp-json\/wp\/v2\/zaujimavost\/1121","targetHints":{"allow":["GET"]}}],"collection":[{"href":"https:\/\/visitdanube.eu\/hu\/wp-json\/wp\/v2\/zaujimavost"}],"about":[{"href":"https:\/\/visitdanube.eu\/hu\/wp-json\/wp\/v2\/types\/zaujimavost"}],"wp:featuredmedia":[{"embeddable":true,"href":"https:\/\/visitdanube.eu\/hu\/wp-json\/wp\/v2\/media\/314"}],"wp:attachment":[{"href":"https:\/\/visitdanube.eu\/hu\/wp-json\/wp\/v2\/media?parent=1121"}],"wp:term":[{"taxonomy":"post_tag","embeddable":true,"href":"https:\/\/visitdanube.eu\/hu\/wp-json\/wp\/v2\/tags?post=1121"},{"taxonomy":"kategoria-programov","embeddable":true,"href":"https:\/\/visitdanube.eu\/hu\/wp-json\/wp\/v2\/kategoria-programov?post=1121"},{"taxonomy":"obec","embeddable":true,"href":"https:\/\/visitdanube.eu\/hu\/wp-json\/wp\/v2\/obec?post=1121"}],"curies":[{"name":"wp","href":"https:\/\/api.w.org\/{rel}","templated":true}]}}

Kálvária

<p>A Kálvária 1779-ben épült a Forgách bástyája töltésén a hatszögletű erődítmény csúcsán.<br />
Martin Predmerzsky lelkész alapította. A környéken tizenkét szimmetrikusan elosztott kápolna, kereszt és szobrok vannak elhelyezve, melyek neobarokk stílusban lettek megalkotva. Az 1923-ban épült kaputól kőlépcsők vezetnek a Golgota felfelé. Mögötte a Hét Fájdalmas Szűz Mária kápolna és Isten sírja kápolna található. 2011-ben emléktáblát lepleztek le a komplexum bejáratánál, Forgách Ádám százados emlékére (újvári kapitánynak). 1963 óta Kálvária<br />
bejegyezték a nemzeti kulturális emlékek jegyzékébe.</p>
<p>Nyitvatartási idő: </p>
<p>Nyári idő: május 1. &#8211; szeptember 30. naponta 8:00 és 20:00 óra között </p>
<p>Téli idő: október 1. &#8211; április 30. naponta 8:00 és 16:00 között</p>
<p>Forrás és kép: <a href="https://www.novezamky.sk/">https://www.novezamky.sk/</a></p>
