{"id":1123,"date":"2026-04-10T20:42:48","date_gmt":"2026-04-10T18:42:48","guid":{"rendered":"https:\/\/visitdanube.eu\/?post_type=zaujimavost&#038;p=1123"},"modified":"2026-04-21T08:07:15","modified_gmt":"2026-04-21T06:07:15","slug":"lovarda","status":"publish","type":"zaujimavost","link":"https:\/\/visitdanube.eu\/hu\/latvanyossag\/lovarda\/","title":{"rendered":"Lovarda"},"content":{"rendered":"<p>A lovarda \u00e9p\u00fclete az egykori katonai laktanya ter\u00fclet\u00e9n tal\u00e1lhat\u00f3. Szlov\u00e1kia nemzeti eml\u00e9keinek nyilv\u00e1ntart\u00e1s\u00e1ban &#8222;M\u00e1ria Ter\u00e9zia laktany\u00e1ja&#8221; n\u00e9ven szerepel.<\/p>\n<p>A komplexum val\u00f3sz\u00edn\u0171leg a 18. sz\u00e1zad utols\u00f3 harmad\u00e1ban \u00e9p\u00fclt. A laktanya a klasszicista st\u00edlusban \u00e9p\u00fclt, a mai napig meg\u0151rizt\u00e9k \u00e9p\u00edt\u00e9szeti adotts\u00e1gaikat. Az \u00e9p\u00fclt komplexum bej\u00e1rati kapuja szint\u00e9n t\u00f6rt\u00e9nelmi \u00e9rt\u00e9kkel b\u00edr. A 20. sz\u00e1zad els\u0151 \u00e9vtizedeiben a laktanya katonai lovard\u00e1val gazdagodott. Az eml\u00edtett nyilv\u00e1ntart\u00e1sban &#8222;R\u00e9gi husz\u00e1r lovasiskola&#8221; n\u00e9ven jelenik meg. 1968 ut\u00e1n a szovjet katon\u00e1kat \u00e1thelyezt\u00e9k erre a ter\u00fcletre. Az 1989-es forradalom ut\u00e1n a laktany\u00e1t elhagyt\u00e1k, \u00e9s az \u00e9p\u00fclet a v\u00e1ros tulajdon\u00e1ba ker\u00fclt.<\/p>\n<p>2006-ban a v\u00e1ros ind\u00edtv\u00e1nyt ny\u00fajtott be a m\u0171eml\u00e9kv\u00e9delmi irod\u00e1hoz, hogy a lovarda \u00e9p\u00fclet\u00e9t bejegyezz\u00e9k a m\u0171eml\u00e9kek k\u00f6zponti list\u00e1j\u00e1ba. A Szlov\u00e1k K\u00f6zt\u00e1rsas\u00e1g M\u0171eml\u00e9kv\u00e9delmi irod\u00e1j\u00e1nak kivonata szerint 2007. augusztus 8-\u00e1n a lovarda \u00e9p\u00fclet\u00e9t kultur\u00e1lis m\u0171eml\u00e9kk\u00e9 nyilv\u00e1n\u00edtott\u00e1k.<br \/>Ez az egyetlen ilyen jelleg\u0171 objektum a Szlov\u00e1k K\u00f6zt\u00e1rsas\u00e1g ter\u00fclet\u00e9n. Egyedi tet\u0151szerkezet\u0171, kombin\u00e1lt fa-ac\u00e9l rendszer\u0171, sz\u00e9less\u00e9ge 22 m\u00e9ter, hossza 70 m\u00e9ter. <\/p>\n<p>A projekt r\u00e9sztvev\u0151i fontosnak tartott\u00e1k a lovarda \u00e9rt\u00e9k\u00e9nek meg\u0151rz\u00e9s\u00e9t.A projekt f\u0151 gondolata, \u00e9s \u00edgy az \u00e9p\u00fclet rekonstrukci\u00f3j\u00e1nak \u00e9s \u00e1talak\u00edt\u00e1s\u00e1nak megtervez\u00e9se a m\u0171eml\u00e9kek meg\u0151rz\u00e9se, valamint fizikai meg\u0151rz\u00e9se volt, az \u00e9p\u00fclet kultur\u00e1lis c\u00e9l\u00fa \u00faj funkcion\u00e1lis felhaszn\u00e1l\u00e1sa sor\u00e1n.<\/p>\n<p>\u00c9rsek\u00fajv\u00e1r bomb\u00e1z\u00e1sa sor\u00e1n a m\u00e1sodik vil\u00e1gh\u00e1bor\u00fa v\u00e9g\u00e9n a v\u00e1ros t\u00f6rt\u00e9nelmi \u00e9p\u00fcleteinek nagy r\u00e9sze megsemmis\u00fclt. A cs\u00e1sz\u00e1ri-kir\u00e1lyi lovarda azon kev\u00e9s \u00e9p\u00fcletek egyike, amely a mai napig \u00e1llva maradt.<br \/>A t\u00f6rt\u00e9nelmi lovard\u00e1b\u00f3l kin\u0151tt egy kultur\u00e1lis stand, amely kultur\u00e1lis, t\u00e1rsadalmi \u00e9s oktat\u00e1si tev\u00e9kenys\u00e9geket szolg\u00e1l.<\/p>\n<p><\/p>\n<p>Forr\u00e1s: <a href=\"https:\/\/www.novovital.sk\/jazdiaren\">https:\/\/www.novovital.sk\/jazdiaren<\/a><\/p>\n","protected":false},"featured_media":316,"template":"","meta":{"_acf_changed":false},"tags":[],"kategoria-programov":[103,106],"obec":[78],"class_list":["post-1123","zaujimavost","type-zaujimavost","status-publish","has-post-thumbnail","hentry","kategoria-programov-aktivan","kategoria-programov-csaladdal","obec-ersekujvar"],"acf":[],"_links":{"self":[{"href":"https:\/\/visitdanube.eu\/hu\/wp-json\/wp\/v2\/zaujimavost\/1123","targetHints":{"allow":["GET"]}}],"collection":[{"href":"https:\/\/visitdanube.eu\/hu\/wp-json\/wp\/v2\/zaujimavost"}],"about":[{"href":"https:\/\/visitdanube.eu\/hu\/wp-json\/wp\/v2\/types\/zaujimavost"}],"wp:featuredmedia":[{"embeddable":true,"href":"https:\/\/visitdanube.eu\/hu\/wp-json\/wp\/v2\/media\/316"}],"wp:attachment":[{"href":"https:\/\/visitdanube.eu\/hu\/wp-json\/wp\/v2\/media?parent=1123"}],"wp:term":[{"taxonomy":"post_tag","embeddable":true,"href":"https:\/\/visitdanube.eu\/hu\/wp-json\/wp\/v2\/tags?post=1123"},{"taxonomy":"kategoria-programov","embeddable":true,"href":"https:\/\/visitdanube.eu\/hu\/wp-json\/wp\/v2\/kategoria-programov?post=1123"},{"taxonomy":"obec","embeddable":true,"href":"https:\/\/visitdanube.eu\/hu\/wp-json\/wp\/v2\/obec?post=1123"}],"curies":[{"name":"wp","href":"https:\/\/api.w.org\/{rel}","templated":true}]}}

<p>A lovarda épülete az egykori katonai laktanya területén található. Szlovákia nemzeti emlékeinek nyilvántartásában &#8222;Mária Terézia laktanyája&#8221; néven szerepel.</p>
<p>A komplexum valószínűleg a 18. század utolsó harmadában épült. A laktanya a klasszicista stílusban épült, a mai napig megőrizték építészeti adottságaikat. Az épült komplexum bejárati kapuja szintén történelmi értékkel bír. A 20. század első évtizedeiben a laktanya katonai lovardával gazdagodott. Az említett nyilvántartásban &#8222;Régi huszár lovasiskola&#8221; néven jelenik meg. 1968 után a szovjet katonákat áthelyezték erre a területre. Az 1989-es forradalom után a laktanyát elhagyták, és az épület a város tulajdonába került.</p>
<p>2006-ban a város indítványt nyújtott be a műemlékvédelmi irodához, hogy a lovarda épületét bejegyezzék a műemlékek központi listájába. A Szlovák Köztársaság Műemlékvédelmi irodájának kivonata szerint 2007. augusztus 8-án a lovarda épületét kulturális műemlékké nyilvánították.<br />Ez az egyetlen ilyen jellegű objektum a Szlovák Köztársaság területén. Egyedi tetőszerkezetű, kombinált fa-acél rendszerű, szélessége 22 méter, hossza 70 méter. </p>
<p>A projekt résztvevői fontosnak tartották a lovarda értékének megőrzését.A projekt fő gondolata, és így az épület rekonstrukciójának és átalakításának megtervezése a műemlékek megőrzése, valamint fizikai megőrzése volt, az épület kulturális célú új funkcionális felhasználása során.</p>
<p>Érsekújvár bombázása során a második világháború végén a város történelmi épületeinek nagy része megsemmisült. A császári-királyi lovarda azon kevés épületek egyike, amely a mai napig állva maradt.<br />A történelmi lovardából kinőtt egy kulturális stand, amely kulturális, társadalmi és oktatási tevékenységeket szolgál.</p>
<p></p>
<p>Forrás: <a href="https://www.novovital.sk/jazdiaren">https://www.novovital.sk/jazdiaren</a></p>
