{"id":1131,"date":"2026-04-10T20:43:11","date_gmt":"2026-04-10T18:43:11","guid":{"rendered":"https:\/\/visitdanube.eu\/?post_type=zaujimavost&#038;p=1131"},"modified":"2026-04-21T08:07:44","modified_gmt":"2026-04-21T06:07:44","slug":"ernest-zmetak-muveszeti-galeria","status":"publish","type":"zaujimavost","link":"https:\/\/visitdanube.eu\/hu\/latvanyossag\/ernest-zmetak-muveszeti-galeria\/","title":{"rendered":"Ernest Zmet\u00e1k M\u0171v\u00e9szeti Gal\u00e9ria"},"content":{"rendered":"<p>Az Ernest Zmet\u00e1k M\u0171v\u00e9szeti Gal\u00e9ria, \u00c9rsek\u00fajv\u00e1r a v\u00e1ros sz\u00fcl\u00f6ttje, Ernest Zmet\u00e1k fest\u0151m\u0171v\u00e9sz kezdem\u00e9nyez\u00e9s\u00e9re j\u00f6tt l\u00e9tre 1979. janu\u00e1r 1-j\u00e9n. Els\u0151 adminisztrat\u00edv \u00e9s ki\u00e1ll\u00edt\u00e1si sz\u00e9khelye a Predn\u00e1dra\u017eie Szolg\u00e1ltat\u00e1sok H\u00e1z\u00e1ban volt, \u00c9rsek\u00fajv\u00e1rott a buszp\u00e1lyaudvar k\u00f6zel\u00e9ben. Ezt k\u00f6vet\u0151en siker\u00fclt megszerezni a V\u00e1rosi Nemzeti Bizotts\u00e1g \u00e9p\u00fclet\u00e9nek h\u00e1ts\u00f3 sz\u00e1rny\u00e1ban tal\u00e1lhat\u00f3 helyis\u00e9geket, ahol a helyis\u00e9gek rekonstrukci\u00f3ja \u00e9s a gal\u00e9ri\u00e1nak megfelel\u0151 \u00e1talak\u00edt\u00e1sok ut\u00e1n, 1980. november 21-\u00e9n megnyitottuk a \u201eXVI. &#8211; XX. Sz\u00e1zadi eur\u00f3pai m\u0171v\u00e9szet&#8221; c. \u00e1lland\u00f3 ki\u00e1ll\u00edt\u00e1s\u00e1t, Ernest Zmet\u00e1k \u00e9s Danica Zmet\u00e1kov\u00e1 adom\u00e1nyaib\u00f3l. Ezut\u00e1n az adminisztr\u00e1ci\u00f3s helyis\u00e9gek is ide ker\u00fcltek, majd 1986-ban, miut\u00e1n \u00e1tvett\u00fck Kass\u00e1k Kl\u00e1ra aj\u00e1nd\u00e9k\u00e1t, itt l\u00e9tes\u00fclt a \u201eKass\u00e1k Lajos eml\u00e9kterem&#8221;. A gal\u00e9ria ki\u00e1ll\u00edt\u00e1si tev\u00e9kenys\u00e9geit a Predn\u00e1dra\u017eie ki\u00e1ll\u00edt\u00e1si csarnokban (1979-1991), a BAR-Oko ki\u00e1ll\u00edt\u00f3teremben (1992-1993) \u00e9s a N\u00e1bre\u017eie Kult\u00farh\u00e1zban (1993 &#8211; 2004) val\u00f3s\u00edtotta meg. 2003-ban a gal\u00e9ria megszerezte saj\u00e1t \u00e9p\u00fclet\u00e9t a Bj\u00f6rnson utc\u00e1ban, ahov\u00e1 m\u00e9g ebben az \u00e9vben \u00e1tk\u00f6lt\u00f6z\u00f6tt az adminisztr\u00e1ci\u00f3s r\u00e9szleg is. 2004 janu\u00e1rj\u00e1ban megny\u00edltak a ki\u00e1ll\u00edt\u00f3termek, m\u00e1rciusban a \u201eKass\u00e1k Lajos \u00e1lland\u00f3 ki\u00e1ll\u00edt\u00e1s&#8221;, majd j\u00faniusban pedig a \u201eXVI. &#8211; XX. Sz\u00e1zadi eur\u00f3pai m\u0171v\u00e9szet&#8221; c. \u00e1lland\u00f3 ki\u00e1ll\u00edt\u00e1s, Ernest Zmet\u00e1k \u00e9s Danica Zmet\u00e1kov\u00e1 adom\u00e1nyaib\u00f3l. Ekkort\u00f3l koncentr\u00e1l\u00f3dott el\u0151sz\u00f6r minden gal\u00e9ria tev\u00e9kenys\u00e9g egy \u00e9p\u00fcletbe. 2006-ban kib\u0151v\u00fclt az aktu\u00e1lis ki\u00e1ll\u00edt\u00e1sok tere az udvari hozz\u00e1\u00e9p\u00edt\u00e9ssel \u00e9s az alagsor m\u00f3dos\u00edt\u00e1s\u00e1val. A 2013-ban v\u00e9grehajtott \u00fajabb \u00e9p\u00edt\u00e9szeti beavatkoz\u00e1s eredm\u00e9nyek\u00e9nt a tet\u0151t\u00e9r ker\u00fclt be\u00e9p\u00edt\u00e9sre (ROP-alap), mely \u00edgy t\u00e1gas multifunkcion\u00e1lis teret biztos\u00edt koncertek, el\u0151ad\u00e1sok, megbesz\u00e9l\u00e9sek, alkot\u00f3m\u0171helyek, film- \u00e9s sz\u00ednh\u00e1zi el\u0151ad\u00e1sok sz\u00e1m\u00e1ra. <\/p>\n<p>Az \u00e1lland\u00f3 ki\u00e1ll\u00edt\u00e1sok mellett gal\u00e9ri\u00e1nk rendszeresen k\u00e9sz\u00edt bemutat\u00f3kat a 20. \u00e9s a 21. sz\u00e1zadi m\u0171v\u00e9szetekb\u0151l a szlov\u00e1k, magyar \u00e9s cseh sz\u00ednt\u00e9rre \u00f6sszpontos\u00edtva, valamint a Zmet\u00e1k-h\u00e1zasp\u00e1r gy\u0171jtem\u00e9ny\u00e9b\u0151l is. A gal\u00e9ria ikonikus projektje a &#8222;PERTU&#8221; projekt, mely 1993-ban j\u00f6tt l\u00e9tre, \u00e9s eredeti, t\u00e1gabb f\u00f3kusza t\u00f6bbnyire a 20. sz\u00e1zad m\u00e1sodik fel\u00e9ben alkot\u00f3 szlov\u00e1k \u00e9s magyar m\u0171v\u00e9szek munk\u00e1j\u00e1nak \u00f6sszehasonl\u00edt\u00e1s\u00e1ban krist\u00e1lyosodott ki. A projekt 12 \u00e9ve sikeresen m\u0171k\u00f6dik, s ezalatt 28 m\u0171v\u00e9sz munk\u00e1it mutatta be. A ki\u00e1ll\u00edt\u00e1si dramaturgia r\u00e9sze a r\u00e9gi\u00f3 fiatal m\u0171v\u00e9szeinek bemutat\u00e1sa, akik igyekeznek megalapozni hely\u00fcket a szlov\u00e1k m\u0171v\u00e9szeti sz\u00ednt\u00e9ren.<\/p>\n<p>Forr\u00e1s: <a href=\"http:\/\/www.gueznz.eu\/mg\/o-nas\/single\/1\">http:\/\/www.gueznz.eu\/mg\/o-nas\/single\/1<\/a><\/p>\n<p>K\u00e9p: <a href=\"https:\/\/www.novezamky.sk\/vismo\/galerie2.asp?p1=32271&#038;id_galerie=1207&#038;n=nase%2Dmesto&#038;pocet=24&#038;stranka=2\">https:\/\/www.novezamky.sk\/<\/a><\/p>\n","protected":false},"featured_media":317,"template":"","meta":{"_acf_changed":false},"tags":[89,97],"kategoria-programov":[104],"obec":[78],"class_list":["post-1131","zaujimavost","type-zaujimavost","status-publish","has-post-thumbnail","hentry","tag-galeria","tag-muzeum","kategoria-programov-kulturaval","obec-ersekujvar"],"acf":[],"_links":{"self":[{"href":"https:\/\/visitdanube.eu\/hu\/wp-json\/wp\/v2\/zaujimavost\/1131","targetHints":{"allow":["GET"]}}],"collection":[{"href":"https:\/\/visitdanube.eu\/hu\/wp-json\/wp\/v2\/zaujimavost"}],"about":[{"href":"https:\/\/visitdanube.eu\/hu\/wp-json\/wp\/v2\/types\/zaujimavost"}],"wp:featuredmedia":[{"embeddable":true,"href":"https:\/\/visitdanube.eu\/hu\/wp-json\/wp\/v2\/media\/317"}],"wp:attachment":[{"href":"https:\/\/visitdanube.eu\/hu\/wp-json\/wp\/v2\/media?parent=1131"}],"wp:term":[{"taxonomy":"post_tag","embeddable":true,"href":"https:\/\/visitdanube.eu\/hu\/wp-json\/wp\/v2\/tags?post=1131"},{"taxonomy":"kategoria-programov","embeddable":true,"href":"https:\/\/visitdanube.eu\/hu\/wp-json\/wp\/v2\/kategoria-programov?post=1131"},{"taxonomy":"obec","embeddable":true,"href":"https:\/\/visitdanube.eu\/hu\/wp-json\/wp\/v2\/obec?post=1131"}],"curies":[{"name":"wp","href":"https:\/\/api.w.org\/{rel}","templated":true}]}}

Ernest Zmeták Művészeti Galéria

<p>Az Ernest Zmeták Művészeti Galéria, Érsekújvár a város szülöttje, Ernest Zmeták festőművész kezdeményezésére jött létre 1979. január 1-jén. Első adminisztratív és kiállítási székhelye a Prednádražie Szolgáltatások Házában volt, Érsekújvárott a buszpályaudvar közelében. Ezt követően sikerült megszerezni a Városi Nemzeti Bizottság épületének hátsó szárnyában található helyiségeket, ahol a helyiségek rekonstrukciója és a galériának megfelelő átalakítások után, 1980. november 21-én megnyitottuk a „XVI. &#8211; XX. Századi európai művészet&#8221; c. állandó kiállítását, Ernest Zmeták és Danica Zmetáková adományaiból. Ezután az adminisztrációs helyiségek is ide kerültek, majd 1986-ban, miután átvettük Kassák Klára ajándékát, itt létesült a „Kassák Lajos emlékterem&#8221;. A galéria kiállítási tevékenységeit a Prednádražie kiállítási csarnokban (1979-1991), a BAR-Oko kiállítóteremben (1992-1993) és a Nábrežie Kultúrházban (1993 &#8211; 2004) valósította meg. 2003-ban a galéria megszerezte saját épületét a Björnson utcában, ahová még ebben az évben átköltözött az adminisztrációs részleg is. 2004 januárjában megnyíltak a kiállítótermek, márciusban a „Kassák Lajos állandó kiállítás&#8221;, majd júniusban pedig a „XVI. &#8211; XX. Századi európai művészet&#8221; c. állandó kiállítás, Ernest Zmeták és Danica Zmetáková adományaiból. Ekkortól koncentrálódott először minden galéria tevékenység egy épületbe. 2006-ban kibővült az aktuális kiállítások tere az udvari hozzáépítéssel és az alagsor módosításával. A 2013-ban végrehajtott újabb építészeti beavatkozás eredményeként a tetőtér került beépítésre (ROP-alap), mely így tágas multifunkcionális teret biztosít koncertek, előadások, megbeszélések, alkotóműhelyek, film- és színházi előadások számára. </p>
<p>Az állandó kiállítások mellett galériánk rendszeresen készít bemutatókat a 20. és a 21. századi művészetekből a szlovák, magyar és cseh színtérre összpontosítva, valamint a Zmeták-házaspár gyűjteményéből is. A galéria ikonikus projektje a &#8222;PERTU&#8221; projekt, mely 1993-ban jött létre, és eredeti, tágabb fókusza többnyire a 20. század második felében alkotó szlovák és magyar művészek munkájának összehasonlításában kristályosodott ki. A projekt 12 éve sikeresen működik, s ezalatt 28 művész munkáit mutatta be. A kiállítási dramaturgia része a régió fiatal művészeinek bemutatása, akik igyekeznek megalapozni helyüket a szlovák művészeti színtéren.</p>
<p>Forrás: <a href="http://www.gueznz.eu/mg/o-nas/single/1">http://www.gueznz.eu/mg/o-nas/single/1</a></p>
<p>Kép: <a href="https://www.novezamky.sk/vismo/galerie2.asp?p1=32271&#038;id_galerie=1207&#038;n=nase%2Dmesto&#038;pocet=24&#038;stranka=2">https://www.novezamky.sk/</a></p>
