{"id":1132,"date":"2026-04-10T20:43:20","date_gmt":"2026-04-10T18:43:20","guid":{"rendered":"https:\/\/visitdanube.eu\/?post_type=zaujimavost&#038;p=1132"},"modified":"2026-04-21T08:07:58","modified_gmt":"2026-04-21T06:07:58","slug":"petofi-sandor-szobra","status":"publish","type":"zaujimavost","link":"https:\/\/visitdanube.eu\/hu\/latvanyossag\/petofi-sandor-szobra\/","title":{"rendered":"Pet\u0151fi S\u00e1ndor mellszobra"},"content":{"rendered":"<p>Pet\u0151fi S\u00e1ndor, a legnagyobb \u00e9s legkiemelked\u0151bb magyar k\u00f6lt\u0151 mellszobr\u00e1t 2017. szeptember 22-\u00e9n leplezt\u00e9k le a Pet\u0151fi utca mellett l\u00e9v\u0151 Sz\u00e9na t\u00e9ri kis parkban, Kom\u00e1romban.<\/p>\n<p>Az alkot\u00e1st a csongr\u00e1di szobr\u00e1sz h\u00e1zasp\u00e1r, Lantos Gy\u00f6rgyi \u00e9s M\u00e1t\u00e9 Istv\u00e1n k\u00e9sz\u00edtette.<\/p>\n<p>A k\u00f6lt\u0151 az 1841-1842-es tan\u00e9vben P\u00e1p\u00e1n a VII. (logikai) oszt\u00e1ly tanul\u00f3ja volt, ott ker\u00fclt j\u00f3 bar\u00e1ts\u00e1gba J\u00f3kai M\u00f3rral \u00e9s Orlai Petrich Som\u00e1val is. 1842-ben a tan\u00e9v v\u00e9g\u00e9n sz\u00fcleihez indult Orlaival, azonban el\u0151bb egy h\u00e9tre megl\u00e1togatt\u00e1k J\u00f3kait Kom\u00e1romban. A vers a l\u00e1togat\u00e1s sor\u00e1n sz\u00fcletett.<\/p>\n<p>A Dun\u00e1n<\/p>\n<p>Folyam, kebled h\u00e1nyszor repeszti meg<br \/>Haj\u00f3 fut\u00e1sa s d\u00fal\u00f3 fergeteg!<\/p>\n<p>S a seb mi hosszu \u00e9s a seb mi m\u00e9ly!<br \/>Min\u0151t a sz\u00edven nem v\u00e1g szenved\u00e9ly.<\/p>\n<p>M\u00e9gis, ha elmegy fergeteg s haj\u00f3:<br \/>A seb begy\u00f3gyul, s minden \u00fajra j\u00f3.<\/p>\n<p>S az embersz\u00edv ha egyszer megreped:<br \/>Nincs balzsam, mely hegessze a sebet.<\/p>\n<p>Forr\u00e1s \u00e9s k\u00e9p: Felvidek.ma<\/p>\n","protected":false},"featured_media":318,"template":"","meta":{"_acf_changed":false},"tags":[],"kategoria-programov":[104],"obec":[71],"class_list":["post-1132","zaujimavost","type-zaujimavost","status-publish","has-post-thumbnail","hentry","kategoria-programov-kulturaval","obec-komarom"],"acf":[],"_links":{"self":[{"href":"https:\/\/visitdanube.eu\/hu\/wp-json\/wp\/v2\/zaujimavost\/1132","targetHints":{"allow":["GET"]}}],"collection":[{"href":"https:\/\/visitdanube.eu\/hu\/wp-json\/wp\/v2\/zaujimavost"}],"about":[{"href":"https:\/\/visitdanube.eu\/hu\/wp-json\/wp\/v2\/types\/zaujimavost"}],"wp:featuredmedia":[{"embeddable":true,"href":"https:\/\/visitdanube.eu\/hu\/wp-json\/wp\/v2\/media\/318"}],"wp:attachment":[{"href":"https:\/\/visitdanube.eu\/hu\/wp-json\/wp\/v2\/media?parent=1132"}],"wp:term":[{"taxonomy":"post_tag","embeddable":true,"href":"https:\/\/visitdanube.eu\/hu\/wp-json\/wp\/v2\/tags?post=1132"},{"taxonomy":"kategoria-programov","embeddable":true,"href":"https:\/\/visitdanube.eu\/hu\/wp-json\/wp\/v2\/kategoria-programov?post=1132"},{"taxonomy":"obec","embeddable":true,"href":"https:\/\/visitdanube.eu\/hu\/wp-json\/wp\/v2\/obec?post=1132"}],"curies":[{"name":"wp","href":"https:\/\/api.w.org\/{rel}","templated":true}]}}

Petőfi Sándor mellszobra

<p>Petőfi Sándor, a legnagyobb és legkiemelkedőbb magyar költő mellszobrát 2017. szeptember 22-én leplezték le a Petőfi utca mellett lévő Széna téri kis parkban, Komáromban.</p>
<p>Az alkotást a csongrádi szobrász házaspár, Lantos Györgyi és Máté István készítette.</p>
<p>A költő az 1841-1842-es tanévben Pápán a VII. (logikai) osztály tanulója volt, ott került jó barátságba Jókai Mórral és Orlai Petrich Somával is. 1842-ben a tanév végén szüleihez indult Orlaival, azonban előbb egy hétre meglátogatták Jókait Komáromban. A vers a látogatás során született.</p>
<p>A Dunán</p>
<p>Folyam, kebled hányszor repeszti meg<br />Hajó futása s dúló fergeteg!</p>
<p>S a seb mi hosszu és a seb mi mély!<br />Minőt a szíven nem vág szenvedély.</p>
<p>Mégis, ha elmegy fergeteg s hajó:<br />A seb begyógyul, s minden újra jó.</p>
<p>S az emberszív ha egyszer megreped:<br />Nincs balzsam, mely hegessze a sebet.</p>
<p>Forrás és kép: Felvidek.ma</p>
