{"id":1138,"date":"2026-04-10T20:44:13","date_gmt":"2026-04-10T18:44:13","guid":{"rendered":"https:\/\/visitdanube.eu\/?post_type=zaujimavost&#038;p=1138"},"modified":"2026-04-21T09:15:22","modified_gmt":"2026-04-21T07:15:22","slug":"szentharomsag-szobor","status":"publish","type":"zaujimavost","link":"https:\/\/visitdanube.eu\/hu\/latvanyossag\/szentharomsag-szobor\/","title":{"rendered":"Szenth\u00e1roms\u00e1g szobor, \u00c9rsek\u00fajv\u00e1r"},"content":{"rendered":"<p>\u00c9rsek\u00fajv\u00e1ron 1740-ben pestisj\u00e1rv\u00e1ny s\u00f6p\u00f6rt v\u00e9gig. A vesz\u00e9ly elm\u00falt\u00e1val a lakoss\u00e1g h\u00e1laad\u00e1sk\u00e9nt elk\u00e9sz\u00edttette a ma is \u00e1ll\u00f3, m\u00e9szk\u0151b\u0151l k\u00e9sz\u00fclt  Szenth\u00e1roms\u00e1g szobrot, amelyet 1749-ben fejeztek be. Ezt a m\u0171v\u00e9szi barokk szoborcsoportot rokok\u00f3 elemek d\u00edsz\u00edtik, amely a korabeli k\u00f6zter\u00fclet-d\u00edsz\u00edt\u0151 szobr\u00e1szm\u0171v\u00e9szet sz\u00ednvonal\u00e1r\u00f3l ad k\u00e9pet. A szoborcsoportot t\u00f6bbsz\u00f6r renov\u00e1lt\u00e1k \u00e9s \u00e1thelyezt\u00e9k (1827, 1876, 1929), utolj\u00e1ra 1993-ban restaur\u00e1lt\u00e1k, \u00e9s ekkor helyezt\u00e9k vissza a f\u0151t\u00e9rre. A szobor utols\u00f3 felszentel\u00e9se 1993 okt\u00f3ber\u00e9ben t\u00f6rt\u00e9nt.\n<\/p>\n<p class=\"redactor-image-wrapper\"><img decoding=\"async\" src=\"https:\/\/visitdanube.eu\/wp-content\/uploads\/2026\/04\/7ece8551c291a3902b003af0670b9124.png\" alt=\"\" style=\"display: block; margin: auto;\">\n<\/p>\n<p class=\"redactor-image-wrapper\"><em>A szobor az Arany Oroszl\u00e1n sz\u00e1llod\u00e1val 1902-ben. Forr\u00e1s: bedo.hu <\/em>\n<\/p>\n<p style=\"text-align: justify;\">A n\u00f6v\u00e9nyi mot\u00edvumokkal d\u00edsz\u00edtett oszlop k\u00f6zep\u00e9n, a homlokzati r\u00e9szen \u00e1ll a Szepl\u0151telen Sz\u0171z M\u00e1ria a f\u00f6ldg\u00f6mb\u00f6n, amelyet k\u00edgy\u00f3 teker k\u00f6r\u00fcl. A talapzat tengelyr\u00e9szein Szent Sebesty\u00e9n, Szent R\u00f3kus, \u00e9s Szent J\u00f3zsef \u00e1ll\u00f3 plasztik\u00e1i vannak elhelyezve. A talapzat k\u00f6zep\u00e9n vasr\u00e1csozat m\u00f6g\u00f6tt Szent Roz\u00e1lia fekv\u0151 alakja l\u00e1that\u00f3.<\/p>\n<p class=\"redactor-image-wrapper\"><img decoding=\"async\" src=\"https:\/\/visitdanube.eu\/wp-content\/uploads\/2026\/04\/a2eb6ec5d4c483a5084fa11bbbdbbbb0.jpg\" alt=\"Immaculata\" style=\"display: block; margin: auto;\">\n<\/p>\n<p class=\"redactor-image-wrapper\" style=\"text-align: center;\"><em>A szobor r\u00e9gi k\u00e9peslapon. Forr\u00e1s: bedo.hu<\/em><\/p>\n<p class=\"redactor-image-wrapper\"><em><\/em>A talpazaton h\u00e1rom gazdagon d\u00edsz\u00edtett t\u00e1bl\u00e1n l\u00e1that\u00f3 feliratok:<\/p>\n<p>\u201eRestui veteri que empus sprevi honori 1876&#8243; (Legyen becs\u00fclet\u00fckre azoknak, akik rem\u00e9lnek b\u00edzva az \u00f6r\u00f6kk\u00e9val\u00f3s\u00e1gban 1876)<br \/>\u201eQuae devotam tibi constans perduret in aevum 1875&#8243; (Amely h\u0171en \u00e9s er\u0151sen tart a mennyekben, 1875)<br \/>\u201eHanc triadi posvere plebis piavolta colummnam 1740&#8243; (Emeltette Istenf\u00e9l\u0151 \u00e9let\u00e9vel, 1740)<\/p>\n<p>Forr\u00e1sok:\n<\/p>\n<p><a href=\"http:\/\/muemlekem.hu\/hatareset\/show\/711\">http:\/\/muemlekem.hu\/hatareset\/show\/711<\/a>\n<\/p>\n<p><a href=\"https:\/\/emlekhelyek.csemadok.sk\/emlekhelyek\/az-ersekujvari-szentharomsag-szobor\/\">https:\/\/emlekhelyek.csemadok.sk\/emlekhelyek\/az-ers&#8230;<\/a><\/p>\n","protected":false},"featured_media":323,"template":"","meta":{"_acf_changed":false},"tags":[],"kategoria-programov":[104],"obec":[78],"class_list":["post-1138","zaujimavost","type-zaujimavost","status-publish","has-post-thumbnail","hentry","kategoria-programov-kulturaval","obec-ersekujvar"],"acf":[],"_links":{"self":[{"href":"https:\/\/visitdanube.eu\/hu\/wp-json\/wp\/v2\/zaujimavost\/1138","targetHints":{"allow":["GET"]}}],"collection":[{"href":"https:\/\/visitdanube.eu\/hu\/wp-json\/wp\/v2\/zaujimavost"}],"about":[{"href":"https:\/\/visitdanube.eu\/hu\/wp-json\/wp\/v2\/types\/zaujimavost"}],"wp:featuredmedia":[{"embeddable":true,"href":"https:\/\/visitdanube.eu\/hu\/wp-json\/wp\/v2\/media\/323"}],"wp:attachment":[{"href":"https:\/\/visitdanube.eu\/hu\/wp-json\/wp\/v2\/media?parent=1138"}],"wp:term":[{"taxonomy":"post_tag","embeddable":true,"href":"https:\/\/visitdanube.eu\/hu\/wp-json\/wp\/v2\/tags?post=1138"},{"taxonomy":"kategoria-programov","embeddable":true,"href":"https:\/\/visitdanube.eu\/hu\/wp-json\/wp\/v2\/kategoria-programov?post=1138"},{"taxonomy":"obec","embeddable":true,"href":"https:\/\/visitdanube.eu\/hu\/wp-json\/wp\/v2\/obec?post=1138"}],"curies":[{"name":"wp","href":"https:\/\/api.w.org\/{rel}","templated":true}]}}

Szentháromság szobor, Érsekújvár

<p>Érsekújváron 1740-ben pestisjárvány söpört végig. A veszély elmúltával a lakosság hálaadásként elkészíttette a ma is álló, mészkőből készült  Szentháromság szobrot, amelyet 1749-ben fejeztek be. Ezt a művészi barokk szoborcsoportot rokokó elemek díszítik, amely a korabeli közterület-díszítő szobrászművészet színvonaláról ad képet. A szoborcsoportot többször renoválták és áthelyezték (1827, 1876, 1929), utoljára 1993-ban restaurálták, és ekkor helyezték vissza a főtérre. A szobor utolsó felszentelése 1993 októberében történt.
</p>
<p class="redactor-image-wrapper"><img decoding="async" src="https://visitdanube.eu/wp-content/uploads/2026/04/7ece8551c291a3902b003af0670b9124.png" alt="" style="display: block; margin: auto;">
</p>
<p class="redactor-image-wrapper"><em>A szobor az Arany Oroszlán szállodával 1902-ben. Forrás: bedo.hu </em>
</p>
<p style="text-align: justify;">A növényi motívumokkal díszített oszlop közepén, a homlokzati részen áll a Szeplőtelen Szűz Mária a földgömbön, amelyet kígyó teker körül. A talapzat tengelyrészein Szent Sebestyén, Szent Rókus, és Szent József álló plasztikái vannak elhelyezve. A talapzat közepén vasrácsozat mögött Szent Rozália fekvő alakja látható.</p>
<p class="redactor-image-wrapper"><img decoding="async" src="https://visitdanube.eu/wp-content/uploads/2026/04/a2eb6ec5d4c483a5084fa11bbbdbbbb0.jpg" alt="Immaculata" style="display: block; margin: auto;">
</p>
<p class="redactor-image-wrapper" style="text-align: center;"><em>A szobor régi képeslapon. Forrás: bedo.hu</em></p>
<p class="redactor-image-wrapper"><em></em>A talpazaton három gazdagon díszített táblán látható feliratok:</p>
<p>„Restui veteri que empus sprevi honori 1876&#8243; (Legyen becsületükre azoknak, akik remélnek bízva az örökkévalóságban 1876)<br />„Quae devotam tibi constans perduret in aevum 1875&#8243; (Amely hűen és erősen tart a mennyekben, 1875)<br />„Hanc triadi posvere plebis piavolta colummnam 1740&#8243; (Emeltette Istenfélő életével, 1740)</p>
<p>Források:
</p>
<p><a href="http://muemlekem.hu/hatareset/show/711">http://muemlekem.hu/hatareset/show/711</a>
</p>
<p><a href="https://emlekhelyek.csemadok.sk/emlekhelyek/az-ersekujvari-szentharomsag-szobor/">https://emlekhelyek.csemadok.sk/emlekhelyek/az-ers&#8230;</a></p>
