{"id":1139,"date":"2026-04-10T20:44:41","date_gmt":"2026-04-10T18:44:41","guid":{"rendered":"https:\/\/visitdanube.eu\/?post_type=zaujimavost&#038;p=1139"},"modified":"2026-04-28T09:34:47","modified_gmt":"2026-04-28T07:34:47","slug":"nepomuki-szent-janos-szobra","status":"publish","type":"zaujimavost","link":"https:\/\/visitdanube.eu\/hu\/latvanyossag\/nepomuki-szent-janos-szobra\/","title":{"rendered":"Nepomuki Szent J\u00e1nos szobra"},"content":{"rendered":"<p>Az 1945-ben elpusztult Nepomuki Szent J\u00e1nos 18. sz\u00e1zadi szobr\u00e1nak m\u00e1solat\u00e1t, Mag Gyula alkot\u00e1s\u00e1t 2009. m\u00e1jus 16-\u00e1n avatt\u00e1k fel a S\u00fctt\u0151i s\u00e9t\u00e1nyon.<\/p>\n<p>Forr\u00e1s \u00e9s fot\u00f3: Szeder L\u00e1szl\u00f3, Wikip\u00e9dia<\/p>\n","protected":false},"featured_media":1698,"template":"","meta":{"_acf_changed":false},"tags":[],"kategoria-programov":[104],"obec":[76],"class_list":["post-1139","zaujimavost","type-zaujimavost","status-publish","has-post-thumbnail","hentry","kategoria-programov-kulturaval","obec-dunamocs"],"acf":[],"_links":{"self":[{"href":"https:\/\/visitdanube.eu\/hu\/wp-json\/wp\/v2\/zaujimavost\/1139","targetHints":{"allow":["GET"]}}],"collection":[{"href":"https:\/\/visitdanube.eu\/hu\/wp-json\/wp\/v2\/zaujimavost"}],"about":[{"href":"https:\/\/visitdanube.eu\/hu\/wp-json\/wp\/v2\/types\/zaujimavost"}],"wp:featuredmedia":[{"embeddable":true,"href":"https:\/\/visitdanube.eu\/hu\/wp-json\/wp\/v2\/media\/1698"}],"wp:attachment":[{"href":"https:\/\/visitdanube.eu\/hu\/wp-json\/wp\/v2\/media?parent=1139"}],"wp:term":[{"taxonomy":"post_tag","embeddable":true,"href":"https:\/\/visitdanube.eu\/hu\/wp-json\/wp\/v2\/tags?post=1139"},{"taxonomy":"kategoria-programov","embeddable":true,"href":"https:\/\/visitdanube.eu\/hu\/wp-json\/wp\/v2\/kategoria-programov?post=1139"},{"taxonomy":"obec","embeddable":true,"href":"https:\/\/visitdanube.eu\/hu\/wp-json\/wp\/v2\/obec?post=1139"}],"curies":[{"name":"wp","href":"https:\/\/api.w.org\/{rel}","templated":true}]}}

Nepomuki Szent János szobra

<p>Az 1945-ben elpusztult Nepomuki Szent János 18. századi szobrának másolatát, Mag Gyula alkotását 2009. május 16-án avatták fel a Süttői sétányon.</p>
<p>Forrás és fotó: Szeder László, Wikipédia</p>
