{"id":1140,"date":"2026-04-10T20:44:49","date_gmt":"2026-04-10T18:44:49","guid":{"rendered":"https:\/\/visitdanube.eu\/?post_type=zaujimavost&#038;p=1140"},"modified":"2026-04-28T09:34:36","modified_gmt":"2026-04-28T07:34:36","slug":"szentharomsag-plebaniatemplom","status":"publish","type":"zaujimavost","link":"https:\/\/visitdanube.eu\/hu\/latvanyossag\/szentharomsag-plebaniatemplom\/","title":{"rendered":"Szenth\u00e1roms\u00e1g r\u00f3mai katolikus templom"},"content":{"rendered":"<p>A Szenth\u00e1roms\u00e1g tisztelet\u00e9re szentelt r\u00f3mai katolikus temploma 1764-ben \u00e9p\u00fclt barokk st\u00edlusban. A templom fal\u00e1n l\u00e1that\u00f3 v\u00f6r\u00f6sm\u00e9szk\u0151 eml\u00e9kt\u00e1bla Vaszary Kolos hercegpr\u00edm\u00e1s \u00e1ltali 1898-as \u00e1t\u00e9p\u00edt\u00e9s\u00e9nek \u00e1ll\u00edt eml\u00e9ket. A templom el\u0151tti kis temet\u0151ben t\u00f6bb, a 19. sz\u00e1zad elej\u00e9r\u0151l sz\u00e1rmaz\u00f3 hal\u00e1lfejes s\u00edreml\u00e9k tal\u00e1lhat\u00f3, valamint a Nepomuki Szent J\u00e1nos-szobor egykori talpk\u00f6ve is itt kapott helyet. A temet\u0151ben tal\u00e1lhat\u00f3 Rigler Guszt\u00e1v sz\u00fcleinek s\u00edreml\u00e9ke is. A templom mellett \u00e1ll az egykori katolikus iskola \u00e9p\u00fclete \u00e9s a Trubinyi J\u00e1nos-eml\u00e9kkereszt.<\/p>\n<p>Forr\u00e1s \u00e9s fot\u00f3: Szeder L\u00e1szl\u00f3, Wikip\u00e9dia<\/p>\n","protected":false},"featured_media":1697,"template":"","meta":{"_acf_changed":false},"tags":[],"kategoria-programov":[104],"obec":[76],"class_list":["post-1140","zaujimavost","type-zaujimavost","status-publish","has-post-thumbnail","hentry","kategoria-programov-kulturaval","obec-dunamocs"],"acf":[],"_links":{"self":[{"href":"https:\/\/visitdanube.eu\/hu\/wp-json\/wp\/v2\/zaujimavost\/1140","targetHints":{"allow":["GET"]}}],"collection":[{"href":"https:\/\/visitdanube.eu\/hu\/wp-json\/wp\/v2\/zaujimavost"}],"about":[{"href":"https:\/\/visitdanube.eu\/hu\/wp-json\/wp\/v2\/types\/zaujimavost"}],"wp:featuredmedia":[{"embeddable":true,"href":"https:\/\/visitdanube.eu\/hu\/wp-json\/wp\/v2\/media\/1697"}],"wp:attachment":[{"href":"https:\/\/visitdanube.eu\/hu\/wp-json\/wp\/v2\/media?parent=1140"}],"wp:term":[{"taxonomy":"post_tag","embeddable":true,"href":"https:\/\/visitdanube.eu\/hu\/wp-json\/wp\/v2\/tags?post=1140"},{"taxonomy":"kategoria-programov","embeddable":true,"href":"https:\/\/visitdanube.eu\/hu\/wp-json\/wp\/v2\/kategoria-programov?post=1140"},{"taxonomy":"obec","embeddable":true,"href":"https:\/\/visitdanube.eu\/hu\/wp-json\/wp\/v2\/obec?post=1140"}],"curies":[{"name":"wp","href":"https:\/\/api.w.org\/{rel}","templated":true}]}}

Szentháromság római katolikus templom

<p>A Szentháromság tiszteletére szentelt római katolikus temploma 1764-ben épült barokk stílusban. A templom falán látható vörösmészkő emléktábla Vaszary Kolos hercegprímás általi 1898-as átépítésének állít emléket. A templom előtti kis temetőben több, a 19. század elejéről származó halálfejes síremlék található, valamint a Nepomuki Szent János-szobor egykori talpköve is itt kapott helyet. A temetőben található Rigler Gusztáv szüleinek síremléke is. A templom mellett áll az egykori katolikus iskola épülete és a Trubinyi János-emlékkereszt.</p>
<p>Forrás és fotó: Szeder László, Wikipédia</p>
