{"id":1142,"date":"2026-04-10T20:45:03","date_gmt":"2026-04-10T18:45:03","guid":{"rendered":"https:\/\/visitdanube.eu\/?post_type=zaujimavost&#038;p=1142"},"modified":"2026-04-21T09:18:08","modified_gmt":"2026-04-21T07:18:08","slug":"ferences-templom-es-kolostor","status":"publish","type":"zaujimavost","link":"https:\/\/visitdanube.eu\/hu\/latvanyossag\/ferences-templom-es-kolostor\/","title":{"rendered":"Ferences templom \u00e9s kolostor"},"content":{"rendered":"<p class=\"redactor-image-wrapper\"><img decoding=\"async\" src=\"https:\/\/visitdanube.eu\/wp-content\/uploads\/2026\/04\/7e9c89ad6fb9a58b240885afd4d38d1c.jpg\"><\/p>\n<p>Forr\u00e1s: Borovszky: Magyarorsz\u00e1g v\u00e1rmegy\u00e9i \u00e9s v\u00e1rosai Nyitra v\u00e1rmegye (Magyarorsz\u00e1g v\u00e1rmegy\u00e9i \u00e9s v\u00e1rosai, 1899)<\/p>\n<p><\/p>\n<p><strong>PAX INTRANTIBUS &#8211; b\u00e9kess\u00e9g a bet\u00e9r\u0151nek <\/strong><\/p>\n<p>&#8211; olvashat\u00f3 az \u00e9rsek\u00fajv\u00e1ri ferences templom \u00e9s kolostor bej\u00e1rata felett, amely 1626 \u00e9s 1631 k\u00f6z\u00f6tt \u00e9p\u00fclt, s 1631. m\u00e1jus 24-\u00e9n P\u00e1zm\u00e1ny P\u00e9ter szentelte fel, s amelynek k\u00f6nyvt\u00e1ra egykor olyan jelent\u0151s k\u00f3dexeket \u0151rz\u00f6tt, mint az \u00c9rsek\u00fajv\u00e1ri, Cseh, Thewrewk-k\u00f3dex \u00e9s a Piry J\u00e1nos Cirj\u00e9k ferences szerzetesr\u0151l, k\u00f6nyvt\u00e1ros-tan\u00e1r\u00e1r\u00f3l elnevezett Piry-h\u00e1rtya. V\u00e9lhet\u0151en a templom ekkor m\u00e9g a jelenlegin\u00e9l alacsonyabb, zsindely-tet\u0151s \u00e9p\u00fclet lehetett, s a main\u00e1l j\u00f3val kisebb volt a kolostor is.<\/p>\n<p>Miut\u00e1n \u00c9rsek\u00fajv\u00e1r t\u00f6r\u00f6k k\u00e9zre ker\u00fclt, a kolostor 1663-t\u00f3l a t\u00f6r\u00f6k tisztek lak\u00e1s\u00e1ul szolg\u00e1lt, a templomot pedig rakt\u00e1rnak haszn\u00e1lt\u00e1k, a templomtornyot minarett\u00e9 alak\u00edtott\u00e1k. Ezekben az id\u0151kben a ferenceseknek ugyan el kellett hagyni a kolostort, de egy fennmaradt dokumentum szerint &#8222;b\u00e9kess\u00e9ggel koldulhattak&#8221;, maradtak a n\u00e9ppel, innen a bar\u00e1tok elnevez\u00e9s.<br \/>Miut\u00e1n \u00c9rsek\u00fajv\u00e1r \u00fajb\u00f3l magyar k\u00e9zre ker\u00fclt, 1685 ut\u00e1n a templomot \u00e9s kolostort meg\u00faj\u00edtott\u00e1k \u00e9s Sorman P\u00e9ter, a ferencesek mil\u00e1n\u00f3i gener\u00e1lisa szentelte fel.<\/p>\n<p>A R\u00e1k\u00f3czi-szabads\u00e1gharc idej\u00e9n a kolostornak nem kisebb vend\u00e9ge volt, mint Bercs\u00e9nyi Mikl\u00f3s, aki t\u00f6bbsz\u00f6r is lakott a kolostor falai k\u00f6z\u00f6tt. Erre az \u00e9p\u00fclet fal\u00e1n ma eml\u00e9kt\u00e1bla is eml\u00e9keztet. Bercs\u00e9nyi a kolostort az eredeti st\u00edlus szerint kib\u0151v\u00edtette.<\/p>\n<p>A k\u00f6vetkez\u0151 nagyobb b\u0151v\u00edt\u00e9s, fel\u00faj\u00edt\u00e1s a 19. sz\u00e1zad v\u00e9g\u00e9n t\u00f6rt\u00e9nt az \u00e9p\u00fcleten. A 20. sz\u00e1zadban a h\u00e1bor\u00fak a kolostort t\u00f6bbsz\u00f6r komolyan megrong\u00e1lt\u00e1k. Ennek lett \u00e1ldozata a barokk d\u00edsz\u00edt\u00e9s \u00e9s az egykori barokk feliratok, amelyek mind elvesztek. A kolostor teljes fel\u00faj\u00edt\u00e1sa \u00e9s r\u00e9g\u00e9szeti felt\u00e1r\u00e1sa 1978-ban kezd\u0151d\u00f6tt meg.<\/p>\n<p>A r\u00e9g\u00e9szeti munk\u00e1k sor\u00e1n megtal\u00e1lt\u00e1k az eredeti kaput, amely a kocsiknak szolg\u00e1lt, hogy be tudjanak hajtani az udvarba, illetve a templom alatti kript\u00e1t is, melyben a v\u00e1rosi el\u00f6lj\u00e1r\u00f3s\u00e1g \u00e9s a kolostor lakosai temetkeztek.<\/p>\n<p>A kolostor \u00e9p\u00fclet\u00e9ben egy ideig m\u00fazeum sz\u00e9kelt, azonban m\u00e1ra teljes m\u00e9rt\u00e9kben visszaker\u00fclt a ferencesek tulajdon\u00e1ba, jelenleg a szerzetesek seg\u00edts\u00e9g\u00e9vel jelenleg mintegy 20 szellemi, illetve testi fogyat\u00e9kos fiatal sz\u00e1m\u00e1ra munkalehet\u0151s\u00e9get is biztos\u00edtva egy szoci\u00e1lis \u00fczem \u00e1ltal.<\/p>\n<p>A templom \u00e9s kolostor t\u00f6rt\u00e9net\u00e9r\u0151l sz\u00f3l\u00f3 \u00f6sszefoglal\u00f3: <a href=\"https:\/\/watson.sk\/NZONLINE\/docs\/strbakolostor.pdf\">https:\/\/watson.sk\/NZONLINE\/docs\/strbakolostor.pdf<\/a><\/p>\n<p>Felhaszn\u00e1lt forr\u00e1sok: <\/p>\n<ul>\n<li><a href=\"https:\/\/ujvariferencesek.eoldal.hu\/cikkek\/tortenet.html\">https:\/\/ujvariferencesek.eoldal.hu\/cikkek\/tortenet&#8230;<\/a><\/li>\n<li>Borovszky Samu: Magyarorsz\u00e1g v\u00e1rmegy\u00e9i&#8230; 1899. <\/li>\n<li><a href=\"http:\/\/muemlekem.hu\/hatareset\/Szent-Ferenc-templom-es-kolostor-Ersekujvar-1130\">http:\/\/muemlekem.hu\/hatareset\/Szent-Ferenc-templom&#8230;<\/a><\/li>\n<li><a href=\"https:\/\/hu.wikipedia.org\/wiki\/%C3%89rsek%C3%BAjv%C3%A1r\">https:\/\/hu.wikipedia.org\/wiki\/%C3%89rsek%C3%BAjv%C&#8230;<\/a><\/li>\n<\/ul>\n<p><\/p>\n<p>A nyit\u00f3 k\u00e9p forr\u00e1sa: Wikip\u00e9dia, Pog\u00e1ny P\u00e9ter fot\u00f3ja<\/p>\n","protected":false},"featured_media":324,"template":"","meta":{"_acf_changed":false},"tags":[],"kategoria-programov":[104],"obec":[78],"class_list":["post-1142","zaujimavost","type-zaujimavost","status-publish","has-post-thumbnail","hentry","kategoria-programov-kulturaval","obec-ersekujvar"],"acf":[],"_links":{"self":[{"href":"https:\/\/visitdanube.eu\/hu\/wp-json\/wp\/v2\/zaujimavost\/1142","targetHints":{"allow":["GET"]}}],"collection":[{"href":"https:\/\/visitdanube.eu\/hu\/wp-json\/wp\/v2\/zaujimavost"}],"about":[{"href":"https:\/\/visitdanube.eu\/hu\/wp-json\/wp\/v2\/types\/zaujimavost"}],"wp:featuredmedia":[{"embeddable":true,"href":"https:\/\/visitdanube.eu\/hu\/wp-json\/wp\/v2\/media\/324"}],"wp:attachment":[{"href":"https:\/\/visitdanube.eu\/hu\/wp-json\/wp\/v2\/media?parent=1142"}],"wp:term":[{"taxonomy":"post_tag","embeddable":true,"href":"https:\/\/visitdanube.eu\/hu\/wp-json\/wp\/v2\/tags?post=1142"},{"taxonomy":"kategoria-programov","embeddable":true,"href":"https:\/\/visitdanube.eu\/hu\/wp-json\/wp\/v2\/kategoria-programov?post=1142"},{"taxonomy":"obec","embeddable":true,"href":"https:\/\/visitdanube.eu\/hu\/wp-json\/wp\/v2\/obec?post=1142"}],"curies":[{"name":"wp","href":"https:\/\/api.w.org\/{rel}","templated":true}]}}

Ferences templom és kolostor

<p class="redactor-image-wrapper"><img decoding="async" src="https://visitdanube.eu/wp-content/uploads/2026/04/7e9c89ad6fb9a58b240885afd4d38d1c.jpg"></p>
<p>Forrás: Borovszky: Magyarország vármegyéi és városai Nyitra vármegye (Magyarország vármegyéi és városai, 1899)</p>
<p></p>
<p><strong>PAX INTRANTIBUS &#8211; békesség a betérőnek </strong></p>
<p>&#8211; olvasható az érsekújvári ferences templom és kolostor bejárata felett, amely 1626 és 1631 között épült, s 1631. május 24-én Pázmány Péter szentelte fel, s amelynek könyvtára egykor olyan jelentős kódexeket őrzött, mint az Érsekújvári, Cseh, Thewrewk-kódex és a Piry János Cirjék ferences szerzetesről, könyvtáros-tanáráról elnevezett Piry-hártya. Vélhetően a templom ekkor még a jelenleginél alacsonyabb, zsindely-tetős épület lehetett, s a mainál jóval kisebb volt a kolostor is.</p>
<p>Miután Érsekújvár török kézre került, a kolostor 1663-tól a török tisztek lakásául szolgált, a templomot pedig raktárnak használták, a templomtornyot minaretté alakították. Ezekben az időkben a ferenceseknek ugyan el kellett hagyni a kolostort, de egy fennmaradt dokumentum szerint &#8222;békességgel koldulhattak&#8221;, maradtak a néppel, innen a barátok elnevezés.<br />Miután Érsekújvár újból magyar kézre került, 1685 után a templomot és kolostort megújították és Sorman Péter, a ferencesek milánói generálisa szentelte fel.</p>
<p>A Rákóczi-szabadságharc idején a kolostornak nem kisebb vendége volt, mint Bercsényi Miklós, aki többször is lakott a kolostor falai között. Erre az épület falán ma emléktábla is emlékeztet. Bercsényi a kolostort az eredeti stílus szerint kibővítette.</p>
<p>A következő nagyobb bővítés, felújítás a 19. század végén történt az épületen. A 20. században a háborúk a kolostort többször komolyan megrongálták. Ennek lett áldozata a barokk díszítés és az egykori barokk feliratok, amelyek mind elvesztek. A kolostor teljes felújítása és régészeti feltárása 1978-ban kezdődött meg.</p>
<p>A régészeti munkák során megtalálták az eredeti kaput, amely a kocsiknak szolgált, hogy be tudjanak hajtani az udvarba, illetve a templom alatti kriptát is, melyben a városi elöljáróság és a kolostor lakosai temetkeztek.</p>
<p>A kolostor épületében egy ideig múzeum székelt, azonban mára teljes mértékben visszakerült a ferencesek tulajdonába, jelenleg a szerzetesek segítségével jelenleg mintegy 20 szellemi, illetve testi fogyatékos fiatal számára munkalehetőséget is biztosítva egy szociális üzem által.</p>
<p>A templom és kolostor történetéről szóló összefoglaló: <a href="https://watson.sk/NZONLINE/docs/strbakolostor.pdf">https://watson.sk/NZONLINE/docs/strbakolostor.pdf</a></p>
<p>Felhasznált források: </p>
<ul>
<li><a href="https://ujvariferencesek.eoldal.hu/cikkek/tortenet.html">https://ujvariferencesek.eoldal.hu/cikkek/tortenet&#8230;</a></li>
<li>Borovszky Samu: Magyarország vármegyéi&#8230; 1899. </li>
<li><a href="http://muemlekem.hu/hatareset/Szent-Ferenc-templom-es-kolostor-Ersekujvar-1130">http://muemlekem.hu/hatareset/Szent-Ferenc-templom&#8230;</a></li>
<li><a href="https://hu.wikipedia.org/wiki/%C3%89rsek%C3%BAjv%C3%A1r">https://hu.wikipedia.org/wiki/%C3%89rsek%C3%BAjv%C&#8230;</a></li>
</ul>
<p></p>
<p>A nyitó kép forrása: Wikipédia, Pogány Péter fotója</p>
