{"id":1145,"date":"2026-04-10T20:45:33","date_gmt":"2026-04-10T18:45:33","guid":{"rendered":"https:\/\/visitdanube.eu\/?post_type=zaujimavost&#038;p=1145"},"modified":"2026-04-21T08:19:27","modified_gmt":"2026-04-21T06:19:27","slug":"patho-pal-szobra","status":"publish","type":"zaujimavost","link":"https:\/\/visitdanube.eu\/hu\/latvanyossag\/patho-pal-szobra\/","title":{"rendered":"Path\u00f3 P\u00e1l szobra"},"content":{"rendered":"<p>Kisnemesi csal\u00e1dban sz\u00fcletett 1795. j\u00fanius 7-\u00e9n, Muzsl\u00e1n, Szlov\u00e1ki\u00e1ban. Apja Path\u00f3 J\u00e1nos, anyja N\u00e9meth Borb\u00e1la. Path\u00f3 P\u00e9ter P\u00e1l n\u00e9ven anyak\u00f6nyvezt\u00e9k. Egy testv\u00e9re ismert, Ign\u00e1c, aki 1788-ban sz\u00fcletett. K\u00e9tszer h\u00e1zasodott, el\u0151sz\u00f6r Menyh\u00e1rt Ter\u00e9zi\u00e1t vette feles\u00e9g\u00fcl 1818-ban, majd Ter\u00e9zia elhunyt\u00e1t k\u00f6vet\u0151en Varga Erzs\u00e9betet 1843-ban, mindkett\u0151t Magyarsz\u0151gy\u00e9nben. Els\u0151 feles\u00e9g\u00e9t\u0151l h\u00e1zass\u00e1guk tizenhatodik \u00e9v\u00e9ben sz\u00fcletett els\u0151 ut\u00f3dja, Pat\u00f3 Ferdin\u00e1nd. K\u00e9t feles\u00e9g\u00e9t\u0151l 1852-ig bez\u00e1r\u00f3lag m\u00e9g tov\u00e1bbi hat alkalommal \u00e9rkezett gyermek\u00e1ld\u00e1s.<\/p>\n<p>Esztergom v\u00e1rmegye alszolgab\u00edr\u00f3ja, valamint Sz\u0151gy\u00e9n k\u00f6zs\u00e9g jegyz\u0151je volt. 1848-ban a helyi nemzet\u0151rs\u00e9g megszervez\u0151je.<\/p>\n<p>1855. \u00e1prilis 28-\u00e1n hunyt el t\u00fcd\u0151sz\u00e9lh\u0171d\u00e9sben Magyarsz\u0151gy\u00e9nben. S\u00edrja is megtekinthet\u0151 a helyi temet\u0151ben.<\/p>\n<p>Pet\u0151fi S\u00e1ndor 1847 november\u00e9ben \u00edrt Pat\u00f3 P\u00e1l \u00far c\u00edm\u0171 k\u00f6ltem\u00e9ny\u00e9ben \u0151t mint\u00e1zta meg, amelyben a semmittev\u0151 k\u00f6znemess\u00e9get figur\u00e1zza ki.<\/p>\n<p>Pet\u0151fi S\u00e1ndor: Pat\u00f3 P\u00e1l \u00dar<\/p>\n<p>Mint el\u00e1tkozott kir\u00e1lyfi<br \/>T\u00fal az \u00d3perenci\u00e1n,<br \/>\u00c9l mag\u00e1ban faluj\u00e1ban<br \/>Pat\u00f3 P\u00e1l \u00far mogorv\u00e1n.<br \/>Be m\u00e1s lenne itt az \u00e9let.<br \/>Ha egy ifj\u00fa feles\u00e9g&#8230;<br \/>K\u00f6zbev\u00e1gott Pat\u00f3 P\u00e1l \u00far:<br \/>&#8222;Ej, r\u00e1\u00e9r\u00fcnk arra m\u00e9g!&#8221;<\/p>\n<p>Roskad\u00f3f\u00e9lben van a h\u00e1z,<br \/>H\u00e1mlik le a vakolat,<br \/>S a sz\u00e9l egy darab f\u00f6d\u00e9llel<br \/>M\u00e1r tudj&#8217; isten hol szalad;<br \/>Jav\u00edtsuk ki, mert maholnap<br \/>Pall\u00e1sr\u00f3l n\u00e9z be az \u00e9g&#8230;<br \/>K\u00f6zbev\u00e1gott Pat\u00f3 P\u00e1l \u00far:<br \/>&#8222;Ej, r\u00e1\u00e9r\u00fcnk arra m\u00e9g!&#8221;<\/p>\n<p>Puszta a kert, e helyett a<br \/>Sz\u00e1nt\u00f3f\u00f6ld sz\u00e9pen vir\u00edt,<br \/>Termi b\u0151ven a pipacsnak<br \/>Mindenf\u00e9le nemeit.<br \/>Mit heny\u00e9l az a sok b\u00e9res?<br \/>Mit heny\u00e9lnek az ek\u00e9k?<br \/>K\u00f6zbev\u00e1gott Pat\u00f3 P\u00e1l \u00far:<br \/>&#8222;Ej, r\u00e1\u00e9r\u00fcnk arra m\u00e9g!&#8221;<\/p>\n<p>H\u00e1t a mente, h\u00e1t a nadr\u00e1g,<br \/>\u00dagy megritkult, olyan \u00f3,<br \/>Hogy szunyogh\u00e1l\u00f3nak is m\u00e1r<br \/>Csak sz\u00fcks\u00e9gb\u0151l volna j\u00f3;<br \/>H\u00edni kell csak a szab\u00f3t, a<br \/>Poszt\u00f3 meg van v\u00e9ve r\u00e9g&#8230;<br \/>K\u00f6zbev\u00e1gott Pat\u00f3 P\u00e1l \u00far:<br \/>&#8222;Ej, r\u00e1\u00e9r\u00fcnk arra m\u00e9g!&#8221;<\/p>\n<p>\u00c9let\u00e9t \u00edgy tengi \u00e1ltal;<br \/>B\u00e1r ap\u00e1i n\u00e9kie<br \/>Mindent oly b\u0151ven hagy\u00e1nak,<br \/>Soha sincsen semmije.<br \/>De ez nem az \u0151 hib\u00e1ja;<br \/>\u0150 magyarnak sz\u00fclet\u00e9k,<br \/>S haz\u00e1j\u00e1ban \u0151si jelsz\u00f3:<br \/>&#8222;Ej, r\u00e1\u00e9r\u00fcnk arra m\u00e9g!&#8221;<\/p>\n<p>Forr\u00e1s: <a href=\"https:\/\/hu.wikipedia.org\/wiki\/Pat%C3%B3_P%C3%A1l\">https:\/\/hu.wikipedia.org<\/a><\/p>\n<p>Foto: Pat\u00f3 P\u00e1l arck\u00e9pe, rajzolta \u00c1d\u00e1m Ajtony Ponori Thewrewk<\/p>\n<p>         Pat\u00f3 P\u00e1l \u00e9s Wargha \u00d6rzs\u00e9bet s\u00edrja, Sz\u0151gy\u00e9nben, \u00c1d\u00e1m Ajtony Ponori Thewrewk<\/p>\n","protected":false},"featured_media":326,"template":"","meta":{"_acf_changed":false},"tags":[],"kategoria-programov":[104],"obec":[80],"class_list":["post-1145","zaujimavost","type-zaujimavost","status-publish","has-post-thumbnail","hentry","kategoria-programov-kulturaval","obec-szogyen"],"acf":[],"_links":{"self":[{"href":"https:\/\/visitdanube.eu\/hu\/wp-json\/wp\/v2\/zaujimavost\/1145","targetHints":{"allow":["GET"]}}],"collection":[{"href":"https:\/\/visitdanube.eu\/hu\/wp-json\/wp\/v2\/zaujimavost"}],"about":[{"href":"https:\/\/visitdanube.eu\/hu\/wp-json\/wp\/v2\/types\/zaujimavost"}],"wp:featuredmedia":[{"embeddable":true,"href":"https:\/\/visitdanube.eu\/hu\/wp-json\/wp\/v2\/media\/326"}],"wp:attachment":[{"href":"https:\/\/visitdanube.eu\/hu\/wp-json\/wp\/v2\/media?parent=1145"}],"wp:term":[{"taxonomy":"post_tag","embeddable":true,"href":"https:\/\/visitdanube.eu\/hu\/wp-json\/wp\/v2\/tags?post=1145"},{"taxonomy":"kategoria-programov","embeddable":true,"href":"https:\/\/visitdanube.eu\/hu\/wp-json\/wp\/v2\/kategoria-programov?post=1145"},{"taxonomy":"obec","embeddable":true,"href":"https:\/\/visitdanube.eu\/hu\/wp-json\/wp\/v2\/obec?post=1145"}],"curies":[{"name":"wp","href":"https:\/\/api.w.org\/{rel}","templated":true}]}}

Pathó Pál szobra

<p>Kisnemesi családban született 1795. június 7-én, Muzslán, Szlovákiában. Apja Pathó János, anyja Németh Borbála. Pathó Péter Pál néven anyakönyvezték. Egy testvére ismert, Ignác, aki 1788-ban született. Kétszer házasodott, először Menyhárt Teréziát vette feleségül 1818-ban, majd Terézia elhunytát követően Varga Erzsébetet 1843-ban, mindkettőt Magyarszőgyénben. Első feleségétől házasságuk tizenhatodik évében született első utódja, Pató Ferdinánd. Két feleségétől 1852-ig bezárólag még további hat alkalommal érkezett gyermekáldás.</p>
<p>Esztergom vármegye alszolgabírója, valamint Szőgyén község jegyzője volt. 1848-ban a helyi nemzetőrség megszervezője.</p>
<p>1855. április 28-án hunyt el tüdőszélhűdésben Magyarszőgyénben. Sírja is megtekinthető a helyi temetőben.</p>
<p>Petőfi Sándor 1847 novemberében írt Pató Pál úr című költeményében őt mintázta meg, amelyben a semmittevő köznemességet figurázza ki.</p>
<p>Petőfi Sándor: Pató Pál Úr</p>
<p>Mint elátkozott királyfi<br />Túl az Óperencián,<br />Él magában falujában<br />Pató Pál úr mogorván.<br />Be más lenne itt az élet.<br />Ha egy ifjú feleség&#8230;<br />Közbevágott Pató Pál úr:<br />&#8222;Ej, ráérünk arra még!&#8221;</p>
<p>Roskadófélben van a ház,<br />Hámlik le a vakolat,<br />S a szél egy darab födéllel<br />Már tudj&#8217; isten hol szalad;<br />Javítsuk ki, mert maholnap<br />Pallásról néz be az ég&#8230;<br />Közbevágott Pató Pál úr:<br />&#8222;Ej, ráérünk arra még!&#8221;</p>
<p>Puszta a kert, e helyett a<br />Szántóföld szépen virít,<br />Termi bőven a pipacsnak<br />Mindenféle nemeit.<br />Mit henyél az a sok béres?<br />Mit henyélnek az ekék?<br />Közbevágott Pató Pál úr:<br />&#8222;Ej, ráérünk arra még!&#8221;</p>
<p>Hát a mente, hát a nadrág,<br />Úgy megritkult, olyan ó,<br />Hogy szunyoghálónak is már<br />Csak szükségből volna jó;<br />Híni kell csak a szabót, a<br />Posztó meg van véve rég&#8230;<br />Közbevágott Pató Pál úr:<br />&#8222;Ej, ráérünk arra még!&#8221;</p>
<p>Életét így tengi által;<br />Bár apái nékie<br />Mindent oly bőven hagyának,<br />Soha sincsen semmije.<br />De ez nem az ő hibája;<br />Ő magyarnak születék,<br />S hazájában ősi jelszó:<br />&#8222;Ej, ráérünk arra még!&#8221;</p>
<p>Forrás: <a href="https://hu.wikipedia.org/wiki/Pat%C3%B3_P%C3%A1l">https://hu.wikipedia.org</a></p>
<p>Foto: Pató Pál arcképe, rajzolta Ádám Ajtony Ponori Thewrewk</p>
<p>         Pató Pál és Wargha Örzsébet sírja, Szőgyénben, Ádám Ajtony Ponori Thewrewk</p>
