{"id":1150,"date":"2026-04-10T20:46:02","date_gmt":"2026-04-10T18:46:02","guid":{"rendered":"https:\/\/visitdanube.eu\/?post_type=zaujimavost&#038;p=1150"},"modified":"2026-04-28T09:34:01","modified_gmt":"2026-04-28T07:34:01","slug":"szuz-maria-kapolna-3","status":"publish","type":"zaujimavost","link":"https:\/\/visitdanube.eu\/hu\/latvanyossag\/szuz-maria-kapolna-3\/","title":{"rendered":"A Lourdes-i Boldogs\u00e1gos Sz\u0171z M\u00e1ria tisztelet\u00e9re szentelt k\u00e1polna"},"content":{"rendered":"<p>A k\u00f6zs\u00e9gben t\u00f6bb nemesi csal\u00e1d telepedett le. K\u00f6zt\u00fck a Hro\u0161\u0161o csal\u00e1d is. Egyik lesz\u00e1rmazottjuk t\u00f6bbsz\u00f6r eml\u00edt\u00e9st tett egy k\u00e1poln\u00e1r\u00f3l, amely k\u00fari\u00e1juk k\u00f6zel\u00e9ben \u00e1llt. Mint k\u00e9s\u0151bb kider\u00fclt, nem k\u00e1polna, hanem lourdes-i barlang volt. <\/p>\n<p>A Smidt Tam\u00e1s \u00e1ltal tervezett k\u00e1poln\u00e1t v\u00e9g\u00fcl a Karvai \u00d6sszevont Szakk\u00f6z\u00e9piskola, a Korekt s.r.o. \u00e9s \u00fcgyvezet\u0151je Nyers L\u00e1szl\u00f3, a Juvis s.r.o. Nitra \u00fcgyvezet\u0151je Roman Kubica, a Czibor Zolt\u00e1n s.r.o. Kom\u00e1rno, \u00fcgyvezet\u0151je Czibor Zolt\u00e1n seg\u00edts\u00e9g\u00e9vel \u00e9p\u00edtett\u00e9k fel. A tet\u0151szerkezetet a sz\u0151gy\u00e9ni Smidt R\u00f3bert \u00e9s \u00e9desapja Smidt Ferenc k\u00e9sz\u00edtette. A Nemzeti Er\u0151forr\u00e1s Miniszt\u00e9rium\u00e1t\u00f3l kapott t\u00e1mogat\u00e1snak k\u00f6sz\u00f6nhet\u0151en fejezt\u00e9k be teljesen a k\u00e1poln\u00e1t.<\/p>\n<p>A benne tal\u00e1lhat\u00f3 h\u00e1rom domborm\u0171vet szint\u00e9n Smidt R\u00f3bert k\u00e9sz\u00edtette. A bels\u0151 t\u00e9r kialak\u00edt\u00e1s\u00e1n\u00e1l az egyszer\u0171s\u00e9gre helyezt\u00e9k a hangs\u00falyt: az olt\u00e1r el\u0151tt t\u00e9rdepl\u0151, a bej\u00e1ratn\u00e1l a csod\u00e1latos gy\u00f3gyul\u00e1sokat tan\u00fas\u00edt\u00f3 t\u00e1bla \u00e9s IX. Piusz p\u00e1pa, illetve II. J\u00e1nos P\u00e1l p\u00e1pa portr\u00e9ja fogadja a zar\u00e1ndokokat.<br \/>A k\u00e1polna l\u00e1togathat\u00f3, a kulcs\u00e1t a f\u0151t\u00e9r mellett l\u00e9v\u0151 k\u00f6zs\u00e9gh\u00e1za alkalmazottait\u00f3l kell elk\u00e9rni.<\/p>\n<p><\/p>\n<p>Forr\u00e1s: <a href=\"https:\/\/emlekhelyek.csemadok.sk\/emlekhelyek\/a-lourdes-i-boldogsagos-szuz-maria-tiszteletere-szentelt-kapolna\/\">https:\/\/emlekhelyek.csemadok.sk\/emlekhelyek\/a-lour&#8230;<\/a><\/p>\n<p>K\u00e9pek: <a href=\"http:\/\/www.kravany.com\/\">http:\/\/www.kravany.com\/<\/a><\/p>\n","protected":false},"featured_media":1695,"template":"","meta":{"_acf_changed":false},"tags":[],"kategoria-programov":[104],"obec":[75],"class_list":["post-1150","zaujimavost","type-zaujimavost","status-publish","has-post-thumbnail","hentry","kategoria-programov-kulturaval","obec-karva"],"acf":[],"_links":{"self":[{"href":"https:\/\/visitdanube.eu\/hu\/wp-json\/wp\/v2\/zaujimavost\/1150","targetHints":{"allow":["GET"]}}],"collection":[{"href":"https:\/\/visitdanube.eu\/hu\/wp-json\/wp\/v2\/zaujimavost"}],"about":[{"href":"https:\/\/visitdanube.eu\/hu\/wp-json\/wp\/v2\/types\/zaujimavost"}],"wp:featuredmedia":[{"embeddable":true,"href":"https:\/\/visitdanube.eu\/hu\/wp-json\/wp\/v2\/media\/1695"}],"wp:attachment":[{"href":"https:\/\/visitdanube.eu\/hu\/wp-json\/wp\/v2\/media?parent=1150"}],"wp:term":[{"taxonomy":"post_tag","embeddable":true,"href":"https:\/\/visitdanube.eu\/hu\/wp-json\/wp\/v2\/tags?post=1150"},{"taxonomy":"kategoria-programov","embeddable":true,"href":"https:\/\/visitdanube.eu\/hu\/wp-json\/wp\/v2\/kategoria-programov?post=1150"},{"taxonomy":"obec","embeddable":true,"href":"https:\/\/visitdanube.eu\/hu\/wp-json\/wp\/v2\/obec?post=1150"}],"curies":[{"name":"wp","href":"https:\/\/api.w.org\/{rel}","templated":true}]}}

A Lourdes-i Boldogságos Szűz Mária tiszteletére szentelt kápolna

<p>A községben több nemesi család telepedett le. Köztük a Hroššo család is. Egyik leszármazottjuk többször említést tett egy kápolnáról, amely kúriájuk közelében állt. Mint később kiderült, nem kápolna, hanem lourdes-i barlang volt. </p>
<p>A Smidt Tamás által tervezett kápolnát végül a Karvai Összevont Szakközépiskola, a Korekt s.r.o. és ügyvezetője Nyers László, a Juvis s.r.o. Nitra ügyvezetője Roman Kubica, a Czibor Zoltán s.r.o. Komárno, ügyvezetője Czibor Zoltán segítségével építették fel. A tetőszerkezetet a szőgyéni Smidt Róbert és édesapja Smidt Ferenc készítette. A Nemzeti Erőforrás Minisztériumától kapott támogatásnak köszönhetően fejezték be teljesen a kápolnát.</p>
<p>A benne található három domborművet szintén Smidt Róbert készítette. A belső tér kialakításánál az egyszerűségre helyezték a hangsúlyt: az oltár előtt térdeplő, a bejáratnál a csodálatos gyógyulásokat tanúsító tábla és IX. Piusz pápa, illetve II. János Pál pápa portréja fogadja a zarándokokat.<br />A kápolna látogatható, a kulcsát a főtér mellett lévő községháza alkalmazottaitól kell elkérni.</p>
<p></p>
<p>Forrás: <a href="https://emlekhelyek.csemadok.sk/emlekhelyek/a-lourdes-i-boldogsagos-szuz-maria-tiszteletere-szentelt-kapolna/">https://emlekhelyek.csemadok.sk/emlekhelyek/a-lour&#8230;</a></p>
<p>Képek: <a href="http://www.kravany.com/">http://www.kravany.com/</a></p>
