{"id":1152,"date":"2026-04-10T20:48:17","date_gmt":"2026-04-10T18:48:17","guid":{"rendered":"https:\/\/visitdanube.eu\/?post_type=zaujimavost&#038;p=1152"},"modified":"2026-04-28T09:33:30","modified_gmt":"2026-04-28T07:33:30","slug":"fa-haranglab","status":"publish","type":"zaujimavost","link":"https:\/\/visitdanube.eu\/hu\/latvanyossag\/fa-haranglab\/","title":{"rendered":"Harangl\u00e1b"},"content":{"rendered":"<p>Mivel a helyi r\u00f3mai katolikus templom torony n\u00e9lk\u00fcl \u00e9p\u00fclt, az \u00f6reg temet\u0151ben a 18. sz\u00e1zadban fa harangl\u00e1bat emeltek. A templom el\u0151tt \u00e1ll\u00f3 mai harangl\u00e1b 1926-ban \u00e9p\u00fclt. Als\u00f3 r\u00e9sze falazott, fels\u0151 r\u00e9sz\u00e9t deszk\u00e1b\u00f3l \u00fct\u00f6tt\u00e9k \u00f6ssze, g\u00fala alak\u00fa b\u00e1dogteteje kereszttel v\u00e9gz\u0151dik. A harangl\u00e1bban ma k\u00e9t bronzharang f\u00fcgg. Az egyik a karvai hiv\u0151k aj\u00e1nd\u00e9ka, \u00e9s a Fischer testv\u00e9rek c\u00e9ge \u00f6nt\u00f6tte Nagyszombatban 1920-ban. A m\u00e1sikat 1928-ban, Ambr\u00edk Imre pap tev\u00e9kenys\u00e9ge idej\u00e9n Welner L\u0151rinc harang\u00f6nt\u0151 k\u00e9sz\u00edtette, a legnagyobb adom\u00e1nnyal Szota J\u00e1nos j\u00e1rult hozz\u00e1. Ezek a harangok p\u00f3tolt\u00e1k a kor\u00e1bbiakat, amelyeket az I. vil\u00e1gh\u00e1bor\u00fa idej\u00e9n katonai c\u00e9lokra (\u00e1gy\u00fa\u00f6nt\u00e9sre) elkoboztak.<\/p>\n<p>Forr\u00e1s: <a href=\"http:\/\/www.kravany.com\/\">http:\/\/www.kravany.com\/<\/a><\/p>\n<p>K\u00e9p: Szeder L\u00e1szl\u00f3, Wikip\u00e9dia<\/p>\n","protected":false},"featured_media":1693,"template":"","meta":{"_acf_changed":false},"tags":[],"kategoria-programov":[104],"obec":[75],"class_list":["post-1152","zaujimavost","type-zaujimavost","status-publish","has-post-thumbnail","hentry","kategoria-programov-kulturaval","obec-karva"],"acf":[],"_links":{"self":[{"href":"https:\/\/visitdanube.eu\/hu\/wp-json\/wp\/v2\/zaujimavost\/1152","targetHints":{"allow":["GET"]}}],"collection":[{"href":"https:\/\/visitdanube.eu\/hu\/wp-json\/wp\/v2\/zaujimavost"}],"about":[{"href":"https:\/\/visitdanube.eu\/hu\/wp-json\/wp\/v2\/types\/zaujimavost"}],"wp:featuredmedia":[{"embeddable":true,"href":"https:\/\/visitdanube.eu\/hu\/wp-json\/wp\/v2\/media\/1693"}],"wp:attachment":[{"href":"https:\/\/visitdanube.eu\/hu\/wp-json\/wp\/v2\/media?parent=1152"}],"wp:term":[{"taxonomy":"post_tag","embeddable":true,"href":"https:\/\/visitdanube.eu\/hu\/wp-json\/wp\/v2\/tags?post=1152"},{"taxonomy":"kategoria-programov","embeddable":true,"href":"https:\/\/visitdanube.eu\/hu\/wp-json\/wp\/v2\/kategoria-programov?post=1152"},{"taxonomy":"obec","embeddable":true,"href":"https:\/\/visitdanube.eu\/hu\/wp-json\/wp\/v2\/obec?post=1152"}],"curies":[{"name":"wp","href":"https:\/\/api.w.org\/{rel}","templated":true}]}}

Harangláb

<p>Mivel a helyi római katolikus templom torony nélkül épült, az öreg temetőben a 18. században fa haranglábat emeltek. A templom előtt álló mai harangláb 1926-ban épült. Alsó része falazott, felső részét deszkából ütötték össze, gúla alakú bádogteteje kereszttel végződik. A haranglábban ma két bronzharang függ. Az egyik a karvai hivők ajándéka, és a Fischer testvérek cége öntötte Nagyszombatban 1920-ban. A másikat 1928-ban, Ambrík Imre pap tevékenysége idején Welner Lőrinc harangöntő készítette, a legnagyobb adománnyal Szota János járult hozzá. Ezek a harangok pótolták a korábbiakat, amelyeket az I. világháború idején katonai célokra (ágyúöntésre) elkoboztak.</p>
<p>Forrás: <a href="http://www.kravany.com/">http://www.kravany.com/</a></p>
<p>Kép: Szeder László, Wikipédia</p>
