{"id":1153,"date":"2026-04-10T20:48:23","date_gmt":"2026-04-10T18:48:23","guid":{"rendered":"https:\/\/visitdanube.eu\/?post_type=zaujimavost&#038;p=1153"},"modified":"2026-04-21T08:20:06","modified_gmt":"2026-04-21T06:20:06","slug":"a-bottka-csalad-egykori-kuriaja","status":"publish","type":"zaujimavost","link":"https:\/\/visitdanube.eu\/hu\/latvanyossag\/a-bottka-csalad-egykori-kuriaja\/","title":{"rendered":"Az egykori Bottka-k\u00faria"},"content":{"rendered":"<p>A mai M\u00e1ria-majort 1880 t\u00e1j\u00e1n v\u00e1s\u00e1rolta meg dr. Sz\u0151ke Gyula budapesti professzor, \u00e9s kisebb k\u00fari\u00e1t \u00e9p\u00edttetett ny\u00e1ri lak gyan\u00e1nt. A k\u00f6zs\u00e9g \u00e9s k\u00f6rny\u00e9ke sok jeles szem\u00e9lyis\u00e9g kedvenc ny\u00e1ri tart\u00f3zkod\u00e1si helye volt, \u00e9s ny\u00e1ri lakhelyeiket m\u00e1s h\u00edres szem\u00e9lyis\u00e9gek is megtisztelt\u00e9k jelenl\u00e9t\u00fckkel. Mindez nyilv\u00e1n a term\u00e9szet var\u00e1zs\u00e1nak \u00e9s vonzerej\u00e9nek k\u00f6sz\u00f6nhet\u0151. <\/p>\n<p>1929-ben Bottka P\u00e1l \u00e9s feles\u00e9ge, Esk\u00fcdt Ilona vette meg Sz\u0151k\u00e9\u00e9kt\u0151l a birtokot \u00e9s a k\u00fari\u00e1t, \u00e9s teraszok hozz\u00e1\u00e9p\u00edt\u00e9s\u00e9vel a mai form\u00e1j\u00e1ra \u00e9p\u00edtett\u00e9k \u00e1t. A csal\u00e1d a Vereb\u00e9ly melletti M\u00e1rtonfalv\u00e1r\u00f3l sz\u00e1rmazik 1952-ben azonban elkobozt\u00e1k a vagyonukat, \u00e9s csak egy szob\u00e1t haszn\u00e1lhattak. 1990-ben a csal\u00e1d visszakapta vagyon\u00e1t, \u00e9s a rossz \u00e1llapotban l\u00e9v\u0151 \u00e9p\u00fcletet, amellyel az \u00e1llami birtok egy\u00e1ltal\u00e1n nem t\u00f6r\u0151d\u00f6tt, romantikus st\u00edlusban szeretn\u00e9 fel\u00faj\u00edtani. T\u00e9glalap alak\u00fa f\u00f6ldszintes \u00e9p\u00fclet magas kontyolt tet\u0151vel. Az \u00e9p\u00fclethez 1929-ben a keskenyebb homlokzatok ment\u00e9n balusztr\u00e1dos teraszokat \u00e9p\u00edtettek. Az egyik hozz\u00e1\u00e9p\u00edtett r\u00e9sz emeletes, a m\u00e1sik ma m\u00e1r fedett. Az \u00e9p\u00fclet egyszer\u0171 homlokzatait t\u00e9glalap alak\u00fa ablakok tagolj\u00e1k, a k\u00faria r\u00e9gi r\u00e9sze k\u00f6r\u00fcl szem\u00f6ld\u00f6k p\u00e1rk\u00e1ny fut k\u00f6rbe \u00e9s hangs\u00falyozott l\u00e1bazata van. A bej\u00e1rati kapuk port\u00e1l\u00e9ja r\u00f3zsasz\u00edn m\u00e1rv\u00e1nyb\u00f3l k\u00e9sz\u00fclt. <\/p>\n<p>Forr\u00e1s \u00e9s k\u00e9p: <a href=\"http:\/\/www.kravany.com\/\">http:\/\/www.kravany.com\/<\/a><\/p>\n","protected":false},"featured_media":362,"template":"","meta":{"_acf_changed":false},"tags":[],"kategoria-programov":[104],"obec":[75],"class_list":["post-1153","zaujimavost","type-zaujimavost","status-publish","has-post-thumbnail","hentry","kategoria-programov-kulturaval","obec-karva"],"acf":[],"_links":{"self":[{"href":"https:\/\/visitdanube.eu\/hu\/wp-json\/wp\/v2\/zaujimavost\/1153","targetHints":{"allow":["GET"]}}],"collection":[{"href":"https:\/\/visitdanube.eu\/hu\/wp-json\/wp\/v2\/zaujimavost"}],"about":[{"href":"https:\/\/visitdanube.eu\/hu\/wp-json\/wp\/v2\/types\/zaujimavost"}],"wp:featuredmedia":[{"embeddable":true,"href":"https:\/\/visitdanube.eu\/hu\/wp-json\/wp\/v2\/media\/362"}],"wp:attachment":[{"href":"https:\/\/visitdanube.eu\/hu\/wp-json\/wp\/v2\/media?parent=1153"}],"wp:term":[{"taxonomy":"post_tag","embeddable":true,"href":"https:\/\/visitdanube.eu\/hu\/wp-json\/wp\/v2\/tags?post=1153"},{"taxonomy":"kategoria-programov","embeddable":true,"href":"https:\/\/visitdanube.eu\/hu\/wp-json\/wp\/v2\/kategoria-programov?post=1153"},{"taxonomy":"obec","embeddable":true,"href":"https:\/\/visitdanube.eu\/hu\/wp-json\/wp\/v2\/obec?post=1153"}],"curies":[{"name":"wp","href":"https:\/\/api.w.org\/{rel}","templated":true}]}}

Az egykori Bottka-kúria

<p>A mai Mária-majort 1880 táján vásárolta meg dr. Szőke Gyula budapesti professzor, és kisebb kúriát építtetett nyári lak gyanánt. A község és környéke sok jeles személyiség kedvenc nyári tartózkodási helye volt, és nyári lakhelyeiket más híres személyiségek is megtisztelték jelenlétükkel. Mindez nyilván a természet varázsának és vonzerejének köszönhető. </p>
<p>1929-ben Bottka Pál és felesége, Esküdt Ilona vette meg Szőkééktől a birtokot és a kúriát, és teraszok hozzáépítésével a mai formájára építették át. A család a Verebély melletti Mártonfalváról származik 1952-ben azonban elkobozták a vagyonukat, és csak egy szobát használhattak. 1990-ben a család visszakapta vagyonát, és a rossz állapotban lévő épületet, amellyel az állami birtok egyáltalán nem törődött, romantikus stílusban szeretné felújítani. Téglalap alakú földszintes épület magas kontyolt tetővel. Az épülethez 1929-ben a keskenyebb homlokzatok mentén balusztrádos teraszokat építettek. Az egyik hozzáépített rész emeletes, a másik ma már fedett. Az épület egyszerű homlokzatait téglalap alakú ablakok tagolják, a kúria régi része körül szemöldök párkány fut körbe és hangsúlyozott lábazata van. A bejárati kapuk portáléja rózsaszín márványból készült. </p>
<p>Forrás és kép: <a href="http://www.kravany.com/">http://www.kravany.com/</a></p>
