{"id":1154,"date":"2026-04-10T20:48:29","date_gmt":"2026-04-10T18:48:29","guid":{"rendered":"https:\/\/visitdanube.eu\/?post_type=zaujimavost&#038;p=1154"},"modified":"2026-04-21T08:20:35","modified_gmt":"2026-04-21T06:20:35","slug":"a-lang-csalad-egykori-kastelya","status":"publish","type":"zaujimavost","link":"https:\/\/visitdanube.eu\/hu\/latvanyossag\/a-lang-csalad-egykori-kastelya\/","title":{"rendered":"Az egykori L\u00e1ng-kast\u00e9ly"},"content":{"rendered":"<p>A Hro\u0161\u0161o-k\u00faria szomsz\u00e9ds\u00e1g\u00e1ban tal\u00e1ljuk a falu legnagyobb kiterjed\u00e9s\u0171 kast\u00e9ly\u00e1t, amelyet a 19. sz\u00e1zad utols\u00f3 negyed\u00e9ben \u00e9p\u00edttetett Braun S\u00e1ndor \u00e9s feles\u00e9ge, Hazai J\u00f3zsa. 1899-ben Kobek Istv\u00e1n megv\u00e1s\u00e1rolta t\u0151l\u00fck a kast\u00e9lyt, majd 1905-ben dr. Fodor K\u00e1lm\u00e1n \u00e9s feles\u00e9ge, Berchtold Jozef\u00edna gr\u00f3fn\u0151 szerezte meg, 1910 ut\u00e1n pedig dr. Weszely Tibor \u00e9s feles\u00e9ge, Baich Jeanne b\u00e1r\u00f3n\u0151 lakott benne. 1917-ben a birtokot \u00e9s a kast\u00e9lyt L\u00e1ng Guszt\u00e1v budapesti gy\u00e1ros vette meg, \u00e9s az \u00e9p\u00fcletet szecesszi\u00f3s st\u00edlusban \u00e1t\u00e9p\u00edttette \u00e9s egys\u00e9ges\u00edttette. L\u00e1ng az \u00e9p\u00fcletet ny\u00e1ri rezidenciak\u00e9nt haszn\u00e1lta. 1945-ben ezt is konfisk\u00e1lt\u00e1k, \u00e9s 1953-t\u00f3l a mez\u0151gazdas\u00e1gi szakmunk\u00e1sk\u00e9pz\u0151 intern\u00e1tusa m\u0171k\u00f6dik benne. Az eredeti kast\u00e9ly k\u00e9t L alak\u00fa f\u00f6ldszintes \u00e9p\u00fcletb\u0151l \u00e1llt, f\u0151homlokzatukat az udvar fel\u0151l fapill\u00e9res folyos\u00f3 k\u00f6t\u00f6tte \u00f6ssze. A kast\u00e9lyt az \u00e1t\u00e9p\u00edt\u00e9ssel L\u00e1ng Guszt\u00e1v egys\u00e9ges\u00edtette, amikor is az eredeti emeletes v\u00edztorony egy\u00fattal bej\u00e1rati \u00e9p\u00fclet lett. Az emeletet csak sz\u00e1zadunk 50-es \u00e9veiben \u00e9p\u00edtett\u00e9k r\u00e1, \u00e9s meg\u0151rizt\u00e9k az \u00e9p\u00fclet eredeti \u00e9p\u00edt\u00e9szeti jelleg\u00e9t. Az \u00e9p\u00fclet sima homlokzatait t\u00e9glalap alak\u00fa ablakkeretekben ablakok tagolj\u00e1k h\u00e1rom kezd\u0151k\u0151vel, a sarkakat has\u00e1b rusztika d\u00edsz\u00edti. A park fel\u0151li homlokzaton lapos rizalit van, az udvari k\u00f6z\u00e9ps\u0151 intern\u00e1tusa h\u00e1romsz\u00f6glet\u0171 orommal v\u00e9gz\u0151dik. A kerti homlokzat egy r\u00e9sze az egykori terasszal egyenes attik\u00e1val v\u00e9gz\u0151dik, amelyet fogazat d\u00edsz\u00edt. A kast\u00e9ly udvar\u00e1n st\u00edlusos m\u0171szaki \u00e9p\u00fclet \u00e9s a k\u00fat k\u0151szeg\u00e9lye tal\u00e1lhat\u00f3 a 19. sz\u00e1zad v\u00e9g\u00e9r\u0151l.<\/p>\n<p>Forr\u00e1s \u00e9s k\u00e9p: <a href=\"http:\/\/www.kravany.com\/\">http:\/\/www.kravany.com\/<\/a><\/p>\n","protected":false},"featured_media":362,"template":"","meta":{"_acf_changed":false},"tags":[],"kategoria-programov":[104],"obec":[75],"class_list":["post-1154","zaujimavost","type-zaujimavost","status-publish","has-post-thumbnail","hentry","kategoria-programov-kulturaval","obec-karva"],"acf":[],"_links":{"self":[{"href":"https:\/\/visitdanube.eu\/hu\/wp-json\/wp\/v2\/zaujimavost\/1154","targetHints":{"allow":["GET"]}}],"collection":[{"href":"https:\/\/visitdanube.eu\/hu\/wp-json\/wp\/v2\/zaujimavost"}],"about":[{"href":"https:\/\/visitdanube.eu\/hu\/wp-json\/wp\/v2\/types\/zaujimavost"}],"wp:featuredmedia":[{"embeddable":true,"href":"https:\/\/visitdanube.eu\/hu\/wp-json\/wp\/v2\/media\/362"}],"wp:attachment":[{"href":"https:\/\/visitdanube.eu\/hu\/wp-json\/wp\/v2\/media?parent=1154"}],"wp:term":[{"taxonomy":"post_tag","embeddable":true,"href":"https:\/\/visitdanube.eu\/hu\/wp-json\/wp\/v2\/tags?post=1154"},{"taxonomy":"kategoria-programov","embeddable":true,"href":"https:\/\/visitdanube.eu\/hu\/wp-json\/wp\/v2\/kategoria-programov?post=1154"},{"taxonomy":"obec","embeddable":true,"href":"https:\/\/visitdanube.eu\/hu\/wp-json\/wp\/v2\/obec?post=1154"}],"curies":[{"name":"wp","href":"https:\/\/api.w.org\/{rel}","templated":true}]}}

Az egykori Láng-kastély

<p>A Hroššo-kúria szomszédságában találjuk a falu legnagyobb kiterjedésű kastélyát, amelyet a 19. század utolsó negyedében építtetett Braun Sándor és felesége, Hazai Józsa. 1899-ben Kobek István megvásárolta tőlük a kastélyt, majd 1905-ben dr. Fodor Kálmán és felesége, Berchtold Jozefína grófnő szerezte meg, 1910 után pedig dr. Weszely Tibor és felesége, Baich Jeanne bárónő lakott benne. 1917-ben a birtokot és a kastélyt Láng Gusztáv budapesti gyáros vette meg, és az épületet szecessziós stílusban átépíttette és egységesíttette. Láng az épületet nyári rezidenciaként használta. 1945-ben ezt is konfiskálták, és 1953-tól a mezőgazdasági szakmunkásképző internátusa működik benne. Az eredeti kastély két L alakú földszintes épületből állt, főhomlokzatukat az udvar felől fapilléres folyosó kötötte össze. A kastélyt az átépítéssel Láng Gusztáv egységesítette, amikor is az eredeti emeletes víztorony egyúttal bejárati épület lett. Az emeletet csak századunk 50-es éveiben építették rá, és megőrizték az épület eredeti építészeti jellegét. Az épület sima homlokzatait téglalap alakú ablakkeretekben ablakok tagolják három kezdőkővel, a sarkakat hasáb rusztika díszíti. A park felőli homlokzaton lapos rizalit van, az udvari középső internátusa háromszögletű orommal végződik. A kerti homlokzat egy része az egykori terasszal egyenes attikával végződik, amelyet fogazat díszít. A kastély udvarán stílusos műszaki épület és a kút kőszegélye található a 19. század végéről.</p>
<p>Forrás és kép: <a href="http://www.kravany.com/">http://www.kravany.com/</a></p>
