{"id":1155,"date":"2026-04-10T20:48:36","date_gmt":"2026-04-10T18:48:36","guid":{"rendered":"https:\/\/visitdanube.eu\/?post_type=zaujimavost&#038;p=1155"},"modified":"2026-04-21T08:20:43","modified_gmt":"2026-04-21T06:20:43","slug":"a-hrosso-csalad-egykori-kuriaja","status":"publish","type":"zaujimavost","link":"https:\/\/visitdanube.eu\/hu\/latvanyossag\/a-hrosso-csalad-egykori-kuriaja\/","title":{"rendered":"Az egykori Hro\u0161\u0161o-k\u00faria"},"content":{"rendered":"<p>A Duna t\u00f6lt\u00e9se mellett \u00e1ll egy jelent\u00e9ktelen \u00e9p\u00fclet, melynek t\u00f6rt\u00e9nelme eml\u00edt\u00e9sre m\u00e9lt\u00f3. A Nedeczky k\u00faria lerombol\u00e1sa ut\u00e1n ezen a helyen Gyulay Ferenc gr\u00f3f 1710 ut\u00e1n herceghez m\u00e9lt\u00f3 (Helischer szerint) emeletes barokk kast\u00e9lyt \u00e9p\u00edttetett. K\u00e9s\u0151bb a kast\u00e9lyt fia, II. Gyulay Ferenc \u00f6r\u00f6k\u00f6lte. A 18. sz\u00e1zad v\u00e9g\u00e9n a lebontott kast\u00e9ly hely\u00e9n Kond\u00e9 Benedek J\u00f3zsef f\u00f6ldszintes klasszicista k\u00fari\u00e1t \u00e9p\u00edttetett. Az itteni birtokot Ujlaky Francisk\u00e1val k\u00f6t\u00f6tt h\u00e1zass\u00e1ga r\u00e9v\u00e9n szerezte. A feles\u00e9g \u00e9desanyja Nedeczky Ilona volt, aki Ujlaky Ferenchez ment feles\u00e9g\u00fcl. Helischer szerint az \u00e9p\u00fclet minden szempontb\u00f3l k\u00e9nyelmes lak\u00e1st biztos\u00edt tulajdonos\u00e1nak. A k\u00faria ter\u00fclet\u00e9t ker\u00edt\u00e9s hat\u00e1rolta. Az \u00e9p\u00fclet mellett kisebb d\u00edszpark volt, amelyet Kond\u00e9 folyamatosan \u00faj egzotikus, k\u00fcl\u00f6nleges n\u00f6v\u00e9nyekkel gyarap\u00edtott. 1831-ben bek\u00f6vetkezett hal\u00e1la ut\u00e1n a k\u00faria a Nedeczky csal\u00e1d tulajdon\u00e1ba ker\u00fclt, \u0151k pedig Palkovics K\u00e1rolynak aj\u00e1nd\u00e9kozt\u00e1k. Az \u00e9p\u00fcletet Karva 1782-b\u0151l sz\u00e1rmaz\u00f3 katonai t\u00e9rk\u00e9p\u00e9n is felt\u00fcntett\u00e9k. 1893-ban a k\u00faria a birtokkal egy\u00fctt a Bakay csal\u00e1d tulajdona lett, 1904-ben eladt\u00e1k Kosztics Labudnak, aki cs\u00e1sz\u00e1rellenes \u00f6sszeesk\u00fcv\u00e9s r\u00e9szese volt, s ez\u00e9rt Jugoszl\u00e1vi\u00e1b\u00f3l Magyarorsz\u00e1gra sz\u00f6k\u00f6tt. Az \u00faj tulajdonos oldalsz\u00e1rnnyal b\u0151v\u00edtette az \u00e9p\u00fcletet, amely \u00edgy U alak\u00fa  alaprajz\u00fa lett. 1935-ben a birtokot \u00e9s a k\u00fari\u00e1t a Kuzmiczr\u00f3l sz\u00e1rmaz\u00f3 Michal Hro\u0161\u0161o v\u00e1s\u00e1rolta meg. 1949-ben a birtokot \u00e9s a k\u00fari\u00e1t is elkobozt\u00e1k, \u00e9s a helyi \u00e1llami birtok kapta meg. 1990-ben a Hro\u0161\u0161o csal\u00e1d a k\u00e1rp\u00f3tl\u00e1si elj\u00e1r\u00e1sok keret\u00e9ben visszakapta vagyon\u00e1t, de az \u00e1llami birtok \u00faj irodah\u00e1z\u00e1nak fel\u00e9p\u00fcl\u00e9se \u00f3ta a k\u00faria \u00e9p\u00fclete \u00fcresen \u00e1ll. <\/p>\n<p>Egyszer\u0171 U alak\u00fa f\u00f6ldszintes \u00e9p\u00fclet k\u00fcl\u00f6n\u00f6sebb \u00e9p\u00edt\u00e9szeti r\u00e9szletek n\u00e9lk\u00fcl, de \u00f6sszhat\u00e1sa klasszicista eredetre utal.<\/p>\n<p>Forr\u00e1s \u00e9s k\u00e9p: <a href=\"http:\/\/www.kravany.com\/\">http:\/\/www.kravany.com\/<\/a><\/p>\n","protected":false},"featured_media":362,"template":"","meta":{"_acf_changed":false},"tags":[],"kategoria-programov":[104],"obec":[75],"class_list":["post-1155","zaujimavost","type-zaujimavost","status-publish","has-post-thumbnail","hentry","kategoria-programov-kulturaval","obec-karva"],"acf":[],"_links":{"self":[{"href":"https:\/\/visitdanube.eu\/hu\/wp-json\/wp\/v2\/zaujimavost\/1155","targetHints":{"allow":["GET"]}}],"collection":[{"href":"https:\/\/visitdanube.eu\/hu\/wp-json\/wp\/v2\/zaujimavost"}],"about":[{"href":"https:\/\/visitdanube.eu\/hu\/wp-json\/wp\/v2\/types\/zaujimavost"}],"wp:featuredmedia":[{"embeddable":true,"href":"https:\/\/visitdanube.eu\/hu\/wp-json\/wp\/v2\/media\/362"}],"wp:attachment":[{"href":"https:\/\/visitdanube.eu\/hu\/wp-json\/wp\/v2\/media?parent=1155"}],"wp:term":[{"taxonomy":"post_tag","embeddable":true,"href":"https:\/\/visitdanube.eu\/hu\/wp-json\/wp\/v2\/tags?post=1155"},{"taxonomy":"kategoria-programov","embeddable":true,"href":"https:\/\/visitdanube.eu\/hu\/wp-json\/wp\/v2\/kategoria-programov?post=1155"},{"taxonomy":"obec","embeddable":true,"href":"https:\/\/visitdanube.eu\/hu\/wp-json\/wp\/v2\/obec?post=1155"}],"curies":[{"name":"wp","href":"https:\/\/api.w.org\/{rel}","templated":true}]}}

Az egykori Hroššo-kúria

<p>A Duna töltése mellett áll egy jelentéktelen épület, melynek történelme említésre méltó. A Nedeczky kúria lerombolása után ezen a helyen Gyulay Ferenc gróf 1710 után herceghez méltó (Helischer szerint) emeletes barokk kastélyt építtetett. Később a kastélyt fia, II. Gyulay Ferenc örökölte. A 18. század végén a lebontott kastély helyén Kondé Benedek József földszintes klasszicista kúriát építtetett. Az itteni birtokot Ujlaky Franciskával kötött házassága révén szerezte. A feleség édesanyja Nedeczky Ilona volt, aki Ujlaky Ferenchez ment feleségül. Helischer szerint az épület minden szempontból kényelmes lakást biztosít tulajdonosának. A kúria területét kerítés határolta. Az épület mellett kisebb díszpark volt, amelyet Kondé folyamatosan új egzotikus, különleges növényekkel gyarapított. 1831-ben bekövetkezett halála után a kúria a Nedeczky család tulajdonába került, ők pedig Palkovics Károlynak ajándékozták. Az épületet Karva 1782-ből származó katonai térképén is feltüntették. 1893-ban a kúria a birtokkal együtt a Bakay család tulajdona lett, 1904-ben eladták Kosztics Labudnak, aki császárellenes összeesküvés részese volt, s ezért Jugoszláviából Magyarországra szökött. Az új tulajdonos oldalszárnnyal bővítette az épületet, amely így U alakú  alaprajzú lett. 1935-ben a birtokot és a kúriát a Kuzmiczról származó Michal Hroššo vásárolta meg. 1949-ben a birtokot és a kúriát is elkobozták, és a helyi állami birtok kapta meg. 1990-ben a Hroššo család a kárpótlási eljárások keretében visszakapta vagyonát, de az állami birtok új irodaházának felépülése óta a kúria épülete üresen áll. </p>
<p>Egyszerű U alakú földszintes épület különösebb építészeti részletek nélkül, de összhatása klasszicista eredetre utal.</p>
<p>Forrás és kép: <a href="http://www.kravany.com/">http://www.kravany.com/</a></p>
