{"id":1156,"date":"2026-04-10T20:49:41","date_gmt":"2026-04-10T18:49:41","guid":{"rendered":"https:\/\/visitdanube.eu\/?post_type=zaujimavost&#038;p=1156"},"modified":"2026-04-28T09:33:06","modified_gmt":"2026-04-28T07:33:06","slug":"a-szarvassy-csalad-egykori-kastelya","status":"publish","type":"zaujimavost","link":"https:\/\/visitdanube.eu\/hu\/latvanyossag\/a-szarvassy-csalad-egykori-kastelya\/","title":{"rendered":"Az egykori Szarvassy-kast\u00e9ly"},"content":{"rendered":"<p>A falu nyugati r\u00e9sz\u00e9n a dunai t\u00f6lt\u00e9s mellett tal\u00e1lhat\u00f3 az a kast\u00e9ly, amelyet a 18. sz\u00e1zad 2. fel\u00e9ben alighanem a Missics csal\u00e1d \u00e9p\u00edttetett. <\/p>\n<p>A 19. sz\u00e1zad els\u0151 fel\u00e9ben a vagyon a Kollerek kez\u00e9re ker\u00fclt, t\u0151l\u00fck Fridmann birtokos v\u00e1s\u00e1rolta meg. T\u0151le 1890-ben Szarvassy S\u00e1ndor v\u00e1s\u00e1rolta meg a birtokot \u00e9s a kast\u00e9lyt, majd 1894-ben fel\u00faj\u00edttatta \u00e9s romantikus st\u00edlusban \u00e1t\u00e9p\u00edttette. A kast\u00e9ly mellett kiterjedt park volt. Hal\u00e1la ut\u00e1n 1942-ig fia, Szarvassy Imre birtokolta a kast\u00e9lyt. 1959 \u00f3ta a fel\u00faj\u00edtott \u00e9s kib\u0151v\u00edtett \u00e9p\u00fcletben m\u0171k\u00f6dik a mez\u0151gazdas\u00e1gi szakmunk\u00e1sk\u00e9pz\u0151 tanint\u00e9zet.  <\/p>\n<p>Eredetileg L alak\u00fa f\u00f6ldszintes \u00e9p\u00fclet volt. A f\u0151sz\u00e1rny keleti oldal\u00e1n b\u00e1bos balusztr\u00e1ddal v\u00e9gz\u0151d\u0151 emeletes v\u00edztorony volt. Hasonl\u00f3 megold\u00e1s\u00fa volt az udvari bej\u00e1rati kapu \u00e9s a nyugati bej\u00e1rati homlokzat is. A kilenctengely\u0171 f\u0151homlokzatot t\u00e9glalap alak\u00fa ablakok tagolt\u00e1k kezd\u0151k\u00f6ves ablakkeretben szem\u00f6ld\u00f6kp\u00e1rk\u00e1nnyal. A h\u00e1romtengely\u0171 k\u00f6z\u00e9ps\u0151 rizalitnak f\u00e9lk\u00f6r\u00edves lez\u00e1r\u00e1s\u00fa ablakai voltak, \u00e9s egyenes oromban v\u00e9gz\u0151d\u00f6tt. Az \u00e9p\u00fclet sarkait has\u00e1brusztika hangs\u00falyozta. Az utols\u00f3 \u00e1t\u00e9p\u00edt\u00e9skor \u00e9s emeletr\u00e1\u00e9p\u00edt\u00e9skor, illetve a k\u00e9s\u0151bbi hozz\u00e1\u00e9p\u00edt\u00e9sekkel az \u00e9p\u00fclet teljesen elvesztette eredeti alakj\u00e1t. Az eredeti park megmaradt r\u00e9sz\u00e9ben most is l\u00e1that\u00f3 a parasztasszony szobra, Szarvassy s\u00f3gorn\u0151j\u00e9nek alkot\u00e1sa, az egykori sz\u00f6k\u0151k\u00fat k\u0151szeg\u00e9lye, amelyen a n\u00e9gy \u00e9vszak domborm\u0171ve van, \u00e9s az egykori pergola szerkezet\u00e9nek egy r\u00e9sze.  A kast\u00e9ly mellett tal\u00e1lhat\u00f3 a j\u00f3sz\u00e1gigazgat\u00f3 \u00e9s a szem\u00e9lyzet lak\u00e1sainak helyt ad\u00f3 hasonl\u00f3 \u00e9p\u00fclet, az emeletes rizalitban Szarvassy Imre meteorol\u00f3giai \u00e1llom\u00e1s\u00e1nak megfigyel\u0151 \u00e9s m\u00e9r\u0151m\u0171szereit tartotta. A kast\u00e9ly mellett az udvarban megmaradt az eredeti kov\u00e1\u00adcsoltvas ker\u00edt\u00e9s egy r\u00e9sze a kapuval. Az egykori Szarvassy-parkban 1908-ban Szarvassy s\u00f3gora, dr. Kuzmik P\u00e1l szecesszi\u00f3s kast\u00e9lyt \u00e9p\u00edttetett, amelyet ny\u00e1ri lakk\u00e9nt haszn\u00e1lt.  1935-ben az \u00e9p\u00fcletet moderniz\u00e1lt\u00e1k. 1956-t\u00f3l az elkonfisk\u00e1lt \u00e9p\u00fcletet a mez\u0151gazdas\u00e1gi szakmunk\u00e1sk\u00e9pz\u0151 int\u00e9zet haszn\u00e1lta, majd 1961-ben a karvai eg\u00e9szs\u00e9g\u00fcgyi k\u00f6zpont kapott benne helyet. 1970 \u00f3ta az \u00e9p\u00fclet a Pint\u00e9r csal\u00e1d tulajdona. A m\u0171teremben, amely a kast\u00e9lykert h\u00e1ts\u00f3 fel\u00e9ben \u00e1llt, sz\u00e1zadunk 30-as \u00e9veiben Kuzmik L\u00edvia f\u00e9rje, a holland sz\u00e1rmaz\u00e1s\u00fa fest\u0151m\u0171v\u00e9sz, Hubert Sweerts-Sparock alkotott. <\/p>\n<p>A kast\u00e9ly t\u00e9glalap alaprajz\u00fa emeletes \u00e9p\u00fclet. A sima homlokzatokat h\u00e1romr\u00e9szes ablakok tagolj\u00e1k k\u00f6ny\u00f6kl\u0151p\u00e1rk\u00e1nnyal. A nyugati homlokzaton soksz\u00f6glet\u0171 rizalit van, a hajlatokban fals\u00e1vokkal, amelyeken terasz van. A d\u00e9lkeleti sarkon loggia, a f\u00f6ldszinti homlokzat k\u00f6zep\u00e9n z\u00e1rt erk\u00e9ly van nagy ablakkal. A kast\u00e9ly eredeti berendez\u00e9se r\u00e9szben megmaradt.<\/p>\n<p>Forr\u00e1s: <a href=\"http:\/\/www.kravany.com\/\">http:\/\/www.kravany.com\/<\/a><\/p>\n<p>K\u00e9p: Szeder L\u00e1szl\u00f3, Wikip\u00e9dia<\/p>\n<p><\/p>\n","protected":false},"featured_media":1692,"template":"","meta":{"_acf_changed":false},"tags":[],"kategoria-programov":[104],"obec":[75],"class_list":["post-1156","zaujimavost","type-zaujimavost","status-publish","has-post-thumbnail","hentry","kategoria-programov-kulturaval","obec-karva"],"acf":[],"_links":{"self":[{"href":"https:\/\/visitdanube.eu\/hu\/wp-json\/wp\/v2\/zaujimavost\/1156","targetHints":{"allow":["GET"]}}],"collection":[{"href":"https:\/\/visitdanube.eu\/hu\/wp-json\/wp\/v2\/zaujimavost"}],"about":[{"href":"https:\/\/visitdanube.eu\/hu\/wp-json\/wp\/v2\/types\/zaujimavost"}],"wp:featuredmedia":[{"embeddable":true,"href":"https:\/\/visitdanube.eu\/hu\/wp-json\/wp\/v2\/media\/1692"}],"wp:attachment":[{"href":"https:\/\/visitdanube.eu\/hu\/wp-json\/wp\/v2\/media?parent=1156"}],"wp:term":[{"taxonomy":"post_tag","embeddable":true,"href":"https:\/\/visitdanube.eu\/hu\/wp-json\/wp\/v2\/tags?post=1156"},{"taxonomy":"kategoria-programov","embeddable":true,"href":"https:\/\/visitdanube.eu\/hu\/wp-json\/wp\/v2\/kategoria-programov?post=1156"},{"taxonomy":"obec","embeddable":true,"href":"https:\/\/visitdanube.eu\/hu\/wp-json\/wp\/v2\/obec?post=1156"}],"curies":[{"name":"wp","href":"https:\/\/api.w.org\/{rel}","templated":true}]}}

Az egykori Szarvassy-kastély

<p>A falu nyugati részén a dunai töltés mellett található az a kastély, amelyet a 18. század 2. felében alighanem a Missics család építtetett. </p>
<p>A 19. század első felében a vagyon a Kollerek kezére került, tőlük Fridmann birtokos vásárolta meg. Tőle 1890-ben Szarvassy Sándor vásárolta meg a birtokot és a kastélyt, majd 1894-ben felújíttatta és romantikus stílusban átépíttette. A kastély mellett kiterjedt park volt. Halála után 1942-ig fia, Szarvassy Imre birtokolta a kastélyt. 1959 óta a felújított és kibővített épületben működik a mezőgazdasági szakmunkásképző tanintézet.  </p>
<p>Eredetileg L alakú földszintes épület volt. A főszárny keleti oldalán bábos balusztráddal végződő emeletes víztorony volt. Hasonló megoldású volt az udvari bejárati kapu és a nyugati bejárati homlokzat is. A kilenctengelyű főhomlokzatot téglalap alakú ablakok tagolták kezdőköves ablakkeretben szemöldökpárkánnyal. A háromtengelyű középső rizalitnak félköríves lezárású ablakai voltak, és egyenes oromban végződött. Az épület sarkait hasábrusztika hangsúlyozta. Az utolsó átépítéskor és emeletráépítéskor, illetve a későbbi hozzáépítésekkel az épület teljesen elvesztette eredeti alakját. Az eredeti park megmaradt részében most is látható a parasztasszony szobra, Szarvassy sógornőjének alkotása, az egykori szökőkút kőszegélye, amelyen a négy évszak domborműve van, és az egykori pergola szerkezetének egy része.  A kastély mellett található a jószágigazgató és a személyzet lakásainak helyt adó hasonló épület, az emeletes rizalitban Szarvassy Imre meteorológiai állomásának megfigyelő és mérőműszereit tartotta. A kastély mellett az udvarban megmaradt az eredeti ková­csoltvas kerítés egy része a kapuval. Az egykori Szarvassy-parkban 1908-ban Szarvassy sógora, dr. Kuzmik Pál szecessziós kastélyt építtetett, amelyet nyári lakként használt.  1935-ben az épületet modernizálták. 1956-tól az elkonfiskált épületet a mezőgazdasági szakmunkásképző intézet használta, majd 1961-ben a karvai egészségügyi központ kapott benne helyet. 1970 óta az épület a Pintér család tulajdona. A műteremben, amely a kastélykert hátsó felében állt, századunk 30-as éveiben Kuzmik Lívia férje, a holland származású festőművész, Hubert Sweerts-Sparock alkotott. </p>
<p>A kastély téglalap alaprajzú emeletes épület. A sima homlokzatokat háromrészes ablakok tagolják könyöklőpárkánnyal. A nyugati homlokzaton sokszögletű rizalit van, a hajlatokban falsávokkal, amelyeken terasz van. A délkeleti sarkon loggia, a földszinti homlokzat közepén zárt erkély van nagy ablakkal. A kastély eredeti berendezése részben megmaradt.</p>
<p>Forrás: <a href="http://www.kravany.com/">http://www.kravany.com/</a></p>
<p>Kép: Szeder László, Wikipédia</p>
<p></p>
