{"id":1162,"date":"2026-04-10T20:50:21","date_gmt":"2026-04-10T18:50:21","guid":{"rendered":"https:\/\/visitdanube.eu\/?post_type=zaujimavost&#038;p=1162"},"modified":"2026-04-21T08:22:29","modified_gmt":"2026-04-21T06:22:29","slug":"szekely-kapu","status":"publish","type":"zaujimavost","link":"https:\/\/visitdanube.eu\/hu\/latvanyossag\/szekely-kapu\/","title":{"rendered":"Sz\u00e9kelykapu"},"content":{"rendered":"<p>A k\u00f6zs\u00e9gi hivatal el\u0151tt 2018-ban fel\u00e1ll\u00edtott faragott sz\u00e9kelykapu Felszegi S\u00e1ndor sz\u00e9kelyudvarhelyi (Rom\u00e1nia) fafarag\u00f3 alkot\u00e1sa. <\/p>\n<p>Forr\u00e1s \u00e9s k\u00e9p: <a href=\"https:\/\/www.iza.sk\/\">https:\/\/www.iza.sk\/<\/a><\/p>\n<p><\/p>\n","protected":false},"featured_media":333,"template":"","meta":{"_acf_changed":false},"tags":[],"kategoria-programov":[104],"obec":[73],"class_list":["post-1162","zaujimavost","type-zaujimavost","status-publish","has-post-thumbnail","hentry","kategoria-programov-kulturaval","obec-izsa"],"acf":[],"_links":{"self":[{"href":"https:\/\/visitdanube.eu\/hu\/wp-json\/wp\/v2\/zaujimavost\/1162","targetHints":{"allow":["GET"]}}],"collection":[{"href":"https:\/\/visitdanube.eu\/hu\/wp-json\/wp\/v2\/zaujimavost"}],"about":[{"href":"https:\/\/visitdanube.eu\/hu\/wp-json\/wp\/v2\/types\/zaujimavost"}],"wp:featuredmedia":[{"embeddable":true,"href":"https:\/\/visitdanube.eu\/hu\/wp-json\/wp\/v2\/media\/333"}],"wp:attachment":[{"href":"https:\/\/visitdanube.eu\/hu\/wp-json\/wp\/v2\/media?parent=1162"}],"wp:term":[{"taxonomy":"post_tag","embeddable":true,"href":"https:\/\/visitdanube.eu\/hu\/wp-json\/wp\/v2\/tags?post=1162"},{"taxonomy":"kategoria-programov","embeddable":true,"href":"https:\/\/visitdanube.eu\/hu\/wp-json\/wp\/v2\/kategoria-programov?post=1162"},{"taxonomy":"obec","embeddable":true,"href":"https:\/\/visitdanube.eu\/hu\/wp-json\/wp\/v2\/obec?post=1162"}],"curies":[{"name":"wp","href":"https:\/\/api.w.org\/{rel}","templated":true}]}}

Székelykapu

<p>A községi hivatal előtt 2018-ban felállított faragott székelykapu Felszegi Sándor székelyudvarhelyi (Románia) fafaragó alkotása. </p>
<p>Forrás és kép: <a href="https://www.iza.sk/">https://www.iza.sk/</a></p>
<p></p>
