{"id":1163,"date":"2026-04-10T20:50:26","date_gmt":"2026-04-10T18:50:26","guid":{"rendered":"https:\/\/visitdanube.eu\/?post_type=zaujimavost&#038;p=1163"},"modified":"2026-04-28T09:33:00","modified_gmt":"2026-04-28T07:33:00","slug":"geza-kapolna","status":"publish","type":"zaujimavost","link":"https:\/\/visitdanube.eu\/hu\/latvanyossag\/geza-kapolna\/","title":{"rendered":"G\u00e9za k\u00e1polna"},"content":{"rendered":"<p>A temet\u0151 a katolikus, az evang\u00e9likus \u00e9s a reform\u00e1tus egyh\u00e1zak h\u00edv\u0151inek egyar\u00e1nt szolg\u00e1l. Tiszt\u00edt\u00e1sakor meg\u0151rizt\u00e9k a r\u00e9gi k\u0151kereszteket, ezeket a jobb \u00e9s bal oldali fasor k\u00f6z\u00e9 kompon\u00e1lt\u00e1k. A Kurucz N\u00e1ndor tervezte halottash\u00e1z \u00e9p\u00fclete az el\u0151t\u00e9rben \u00e1ll.<\/p>\n<p>A temet\u0151 kiemelked\u0151 pontja a Kurucz csal\u00e1d kisk\u00e1poln\u00e1ja, a G\u00e9za-k\u00e1polna.Balra t\u0151le Nagy J\u00e1nos alkot\u00e1sa Kurucz Lujza s\u00edrj\u00e1n.<\/p>\n<p><a href=\"https:\/\/www.iza.sk\/data\/editor\/72hu_5_big.jpg?gcm_date=1535834823\"><\/a><\/p>\n<p>A k\u00e1polna m\u00f6g\u00f6tt, a temet\u0151 legmagasabb pontj\u00e1n tal\u00e1lhat\u00f3 a f\u0151kereszt, el\u0151tte a helyi papok s\u00edrjaival. N\u00e1dai K\u00e1lm\u00e1n izsai pl\u00e9b\u00e1nos (1884-1956), J\u00e1noki K\u00e1roly lelk\u00e9sz (1782-1840). Maga a f\u0151kereszt s\u00fctt\u0151i v\u00f6r\u00f6s m\u00e1rv\u00e1nyb\u00f3l k\u00e9sz\u00fclt 1788-ban, barokk st\u00edlusban. \u00d6nt\u00f6ttvas korpusza \u00fajabb eredet\u0171.<\/p>\n<p>Mint \u00e9rdekess\u00e9get meg kell eml\u00edteni az izsai temet\u0151 feh\u00e9rre festett fakeresztjeit. M\u00e1shol aligha tal\u00e1lkozunk ilyen, h\u00e1romsz\u00f6glet\u0171 tet\u0151csk\u00e9vel lefedett, egyforma s\u00edreml\u00e9kekkel.<\/p>\n<p>A temet\u0151 m\u00e1sik f\u0151keresztje szint\u00e9n s\u00fctt\u0151i v\u00f6r\u00f6s m\u00e1rv\u00e1nyb\u00f3l k\u00e9sz\u00fclt, \u00f6nt\u00f6ttvas korpusszal, ezzel a felirattal: \u201cK\u00e9sz\u00edttette Pongr\u00e1cz Ferenc pl\u00e9b\u00e1nos 1878-ban\u201d.<\/p>\n<p>Forr\u00e1s: <a href=\"https:\/\/www.iza.sk\/\">https:\/\/www.iza.sk\/<\/a><\/p>\n<p>K\u00e9p: Szeder, L\u00e1szl\u00f3, Wikip\u00e9dia<\/p>\n","protected":false},"featured_media":1691,"template":"","meta":{"_acf_changed":false},"tags":[],"kategoria-programov":[104],"obec":[73],"class_list":["post-1163","zaujimavost","type-zaujimavost","status-publish","has-post-thumbnail","hentry","kategoria-programov-kulturaval","obec-izsa"],"acf":[],"_links":{"self":[{"href":"https:\/\/visitdanube.eu\/hu\/wp-json\/wp\/v2\/zaujimavost\/1163","targetHints":{"allow":["GET"]}}],"collection":[{"href":"https:\/\/visitdanube.eu\/hu\/wp-json\/wp\/v2\/zaujimavost"}],"about":[{"href":"https:\/\/visitdanube.eu\/hu\/wp-json\/wp\/v2\/types\/zaujimavost"}],"wp:featuredmedia":[{"embeddable":true,"href":"https:\/\/visitdanube.eu\/hu\/wp-json\/wp\/v2\/media\/1691"}],"wp:attachment":[{"href":"https:\/\/visitdanube.eu\/hu\/wp-json\/wp\/v2\/media?parent=1163"}],"wp:term":[{"taxonomy":"post_tag","embeddable":true,"href":"https:\/\/visitdanube.eu\/hu\/wp-json\/wp\/v2\/tags?post=1163"},{"taxonomy":"kategoria-programov","embeddable":true,"href":"https:\/\/visitdanube.eu\/hu\/wp-json\/wp\/v2\/kategoria-programov?post=1163"},{"taxonomy":"obec","embeddable":true,"href":"https:\/\/visitdanube.eu\/hu\/wp-json\/wp\/v2\/obec?post=1163"}],"curies":[{"name":"wp","href":"https:\/\/api.w.org\/{rel}","templated":true}]}}

Géza kápolna

<p>A temető a katolikus, az evangélikus és a református egyházak hívőinek egyaránt szolgál. Tisztításakor megőrizték a régi kőkereszteket, ezeket a jobb és bal oldali fasor közé komponálták. A Kurucz Nándor tervezte halottasház épülete az előtérben áll.</p>
<p>A temető kiemelkedő pontja a Kurucz család kiskápolnája, a Géza-kápolna.Balra tőle Nagy János alkotása Kurucz Lujza sírján.</p>
<p><a href="https://www.iza.sk/data/editor/72hu_5_big.jpg?gcm_date=1535834823"></a></p>
<p>A kápolna mögött, a temető legmagasabb pontján található a főkereszt, előtte a helyi papok sírjaival. Nádai Kálmán izsai plébános (1884-1956), Jánoki Károly lelkész (1782-1840). Maga a főkereszt süttői vörös márványból készült 1788-ban, barokk stílusban. Öntöttvas korpusza újabb eredetű.</p>
<p>Mint érdekességet meg kell említeni az izsai temető fehérre festett fakeresztjeit. Máshol aligha találkozunk ilyen, háromszögletű tetőcskével lefedett, egyforma síremlékekkel.</p>
<p>A temető másik főkeresztje szintén süttői vörös márványból készült, öntöttvas korpusszal, ezzel a felirattal: “Készíttette Pongrácz Ferenc plébános 1878-ban”.</p>
<p>Forrás: <a href="https://www.iza.sk/">https://www.iza.sk/</a></p>
<p>Kép: Szeder, László, Wikipédia</p>
