{"id":1164,"date":"2026-04-10T20:50:28","date_gmt":"2026-04-10T18:50:28","guid":{"rendered":"https:\/\/visitdanube.eu\/?post_type=zaujimavost&#038;p=1164"},"modified":"2026-04-28T09:32:40","modified_gmt":"2026-04-28T07:32:40","slug":"artezi-kut","status":"publish","type":"zaujimavost","link":"https:\/\/visitdanube.eu\/hu\/latvanyossag\/artezi-kut\/","title":{"rendered":"\u00c1sv\u00e1nyv\u00edz forr\u00e1s"},"content":{"rendered":"<p>P\u00e1rk\u00e1ny fel\u00e9 haladva, a f\u0151\u00fat bal oldal\u00e1n \u00e1sv\u00e1nyv\u00edz forr\u00e1s tal\u00e1lhat\u00f3, amely kis pavilonnal van fedve \u00e9s 220 m\u00e9ter m\u00e9ly furatb\u00f3l t\u00f6r el\u0151.<\/p>\n<p>Forr\u00e1s: <a href=\"https:\/\/www.iza.sk\/\">https:\/\/www.iza.sk\/<\/a><\/p>\n<p>K\u00e9p: Szeder L\u00e1szl\u00f3, Wikip\u00e9dia<\/p>\n<p><\/p>\n","protected":false},"featured_media":1690,"template":"","meta":{"_acf_changed":false},"tags":[],"kategoria-programov":[104],"obec":[73],"class_list":["post-1164","zaujimavost","type-zaujimavost","status-publish","has-post-thumbnail","hentry","kategoria-programov-kulturaval","obec-izsa"],"acf":[],"_links":{"self":[{"href":"https:\/\/visitdanube.eu\/hu\/wp-json\/wp\/v2\/zaujimavost\/1164","targetHints":{"allow":["GET"]}}],"collection":[{"href":"https:\/\/visitdanube.eu\/hu\/wp-json\/wp\/v2\/zaujimavost"}],"about":[{"href":"https:\/\/visitdanube.eu\/hu\/wp-json\/wp\/v2\/types\/zaujimavost"}],"wp:featuredmedia":[{"embeddable":true,"href":"https:\/\/visitdanube.eu\/hu\/wp-json\/wp\/v2\/media\/1690"}],"wp:attachment":[{"href":"https:\/\/visitdanube.eu\/hu\/wp-json\/wp\/v2\/media?parent=1164"}],"wp:term":[{"taxonomy":"post_tag","embeddable":true,"href":"https:\/\/visitdanube.eu\/hu\/wp-json\/wp\/v2\/tags?post=1164"},{"taxonomy":"kategoria-programov","embeddable":true,"href":"https:\/\/visitdanube.eu\/hu\/wp-json\/wp\/v2\/kategoria-programov?post=1164"},{"taxonomy":"obec","embeddable":true,"href":"https:\/\/visitdanube.eu\/hu\/wp-json\/wp\/v2\/obec?post=1164"}],"curies":[{"name":"wp","href":"https:\/\/api.w.org\/{rel}","templated":true}]}}

Ásványvíz forrás

<p>Párkány felé haladva, a főút bal oldalán ásványvíz forrás található, amely kis pavilonnal van fedve és 220 méter mély furatból tör elő.</p>
<p>Forrás: <a href="https://www.iza.sk/">https://www.iza.sk/</a></p>
<p>Kép: Szeder László, Wikipédia</p>
<p></p>
