{"id":1167,"date":"2026-04-10T20:50:56","date_gmt":"2026-04-10T18:50:56","guid":{"rendered":"https:\/\/visitdanube.eu\/?post_type=zaujimavost&#038;p=1167"},"modified":"2026-04-28T09:32:17","modified_gmt":"2026-04-28T07:32:17","slug":"evangelikus-templom","status":"publish","type":"zaujimavost","link":"https:\/\/visitdanube.eu\/hu\/latvanyossag\/evangelikus-templom\/","title":{"rendered":"Evang\u00e9likus templom"},"content":{"rendered":"<p>Az izsai evang\u00e9likus templom alapk\u00f6v\u00e9t 1997 j\u00falius 19-\u00e9n helyezt\u00e9k el \u00e9s szentelt\u00e9k is fel egyben, az alf\u00f6ldr\u0151l \u00e1ttelep\u00edtett szlov\u00e1kok leteleped\u00e9s\u00e9nek 50. \u00e9vfordul\u00f3ja alkalm\u00e1b\u00f3l tartott megeml\u00e9kez\u00e9sen. Az \u00e9p\u00fcletet a Schwartz h\u00e1zasp\u00e1r tervezte, a f\u0151\u00e9p\u00edt\u00e9sz Ivica Schwartz \u00e9p\u00edt\u00e9szm\u00e9rn\u00f6k volt.<\/p>\n<p><a href=\"https:\/\/www.iza.sk\/data\/editor\/73hu_3_big.jpg?gcm_date=1535835042\"><\/a><\/p>\n<p>Egy \u00e9vvel k\u00e9s\u0151bb, 1998-ban, a helyi hitgy\u00fclekezet tagjai minnesottai bar\u00e1taik seg\u00edts\u00e9g\u00e9vel lerakt\u00e1k a templom alapjait.<\/p>\n<p>1999 \u2013 ben meg\u00e9p\u00fcltek a templom falai, valamint a tet\u0151szerkezet is elk\u00e9sz\u00fclt. Az \u00e9p\u00edtkez\u00e9st az izsai Ors\u00e1g Iv\u00e1n m\u00e9rn\u00f6k c\u00e9ge, a H&#038;O Construction v\u00e9gezte. A munk\u00e1latokat tev\u00e9kenyen seg\u00edtette Izsa k\u00f6zs\u00e9g, az egyh\u00e1zmegye valamint amerikai, n\u00e9met, holland \u00e9s magyar hittestv\u00e9rek, kar\u00f6ltve a helyb\u00e9li hitgy\u00fclekezet tagjaival. Ha kellett k\u00e9tkezi munk\u00e1val, de adom\u00e1nyok gy\u0171jt\u00e9s\u00e9vel is seg\u00edtettek.<\/p>\n<p>Ezut\u00e1n sajnos az anyagi forr\u00e1sok kimer\u00fcltek, k\u00e9nytelenek voltak a templom \u00e9p\u00edt\u00e9s\u00e9t sz\u00fcneteltetni.<\/p>\n<p>2010-ben a templom h\u00e1ts\u00f3 fala egy festm\u00e9nnyel gazdagodott, melyet Mester P\u00e9ter \u00e9s P\u00e1l fest\u0151m\u0171v\u00e9szek alkottak. A festm\u00e9ny az \u00daj- \u00e9s \u00d3sz\u00f6vets\u00e9gb\u0151l \u00e1br\u00e1zol jeleneteket.<\/p>\n<p>A temlom \u00e9p\u00edt\u00e9s\u00e9t v\u00e9g\u00fcl a n\u00e9metorsz\u00e1gi Gustav Adolf Werk t\u00e1rsul\u00e1s anyagi t\u00e1mogat\u00e1s\u00e1nak k\u00f6sz\u00f6nhet\u0151en siker\u00fclt befejezni.<\/p>\n<p>A templomban tal\u00e1lhat\u00f3 a felszentelt alapk\u0151 melyen a &#8222;Dics\u0151s\u00e9g a magass\u00e1gban Istennek&#8221; felirat olvashat\u00f3. Ugyanez a felirat tal\u00e1lhat\u00f3 egy\u00e9bk\u00e9nt a b\u00e9k\u00e9scsabai nagy evang\u00e9likus templom bej\u00e1rata felett is.<\/p>\n<p><a href=\"https:\/\/www.iza.sk\/data\/editor\/73hu_4_big.jpg?gcm_date=1535835091\"><\/a><\/p>\n<p>2012 j\u00fanius 16-\u00e1n Milan Krivda a nyugati ker\u00fclet p\u00fcsp\u00f6ke \u00fcnnep\u00e9lyesen felszentelte a templomot. Az esem\u00e9nyen r\u00e9szt vettek a vend\u00e9geken k\u00edv\u00fcl a legfels\u0151bb egyh\u00e1zi k\u00e9pvisel\u0151k, valamint Izsa k\u00f6zs\u00e9g vezet\u0151i is. A felszentel\u00e9st k\u00f6vet\u0151en nagy \u00f6r\u00f6mmel vett\u00e9k birtokba a temlomot, \u00e9s tartanak itt istentiszteletet a mai napig az izsai evang\u00e9likus hitgy\u00fclekezet tagjai.<\/p>\n<p>Forr\u00e1s: <a href=\"https:\/\/www.iza.sk\/\">https:\/\/www.iza.sk\/<\/a><\/p>\n<p>K\u00e9p: Szeder L\u00e1szl\u00f3, Wikip\u00e9dia<\/p>\n","protected":false},"featured_media":1688,"template":"","meta":{"_acf_changed":false},"tags":[],"kategoria-programov":[104],"obec":[73],"class_list":["post-1167","zaujimavost","type-zaujimavost","status-publish","has-post-thumbnail","hentry","kategoria-programov-kulturaval","obec-izsa"],"acf":[],"_links":{"self":[{"href":"https:\/\/visitdanube.eu\/hu\/wp-json\/wp\/v2\/zaujimavost\/1167","targetHints":{"allow":["GET"]}}],"collection":[{"href":"https:\/\/visitdanube.eu\/hu\/wp-json\/wp\/v2\/zaujimavost"}],"about":[{"href":"https:\/\/visitdanube.eu\/hu\/wp-json\/wp\/v2\/types\/zaujimavost"}],"wp:featuredmedia":[{"embeddable":true,"href":"https:\/\/visitdanube.eu\/hu\/wp-json\/wp\/v2\/media\/1688"}],"wp:attachment":[{"href":"https:\/\/visitdanube.eu\/hu\/wp-json\/wp\/v2\/media?parent=1167"}],"wp:term":[{"taxonomy":"post_tag","embeddable":true,"href":"https:\/\/visitdanube.eu\/hu\/wp-json\/wp\/v2\/tags?post=1167"},{"taxonomy":"kategoria-programov","embeddable":true,"href":"https:\/\/visitdanube.eu\/hu\/wp-json\/wp\/v2\/kategoria-programov?post=1167"},{"taxonomy":"obec","embeddable":true,"href":"https:\/\/visitdanube.eu\/hu\/wp-json\/wp\/v2\/obec?post=1167"}],"curies":[{"name":"wp","href":"https:\/\/api.w.org\/{rel}","templated":true}]}}

Evangélikus templom

<p>Az izsai evangélikus templom alapkövét 1997 július 19-én helyezték el és szentelték is fel egyben, az alföldről áttelepített szlovákok letelepedésének 50. évfordulója alkalmából tartott megemlékezésen. Az épületet a Schwartz házaspár tervezte, a főépítész Ivica Schwartz építészmérnök volt.</p>
<p><a href="https://www.iza.sk/data/editor/73hu_3_big.jpg?gcm_date=1535835042"></a></p>
<p>Egy évvel később, 1998-ban, a helyi hitgyülekezet tagjai minnesottai barátaik segítségével lerakták a templom alapjait.</p>
<p>1999 – ben megépültek a templom falai, valamint a tetőszerkezet is elkészült. Az építkezést az izsai Orság Iván mérnök cége, a H&#038;O Construction végezte. A munkálatokat tevékenyen segítette Izsa község, az egyházmegye valamint amerikai, német, holland és magyar hittestvérek, karöltve a helybéli hitgyülekezet tagjaival. Ha kellett kétkezi munkával, de adományok gyűjtésével is segítettek.</p>
<p>Ezután sajnos az anyagi források kimerültek, kénytelenek voltak a templom építését szüneteltetni.</p>
<p>2010-ben a templom hátsó fala egy festménnyel gazdagodott, melyet Mester Péter és Pál festőművészek alkottak. A festmény az Új- és Ószövetségből ábrázol jeleneteket.</p>
<p>A temlom építését végül a németországi Gustav Adolf Werk társulás anyagi támogatásának köszönhetően sikerült befejezni.</p>
<p>A templomban található a felszentelt alapkő melyen a &#8222;Dicsőség a magasságban Istennek&#8221; felirat olvasható. Ugyanez a felirat található egyébként a békéscsabai nagy evangélikus templom bejárata felett is.</p>
<p><a href="https://www.iza.sk/data/editor/73hu_4_big.jpg?gcm_date=1535835091"></a></p>
<p>2012 június 16-án Milan Krivda a nyugati kerület püspöke ünnepélyesen felszentelte a templomot. Az eseményen részt vettek a vendégeken kívül a legfelsőbb egyházi képviselők, valamint Izsa község vezetői is. A felszentelést követően nagy örömmel vették birtokba a temlomot, és tartanak itt istentiszteletet a mai napig az izsai evangélikus hitgyülekezet tagjai.</p>
<p>Forrás: <a href="https://www.iza.sk/">https://www.iza.sk/</a></p>
<p>Kép: Szeder László, Wikipédia</p>
