{"id":1168,"date":"2026-04-10T20:50:59","date_gmt":"2026-04-10T18:50:59","guid":{"rendered":"https:\/\/visitdanube.eu\/?post_type=zaujimavost&#038;p=1168"},"modified":"2026-04-28T09:31:42","modified_gmt":"2026-04-28T07:31:42","slug":"reformatus-keresztyen-egyhaz-temploma","status":"publish","type":"zaujimavost","link":"https:\/\/visitdanube.eu\/hu\/latvanyossag\/reformatus-keresztyen-egyhaz-temploma\/","title":{"rendered":"Reform\u00e1tus templom"},"content":{"rendered":"<p>A reform\u00e1tus templom \u00e9p\u00edt\u00e9s\u00e9nek \u00e9ve 1871. T\u00e9glalap alaprajz\u00fa, belseje purit\u00e1ns\u00e1g\u00e1val t\u0171nik ki: padok, sz\u00f3sz\u00e9k, \u00farasztala \u00e9s harm\u00f3nium. Vaspill\u00e9rek tartj\u00e1k a mennyezetet. Az ablakai f\u00e9lk\u00f6r\u00edvvel vannak befejezve.<\/p>\n<p>A templomban elhelyezett t\u00e1bl\u00e1k k\u00f6z\u00fcl eml\u00edt\u00e9st \u00e9rdemel az I. vil\u00e1gh\u00e1bor\u00fa \u00e1ldozatainak eml\u00e9kt\u00e1bl\u00e1ja Az Izsai Reform\u00e1tus Gy\u00fclekezet H\u0151si Halottjai az 1914-ben kit\u00f6rt vil\u00e1gh\u00e1bor\u00faban, a k\u00f6vetkez\u0151 felirattal:&#8221;Dr\u00e1ga szent halottak messze idegenben, egy eg\u00e9sz nemzet k\u00fcld \u00e9rtetek im\u00e1t, hogy a t\u00falvil\u00e1gi f\u00e9nyes seregekben h\u0151s fejetek nyerjen m\u00e9lt\u00f3 koron\u00e1t&#8221;.<\/p>\n<p><a href=\"https:\/\/www.iza.sk\/data\/editor\/73hu_2_big.jpg?gcm_date=1535835005\"><\/a><\/p>\n<p>A m\u00e1sik t\u00e1bl\u00e1t az 1938-45 \u00e9vi II.vil\u00e1gh\u00e1bor\u00fa \u00e1ldozatai eml\u00e9k\u00e9re k\u00e9sz\u00edtett\u00e9k. A nevek ut\u00e1n a k\u00f6vetkez\u0151 felirat olvashat\u00f3: Ak\u00e1r \u00e9lj\u00fcnk, ak\u00e1r haljunk, az \u00dar\u00e9i vagyunk. R\u00f3ma 14.8. Kegyelettel \u00e9s szeretettel a ref.egyh\u00e1z Izsa, 1975.<\/p>\n<p>A harmadik t\u00e1bl\u00e1n a k\u00f6vetkez\u0151k olvashat\u00f3k: 1517-1917 okt\u00f3ber 31., a Szenth\u00e1roms\u00e1g, egy \u00f6r\u00f6k igaz Isten Anyaszentegyh\u00e1za, eredeti fundamentomra visszahelyez\u00e9s\u00e9nek n\u00e9gysz\u00e1zados eml\u00e9k\u00e9re: M\u00e1s fundamentumot senki nem vethet azon k\u00edv\u00fcl, mely egyszer vettetett, mely J\u00e9zus Krisztus I.Kor.3.11.<\/p>\n<p>Az \u00farasztala m\u00e1rv\u00e1nylapj\u00e1n felirat: Csin\u00e1ltatta T\u00f3th Mikl\u00f3s 1887-ben. A karzat tart\u00f3oszlopai is m\u00e1rv\u00e1nyb\u00f3l lehetnek, de le vannak festve.<\/p>\n<p>Forr\u00e1s: <a href=\"https:\/\/www.iza.sk\/\">https:\/\/www.iza.sk\/<\/a><\/p>\n<p>K\u00e9p: Szeder L\u00e1szl\u00f3, Wikip\u00e9dia<\/p>\n","protected":false},"featured_media":1687,"template":"","meta":{"_acf_changed":false},"tags":[],"kategoria-programov":[104],"obec":[73],"class_list":["post-1168","zaujimavost","type-zaujimavost","status-publish","has-post-thumbnail","hentry","kategoria-programov-kulturaval","obec-izsa"],"acf":[],"_links":{"self":[{"href":"https:\/\/visitdanube.eu\/hu\/wp-json\/wp\/v2\/zaujimavost\/1168","targetHints":{"allow":["GET"]}}],"collection":[{"href":"https:\/\/visitdanube.eu\/hu\/wp-json\/wp\/v2\/zaujimavost"}],"about":[{"href":"https:\/\/visitdanube.eu\/hu\/wp-json\/wp\/v2\/types\/zaujimavost"}],"wp:featuredmedia":[{"embeddable":true,"href":"https:\/\/visitdanube.eu\/hu\/wp-json\/wp\/v2\/media\/1687"}],"wp:attachment":[{"href":"https:\/\/visitdanube.eu\/hu\/wp-json\/wp\/v2\/media?parent=1168"}],"wp:term":[{"taxonomy":"post_tag","embeddable":true,"href":"https:\/\/visitdanube.eu\/hu\/wp-json\/wp\/v2\/tags?post=1168"},{"taxonomy":"kategoria-programov","embeddable":true,"href":"https:\/\/visitdanube.eu\/hu\/wp-json\/wp\/v2\/kategoria-programov?post=1168"},{"taxonomy":"obec","embeddable":true,"href":"https:\/\/visitdanube.eu\/hu\/wp-json\/wp\/v2\/obec?post=1168"}],"curies":[{"name":"wp","href":"https:\/\/api.w.org\/{rel}","templated":true}]}}

Református templom

<p>A református templom építésének éve 1871. Téglalap alaprajzú, belseje puritánságával tűnik ki: padok, szószék, úrasztala és harmónium. Vaspillérek tartják a mennyezetet. Az ablakai félkörívvel vannak befejezve.</p>
<p>A templomban elhelyezett táblák közül említést érdemel az I. világháború áldozatainak emléktáblája Az Izsai Református Gyülekezet Hősi Halottjai az 1914-ben kitört világháborúban, a következő felirattal:&#8221;Drága szent halottak messze idegenben, egy egész nemzet küld értetek imát, hogy a túlvilági fényes seregekben hős fejetek nyerjen méltó koronát&#8221;.</p>
<p><a href="https://www.iza.sk/data/editor/73hu_2_big.jpg?gcm_date=1535835005"></a></p>
<p>A másik táblát az 1938-45 évi II.világháború áldozatai emlékére készítették. A nevek után a következő felirat olvasható: Akár éljünk, akár haljunk, az Úréi vagyunk. Róma 14.8. Kegyelettel és szeretettel a ref.egyház Izsa, 1975.</p>
<p>A harmadik táblán a következők olvashatók: 1517-1917 október 31., a Szentháromság, egy örök igaz Isten Anyaszentegyháza, eredeti fundamentomra visszahelyezésének négyszázados emlékére: Más fundamentumot senki nem vethet azon kívül, mely egyszer vettetett, mely Jézus Krisztus I.Kor.3.11.</p>
<p>Az úrasztala márványlapján felirat: Csináltatta Tóth Miklós 1887-ben. A karzat tartóoszlopai is márványból lehetnek, de le vannak festve.</p>
<p>Forrás: <a href="https://www.iza.sk/">https://www.iza.sk/</a></p>
<p>Kép: Szeder László, Wikipédia</p>
