{"id":1169,"date":"2026-04-10T20:51:17","date_gmt":"2026-04-10T18:51:17","guid":{"rendered":"https:\/\/visitdanube.eu\/?post_type=zaujimavost&#038;p=1169"},"modified":"2026-04-28T09:31:35","modified_gmt":"2026-04-28T07:31:35","slug":"szent-mihaly-arkangyal-temploma","status":"publish","type":"zaujimavost","link":"https:\/\/visitdanube.eu\/hu\/latvanyossag\/szent-mihaly-arkangyal-temploma\/","title":{"rendered":"Szent Mih\u00e1ly arkangyal r\u00f3mai-katolikus templom"},"content":{"rendered":"<p>A katolikus templom, amely val\u00f3sz\u00edn\u0171leg a XVI.sz\u00e1zadban \u00e9p\u00fclt fel, f\u0151tengelye kelet-nyugali ir\u00e1nyban fut, egyhaj\u00f3s, szent\u00e9llyel, a d\u00e9li oldalon hozz\u00e1\u00e9p\u00edtett sekresty\u00e9vel. A templom Szent Mih\u00e1ly arkangyal nev\u00e9t viseli.Ajtaja k\u00e9tsz\u00e1rny\u00fa, mennyezete egyenes, bibliai jelenetekkel d\u00edsz\u00edtett. <\/p>\n<p>A f\u0151olt\u00e1r \u00e9s a sz\u00f3sz\u00e9k a 18.sz\u00e1zad hetvenes \u00e9veiben \u00e9p\u00fclt. A templom bels\u0151 berendez\u00e9s\u00e9nek e k\u00e9t remeke rokok\u00f3 st\u00edlusban k\u00e9sz\u00fclt. A templom f\u0151olt\u00e1r\u00e1n Szent Mih\u00e1ly barokk k\u00e9pe a f\u0151k\u00e9p 1883-b\u00f3l. A mell\u00e9kolt\u00e1r Nepomuki Szent J\u00e1nos nev\u00e9t n\u00e9pszer\u0171s\u00edti, val\u00f3sz\u00edn\u0171leg a 18.sz\u00e1zad m\u00e1sodik fel\u00e9t\u0151l. A sz\u00f3sz\u00e9ket a sekresty\u00e9b\u0151l lehet megk\u00f6zel\u00edteni, jobbra t\u0151le a Lourdes-i Sz\u0171z M\u00e1ria szobra. A f\u0151homlokzat h\u00e1romtengelyes. A torony n\u00e9gysz\u00f6g\u0171, tet\u0151zete g\u00fala alak\u00fa, tetej\u00e9n kereszt tal\u00e1lhat\u00f3. A templom els\u0151 homlokzat\u00e1n v\u00edzrajzi magass\u00e1gjegy tal\u00e1lhat\u00f3 1895-b\u0151l. Egyes templomr\u00e9szleteket a k\u00f6zponti m\u0171eml\u00e9ki hivatal is jegyz\u00e9k\u00e9be vett.<\/p>\n<p>A templom t\u00f6rt\u00e9net\u00e9ben fontos az 1599-es \u00e9v, amikor a k\u00e9s\u0151bbi erd\u00e9lyi fejedelem, Bocskai Istv\u00e1n hajd\u00fai a k\u00f6zs\u00e9gen \u00e1thaladva, csaknem teljesen sz\u00e9trombolt\u00e1k a r\u00f3mai katolikus templomot. Fel\u00faj\u00edt\u00e1s\u00e1ra csak j\u00f3val k\u00e9s\u0151bb, 1721-ben ker\u00fclt sor, de 1760-ban \u00e9s 1773-ban a f\u00f6ldreng\u00e9sek ism\u00e9t jelent\u0151sen megrong\u00e1lt\u00e1k. V\u00e9g\u00e9rv\u00e9nyesen 1774-ben \u00e1ll\u00edtott\u00e1k helyre. Eredeti bolt\u00edves mennyezet\u00e9t egyszer\u0171 sim\u00e1val cser\u00e9lt\u00e9k fel, teh\u00e1t a mai templomnak nincs saj\u00e1tos \u00e9p\u00edt\u00e9szeti st\u00edlusa.<\/p>\n<p>Forr\u00e1s: <a href=\"https:\/\/www.iza.sk\/\">https:\/\/www.iza.sk\/<\/a><\/p>\n<p>K\u00e9p: Szeder L\u00e1szl\u00f3, Wikip\u00e9dia<\/p>\n","protected":false},"featured_media":1686,"template":"","meta":{"_acf_changed":false},"tags":[],"kategoria-programov":[104],"obec":[73],"class_list":["post-1169","zaujimavost","type-zaujimavost","status-publish","has-post-thumbnail","hentry","kategoria-programov-kulturaval","obec-izsa"],"acf":[],"_links":{"self":[{"href":"https:\/\/visitdanube.eu\/hu\/wp-json\/wp\/v2\/zaujimavost\/1169","targetHints":{"allow":["GET"]}}],"collection":[{"href":"https:\/\/visitdanube.eu\/hu\/wp-json\/wp\/v2\/zaujimavost"}],"about":[{"href":"https:\/\/visitdanube.eu\/hu\/wp-json\/wp\/v2\/types\/zaujimavost"}],"wp:featuredmedia":[{"embeddable":true,"href":"https:\/\/visitdanube.eu\/hu\/wp-json\/wp\/v2\/media\/1686"}],"wp:attachment":[{"href":"https:\/\/visitdanube.eu\/hu\/wp-json\/wp\/v2\/media?parent=1169"}],"wp:term":[{"taxonomy":"post_tag","embeddable":true,"href":"https:\/\/visitdanube.eu\/hu\/wp-json\/wp\/v2\/tags?post=1169"},{"taxonomy":"kategoria-programov","embeddable":true,"href":"https:\/\/visitdanube.eu\/hu\/wp-json\/wp\/v2\/kategoria-programov?post=1169"},{"taxonomy":"obec","embeddable":true,"href":"https:\/\/visitdanube.eu\/hu\/wp-json\/wp\/v2\/obec?post=1169"}],"curies":[{"name":"wp","href":"https:\/\/api.w.org\/{rel}","templated":true}]}}

Szent Mihály arkangyal római-katolikus templom

<p>A katolikus templom, amely valószínűleg a XVI.században épült fel, főtengelye kelet-nyugali irányban fut, egyhajós, szentéllyel, a déli oldalon hozzáépített sekrestyével. A templom Szent Mihály arkangyal nevét viseli.Ajtaja kétszárnyú, mennyezete egyenes, bibliai jelenetekkel díszített. </p>
<p>A főoltár és a szószék a 18.század hetvenes éveiben épült. A templom belső berendezésének e két remeke rokokó stílusban készült. A templom főoltárán Szent Mihály barokk képe a főkép 1883-ból. A mellékoltár Nepomuki Szent János nevét népszerűsíti, valószínűleg a 18.század második felétől. A szószéket a sekrestyéből lehet megközelíteni, jobbra tőle a Lourdes-i Szűz Mária szobra. A főhomlokzat háromtengelyes. A torony négyszögű, tetőzete gúla alakú, tetején kereszt található. A templom első homlokzatán vízrajzi magasságjegy található 1895-ből. Egyes templomrészleteket a központi műemléki hivatal is jegyzékébe vett.</p>
<p>A templom történetében fontos az 1599-es év, amikor a későbbi erdélyi fejedelem, Bocskai István hajdúi a községen áthaladva, csaknem teljesen szétrombolták a római katolikus templomot. Felújítására csak jóval később, 1721-ben került sor, de 1760-ban és 1773-ban a földrengések ismét jelentősen megrongálták. Végérvényesen 1774-ben állították helyre. Eredeti boltíves mennyezetét egyszerű simával cserélték fel, tehát a mai templomnak nincs sajátos építészeti stílusa.</p>
<p>Forrás: <a href="https://www.iza.sk/">https://www.iza.sk/</a></p>
<p>Kép: Szeder László, Wikipédia</p>
