{"id":1171,"date":"2026-04-10T20:51:24","date_gmt":"2026-04-10T18:51:24","guid":{"rendered":"https:\/\/visitdanube.eu\/?post_type=zaujimavost&#038;p=1171"},"modified":"2026-04-28T09:31:25","modified_gmt":"2026-04-28T07:31:25","slug":"az-arviz-emlekmuve","status":"publish","type":"zaujimavost","link":"https:\/\/visitdanube.eu\/hu\/latvanyossag\/az-arviz-emlekmuve\/","title":{"rendered":"\u00c1rv\u00edzi eml\u00e9km\u0171"},"content":{"rendered":"<p>A Duna pathi v\u00edzszintje \u00e9vek \u00f3ta rendszerint 300 cm volt. Viszont 1965 m\u00e1rcius\u00e1ban el\u00e9rte a 316 cm-t. M\u00e1jusban a v\u00edzszint 630-690 cm-re emelkedett. M\u00e1jus v\u00e9g\u00e9n leapadt 571 cm-re. J\u00fanius k\u00f6zep\u00e9n hirtelen 703 cm-re emelkedett. A g\u00e1t ezt m\u00e1r nem b\u00edrta, \u00e1tszakadt. Megkezd\u0151d\u00f6tt a lakosok menek\u00edt\u00e9se a hadsereg seg\u00edts\u00e9g\u00e9vel.  Nem mindenkinek akadt helye az els\u0151 j\u00e1rm\u0171vekben, az embereknek t\u00fcrelmesen v\u00e1rniuk kellett a sorukra. Megt\u00f6rt\u00e9nt, hogy a v\u00edz a h\u00e1zakban m\u00e1r el\u00e9rte az egy m\u00e9teres szintet, amikor a berendez\u00e9st elsz\u00e1ll\u00edthatt\u00e1k. Ez m\u00e1r csak cs\u00f3nakkal- pontonnal- lehetett elv\u00e9gezni. Egy-m\u00e1sf\u00e9l h\u00f3napig a falu csendesen fek\u00fcdt a hull\u00e1ms\u00edrban. Csup\u00e1n Pathon 99 h\u00e1z d\u0151lt \u00f6ssze. Sajnos, az \u00e1rv\u00edz egy fiatal ember\u00e9letet is k\u00f6vetelt. A pathi f\u00fcrd\u0151 is v\u00edz al\u00e1 ker\u00fclt. Orsz\u00e1gos \u00f6sszefog\u00e1ssal azonban begy\u00f3gyultak az \u00e1rv\u00edz okozta sebek.<\/p>\n<p> Az iskola parkj\u00e1nak h\u00e1ts\u00f3 r\u00e9sz\u00e9ben \u00e1ll ezen 1965-\u00f6s \u00e1rv\u00edz eml\u00e9km\u0171ve. Az el\u00fcls\u0151 betonlapj\u00e1n a Duna vizeinek a domborm\u0171ve l\u00e1tszik egy vir\u00e1ggal, a h\u00e1ts\u00f3 lapj\u00e1n felirat: ,, Ember az ember\u00e9rt, Path k\u00f6zs\u00e9gnek az 1965-\u00f6s dunai katasztr\u00f3fa ut\u00e1n, Szenc j\u00e1r\u00e1s, Hodonin \u00e9s Kelet-Pr\u00e1ga j\u00e1r\u00e1sok,,.<\/p>\n<p>Forr\u00e1s: <a href=\"https:\/\/www.obecpatince.sk\/\">https:\/\/www.obecpatince.sk\/<\/a><\/p>\n<p>K\u00e9p: Szeder L\u00e1szl\u00f3, Wikip\u00e9dia<\/p>\n","protected":false},"featured_media":1685,"template":"","meta":{"_acf_changed":false},"tags":[],"kategoria-programov":[104],"obec":[79],"class_list":["post-1171","zaujimavost","type-zaujimavost","status-publish","has-post-thumbnail","hentry","kategoria-programov-kulturaval","obec-pat"],"acf":[],"_links":{"self":[{"href":"https:\/\/visitdanube.eu\/hu\/wp-json\/wp\/v2\/zaujimavost\/1171","targetHints":{"allow":["GET"]}}],"collection":[{"href":"https:\/\/visitdanube.eu\/hu\/wp-json\/wp\/v2\/zaujimavost"}],"about":[{"href":"https:\/\/visitdanube.eu\/hu\/wp-json\/wp\/v2\/types\/zaujimavost"}],"wp:featuredmedia":[{"embeddable":true,"href":"https:\/\/visitdanube.eu\/hu\/wp-json\/wp\/v2\/media\/1685"}],"wp:attachment":[{"href":"https:\/\/visitdanube.eu\/hu\/wp-json\/wp\/v2\/media?parent=1171"}],"wp:term":[{"taxonomy":"post_tag","embeddable":true,"href":"https:\/\/visitdanube.eu\/hu\/wp-json\/wp\/v2\/tags?post=1171"},{"taxonomy":"kategoria-programov","embeddable":true,"href":"https:\/\/visitdanube.eu\/hu\/wp-json\/wp\/v2\/kategoria-programov?post=1171"},{"taxonomy":"obec","embeddable":true,"href":"https:\/\/visitdanube.eu\/hu\/wp-json\/wp\/v2\/obec?post=1171"}],"curies":[{"name":"wp","href":"https:\/\/api.w.org\/{rel}","templated":true}]}}

Árvízi emlékmű

<p>A Duna pathi vízszintje évek óta rendszerint 300 cm volt. Viszont 1965 márciusában elérte a 316 cm-t. Májusban a vízszint 630-690 cm-re emelkedett. Május végén leapadt 571 cm-re. Június közepén hirtelen 703 cm-re emelkedett. A gát ezt már nem bírta, átszakadt. Megkezdődött a lakosok menekítése a hadsereg segítségével.  Nem mindenkinek akadt helye az első járművekben, az embereknek türelmesen várniuk kellett a sorukra. Megtörtént, hogy a víz a házakban már elérte az egy méteres szintet, amikor a berendezést elszállíthatták. Ez már csak csónakkal- pontonnal- lehetett elvégezni. Egy-másfél hónapig a falu csendesen feküdt a hullámsírban. Csupán Pathon 99 ház dőlt össze. Sajnos, az árvíz egy fiatal emberéletet is követelt. A pathi fürdő is víz alá került. Országos összefogással azonban begyógyultak az árvíz okozta sebek.</p>
<p> Az iskola parkjának hátsó részében áll ezen 1965-ös árvíz emlékműve. Az elülső betonlapján a Duna vizeinek a domborműve látszik egy virággal, a hátsó lapján felirat: ,, Ember az emberért, Path községnek az 1965-ös dunai katasztrófa után, Szenc járás, Hodonin és Kelet-Prága járások,,.</p>
<p>Forrás: <a href="https://www.obecpatince.sk/">https://www.obecpatince.sk/</a></p>
<p>Kép: Szeder László, Wikipédia</p>
