{"id":1174,"date":"2026-04-10T20:51:44","date_gmt":"2026-04-10T18:51:44","guid":{"rendered":"https:\/\/visitdanube.eu\/?post_type=zaujimavost&#038;p=1174"},"modified":"2026-04-28T09:31:00","modified_gmt":"2026-04-28T07:31:00","slug":"az-i-es-ii-vilaghaboru-aldozatainak-emlekmuve","status":"publish","type":"zaujimavost","link":"https:\/\/visitdanube.eu\/hu\/latvanyossag\/az-i-es-ii-vilaghaboru-aldozatainak-emlekmuve\/","title":{"rendered":"Eml\u00e9km\u0171 az I. \u00e9s II. vil\u00e1gh\u00e1bor\u00fa \u00e1ldozatainak"},"content":{"rendered":"<p>Az els\u0151 vil\u00e1gh\u00e1bor\u00faban a falu \u00f6sszes f\u00e9rfi\u00e1t beh\u00edvt\u00e1k katon\u00e1nak. 56 f\u00e9rfi l\u00e9pett szolg\u00e1latba, ebb\u0151l 54 a frontra ker\u00fclt. A harct\u00e9ren \u00e9s a fogs\u00e1gban 17 pusztult el. A 2. vil\u00e1gh\u00e1bor\u00fa idej\u00e9n is beh\u00edvt\u00e1k a katonak\u00f6teles f\u00e9rfiakat, k\u00f6z\u00fcl\u00fck a fiatalabbak a frontra ker\u00fcltek az id\u0151sebbek pedig az orsz\u00e1gban teljes\u00edtettek \u0151rszolg\u00e1latot. A harcban \u00e9s a fogs\u00e1gban 14 pathi lakos halt meg. Nev\u00fcket- az 1. vil\u00e1gh\u00e1bor\u00faban  elesettek\u00e9ivel egy\u00fctt- a h\u0151s\u00f6k eml\u00e9km\u0171v\u00e9nek m\u00e1rv\u00e1nylapjai \u0151rzik. A szobor az iskola telk\u00e9n \u00e1ll, 1940-ben k\u00e9sz\u00edtette Holdamf J\u00e1nos s\u00fctt\u0151i k\u0151farag\u00f3mester.<\/p>\n<p>Forr\u00e1s: <a href=\"https:\/\/www.obecpatince.sk\/\">https:\/\/www.obecpatince.sk\/<\/a><\/p>\n<p>K\u00e9p: Szeder L\u00e1szl\u00f3, Wikip\u00e9dia<\/p>\n","protected":false},"featured_media":1682,"template":"","meta":{"_acf_changed":false},"tags":[],"kategoria-programov":[104],"obec":[79],"class_list":["post-1174","zaujimavost","type-zaujimavost","status-publish","has-post-thumbnail","hentry","kategoria-programov-kulturaval","obec-pat"],"acf":[],"_links":{"self":[{"href":"https:\/\/visitdanube.eu\/hu\/wp-json\/wp\/v2\/zaujimavost\/1174","targetHints":{"allow":["GET"]}}],"collection":[{"href":"https:\/\/visitdanube.eu\/hu\/wp-json\/wp\/v2\/zaujimavost"}],"about":[{"href":"https:\/\/visitdanube.eu\/hu\/wp-json\/wp\/v2\/types\/zaujimavost"}],"wp:featuredmedia":[{"embeddable":true,"href":"https:\/\/visitdanube.eu\/hu\/wp-json\/wp\/v2\/media\/1682"}],"wp:attachment":[{"href":"https:\/\/visitdanube.eu\/hu\/wp-json\/wp\/v2\/media?parent=1174"}],"wp:term":[{"taxonomy":"post_tag","embeddable":true,"href":"https:\/\/visitdanube.eu\/hu\/wp-json\/wp\/v2\/tags?post=1174"},{"taxonomy":"kategoria-programov","embeddable":true,"href":"https:\/\/visitdanube.eu\/hu\/wp-json\/wp\/v2\/kategoria-programov?post=1174"},{"taxonomy":"obec","embeddable":true,"href":"https:\/\/visitdanube.eu\/hu\/wp-json\/wp\/v2\/obec?post=1174"}],"curies":[{"name":"wp","href":"https:\/\/api.w.org\/{rel}","templated":true}]}}

Emlékmű az I. és II. világháború áldozatainak

<p>Az első világháborúban a falu összes férfiát behívták katonának. 56 férfi lépett szolgálatba, ebből 54 a frontra került. A harctéren és a fogságban 17 pusztult el. A 2. világháború idején is behívták a katonaköteles férfiakat, közülük a fiatalabbak a frontra kerültek az idősebbek pedig az országban teljesítettek őrszolgálatot. A harcban és a fogságban 14 pathi lakos halt meg. Nevüket- az 1. világháborúban  elesettekéivel együtt- a hősök emlékművének márványlapjai őrzik. A szobor az iskola telkén áll, 1940-ben készítette Holdamf János süttői kőfaragómester.</p>
<p>Forrás: <a href="https://www.obecpatince.sk/">https://www.obecpatince.sk/</a></p>
<p>Kép: Szeder László, Wikipédia</p>
