{"id":1175,"date":"2026-04-10T20:51:50","date_gmt":"2026-04-10T18:51:50","guid":{"rendered":"https:\/\/visitdanube.eu\/?post_type=zaujimavost&#038;p=1175"},"modified":"2026-04-28T09:30:31","modified_gmt":"2026-04-28T07:30:31","slug":"szent-vendel-romai-katolikus-templom","status":"publish","type":"zaujimavost","link":"https:\/\/visitdanube.eu\/hu\/latvanyossag\/szent-vendel-romai-katolikus-templom\/","title":{"rendered":"Szent Vendel r\u00f3mai katolikus templom"},"content":{"rendered":"<p>A r\u00f3mai katolikus Szent Vendel-templomot a falu legmagasabb pontj\u00e1n \u00e9p\u00edtett\u00e9k. Szil\u00e1rd \u00e9p\u00edt\u0151anyagb\u00f3l k\u00e9sz\u00fclt, ez\u00e9rt a t\u00f6r\u00f6k\u00f6k puszt\u00edt\u00e1s\u00e1nak is ellen\u00e1llt. A templom eredet\u00e9re vall a tiszta rom\u00e1n kori alaprajza \u00e9s az \u00f6sszes, d\u00e9li r\u00e9sz\u00e9n elhelyezett ny\u00edl\u00e1s. Az eredeti bej\u00e1ratot k\u00e9s\u0151bb befalazt\u00e1k, \u00e9s a templom nyugati homlokzat\u00e1ra helyezt\u00e9k \u00e1t. A 16. sz\u00e1zad m\u00e1sodik fel\u00e9ben elpusztult a falu, de a templom nem. Gyulay Ferenc gr\u00f3f jav\u00edtatta meg a 18. sz\u00e1zad h\u00faszas \u00e9veiben, \u00edgy a canonica visit\u00e1ti\u00f3kor 1770-ben, mint ,, nagyon \u00f6reget ,, emlegetik. 1776-ban fel\u00faj\u00edtott\u00e1k az \u00e9p\u00fcletet, \u00e9s \u00faj homlokzatot kapott meg egy tet\u0151tornyot. Az eredetileg kicsiny \u00e9s sz\u0171k ablakokat megnagyobb\u00edtott\u00e1k, \u00e9s szegmentumokkal eg\u00e9sz\u00edtett\u00e9k ki, ami a barokk st\u00edlusjegyek megjelen\u00e9s\u00e9t jelentette. Ma a templom homlokzatai egyszer\u0171ek, \u00e9p\u00edt\u00e9szeti r\u00e9szletek n\u00e9lk\u00fcl. A vakolat alatt l\u00e1tni az eredeti k\u0151falat.  A barokk f\u0151olt\u00e1ron Szent Vendelt l\u00e1tjuk egy k\u00e9s\u0151 barokk k\u00e9pen, ny\u00e1ja k\u00f6zep\u00e9n. Az aranyozott, faragott tabern\u00e1kulum az 1770-es \u00e9vek el\u0151tti id\u0151b\u0151l val\u00f3. A karzat, amelyen harm\u00f3nium \u00e1ll, a 19. sz\u00e1zadb\u00f3l sz\u00e1rmazik. A templomhaj\u00f3 k\u00e9t keleti sark\u00e1ban kis lourdes-i barlangokat l\u00e1tunk. Az egyikben a Lourdes-i Sz\u0171z M\u00e1ria szobra \u00e1ll, a m\u00e1sikban a Piet\u00e1 plasztik\u00e1ja. A m\u00e1rv\u00e1ny szenteltv\u00edztart\u00f3 szint\u00e9n a 19. sz\u00e1zadb\u00f3l val\u00f3. <\/p>\n<p>A templom 2002-ben lett rekonstru\u00e1lva. <\/p>\n<p>Forr\u00e1s: <a href=\"https:\/\/www.obecpatince.sk\/\">https:\/\/www.obecpatince.sk\/<\/a><\/p>\n<p>K\u00e9p: Szeder L\u00e1szl\u00f3, Wikip\u00e9dia<\/p>\n<p><\/p>\n","protected":false},"featured_media":1681,"template":"","meta":{"_acf_changed":false},"tags":[],"kategoria-programov":[104],"obec":[79],"class_list":["post-1175","zaujimavost","type-zaujimavost","status-publish","has-post-thumbnail","hentry","kategoria-programov-kulturaval","obec-pat"],"acf":[],"_links":{"self":[{"href":"https:\/\/visitdanube.eu\/hu\/wp-json\/wp\/v2\/zaujimavost\/1175","targetHints":{"allow":["GET"]}}],"collection":[{"href":"https:\/\/visitdanube.eu\/hu\/wp-json\/wp\/v2\/zaujimavost"}],"about":[{"href":"https:\/\/visitdanube.eu\/hu\/wp-json\/wp\/v2\/types\/zaujimavost"}],"wp:featuredmedia":[{"embeddable":true,"href":"https:\/\/visitdanube.eu\/hu\/wp-json\/wp\/v2\/media\/1681"}],"wp:attachment":[{"href":"https:\/\/visitdanube.eu\/hu\/wp-json\/wp\/v2\/media?parent=1175"}],"wp:term":[{"taxonomy":"post_tag","embeddable":true,"href":"https:\/\/visitdanube.eu\/hu\/wp-json\/wp\/v2\/tags?post=1175"},{"taxonomy":"kategoria-programov","embeddable":true,"href":"https:\/\/visitdanube.eu\/hu\/wp-json\/wp\/v2\/kategoria-programov?post=1175"},{"taxonomy":"obec","embeddable":true,"href":"https:\/\/visitdanube.eu\/hu\/wp-json\/wp\/v2\/obec?post=1175"}],"curies":[{"name":"wp","href":"https:\/\/api.w.org\/{rel}","templated":true}]}}

Szent Vendel római katolikus templom

<p>A római katolikus Szent Vendel-templomot a falu legmagasabb pontján építették. Szilárd építőanyagból készült, ezért a törökök pusztításának is ellenállt. A templom eredetére vall a tiszta román kori alaprajza és az összes, déli részén elhelyezett nyílás. Az eredeti bejáratot később befalazták, és a templom nyugati homlokzatára helyezték át. A 16. század második felében elpusztult a falu, de a templom nem. Gyulay Ferenc gróf javítatta meg a 18. század húszas éveiben, így a canonica visitátiókor 1770-ben, mint ,, nagyon öreget ,, emlegetik. 1776-ban felújították az épületet, és új homlokzatot kapott meg egy tetőtornyot. Az eredetileg kicsiny és szűk ablakokat megnagyobbították, és szegmentumokkal egészítették ki, ami a barokk stílusjegyek megjelenését jelentette. Ma a templom homlokzatai egyszerűek, építészeti részletek nélkül. A vakolat alatt látni az eredeti kőfalat.  A barokk főoltáron Szent Vendelt látjuk egy késő barokk képen, nyája közepén. Az aranyozott, faragott tabernákulum az 1770-es évek előtti időből való. A karzat, amelyen harmónium áll, a 19. századból származik. A templomhajó két keleti sarkában kis lourdes-i barlangokat látunk. Az egyikben a Lourdes-i Szűz Mária szobra áll, a másikban a Pietá plasztikája. A márvány szenteltvíztartó szintén a 19. századból való. </p>
<p>A templom 2002-ben lett rekonstruálva. </p>
<p>Forrás: <a href="https://www.obecpatince.sk/">https://www.obecpatince.sk/</a></p>
<p>Kép: Szeder László, Wikipédia</p>
<p></p>
