{"id":1176,"date":"2026-04-10T20:51:54","date_gmt":"2026-04-10T18:51:54","guid":{"rendered":"https:\/\/visitdanube.eu\/?post_type=zaujimavost&#038;p=1176"},"modified":"2026-04-21T08:26:10","modified_gmt":"2026-04-21T06:26:10","slug":"ersekujvari-erod","status":"publish","type":"zaujimavost","link":"https:\/\/visitdanube.eu\/hu\/latvanyossag\/ersekujvari-erod\/","title":{"rendered":"\u00c9rsek\u00fajv\u00e1ri er\u0151d"},"content":{"rendered":"<p>Az els\u0151 pal\u00e1nk er\u0151d\u00f6t a t\u00f6r\u00f6k elleni v\u00e9delmi vonal r\u00e9szek\u00e9nt 1545-ben emelt\u00e9k a Nyitra foly\u00f3 bal partj\u00e1n. Az ezt felv\u00e1lt\u00f3 m\u00e1sodik er\u0151d, amely 1573 \u00e9s 1580 k\u00f6z\u00f6tt \u00e9p\u00fclt, Eur\u00f3pa legjelent\u0151sebb renesz\u00e1nsz er\u0151deinek egyike volt, a Giulio \u00e9s Ottavio Baldigara olasz fiv\u00e9rek \u00e9p\u00edt\u00e9szeti terve alapj\u00e1n k\u00e9sz\u00fclt. Alaprajza szab\u00e1lyos hatsz\u00f6g alak\u00fa volt, bels\u0151 ter\u00e9ben szab\u00e1lyos, a mai napig fenn\u00e1ll\u00f3 mer\u0151leges utcah\u00e1l\u00f3zattal \u00e9s k\u00f6zponti, n\u00e9gysz\u00f6g alak\u00fa t\u00e9rrel. Hat b\u00e1sty\u00e1ja volt: a Forg\u00e1ch, Cseh, Ern\u0151, Cs\u00e1sz\u00e1r, Frigyes \u00e9s Zserotin b\u00e1stya. A v\u00e1rat 1663-ban a t\u00f6r\u00f6k\u00f6k elfoglalt\u00e1k \u00e9s 1685-ig uralt\u00e1k, visszav\u00e9tele Eur\u00f3pa-szerte \u00fcnnepelt nagy jelent\u0151s\u00e9g\u0171 esem\u00e9ny volt, a p\u00e1pa utas\u00edt\u00e1s\u00e1ra eg\u00e9sz Eur\u00f3p\u00e1ban megsz\u00f3laltak a harangok.<\/p>\n<p>Az \u00e9rsek\u00fajv\u00e1ri er\u0151d\u00f6t 1724-ben lebontott\u00e1k, azonban alaprajza a v\u00e1ros c\u00edmer\u00e9ben is megtal\u00e1lhat\u00f3.<\/p>\n<p>A v\u00e1ros t\u00f6rt\u00e9net\u00e9vel kapcsolatos jelent\u0151s esem\u00e9nyek a F\u0151 t\u00e9r fel\u00e9 vezet\u0151 s\u00e9t\u00e1l\u00f3 utca k\u00f6vezet\u00e9ben id\u0151rendben elhelyezett bronzt\u00e1bl\u00e1kon vannak meg\u00f6r\u00f6k\u00edtve.<\/p>\n","protected":false},"featured_media":336,"template":"","meta":{"_acf_changed":false},"tags":[],"kategoria-programov":[103,104],"obec":[78],"class_list":["post-1176","zaujimavost","type-zaujimavost","status-publish","has-post-thumbnail","hentry","kategoria-programov-aktivan","kategoria-programov-kulturaval","obec-ersekujvar"],"acf":[],"_links":{"self":[{"href":"https:\/\/visitdanube.eu\/hu\/wp-json\/wp\/v2\/zaujimavost\/1176","targetHints":{"allow":["GET"]}}],"collection":[{"href":"https:\/\/visitdanube.eu\/hu\/wp-json\/wp\/v2\/zaujimavost"}],"about":[{"href":"https:\/\/visitdanube.eu\/hu\/wp-json\/wp\/v2\/types\/zaujimavost"}],"wp:featuredmedia":[{"embeddable":true,"href":"https:\/\/visitdanube.eu\/hu\/wp-json\/wp\/v2\/media\/336"}],"wp:attachment":[{"href":"https:\/\/visitdanube.eu\/hu\/wp-json\/wp\/v2\/media?parent=1176"}],"wp:term":[{"taxonomy":"post_tag","embeddable":true,"href":"https:\/\/visitdanube.eu\/hu\/wp-json\/wp\/v2\/tags?post=1176"},{"taxonomy":"kategoria-programov","embeddable":true,"href":"https:\/\/visitdanube.eu\/hu\/wp-json\/wp\/v2\/kategoria-programov?post=1176"},{"taxonomy":"obec","embeddable":true,"href":"https:\/\/visitdanube.eu\/hu\/wp-json\/wp\/v2\/obec?post=1176"}],"curies":[{"name":"wp","href":"https:\/\/api.w.org\/{rel}","templated":true}]}}

Érsekújvári erőd

<p>Az első palánk erődöt a török elleni védelmi vonal részeként 1545-ben emelték a Nyitra folyó bal partján. Az ezt felváltó második erőd, amely 1573 és 1580 között épült, Európa legjelentősebb reneszánsz erődeinek egyike volt, a Giulio és Ottavio Baldigara olasz fivérek építészeti terve alapján készült. Alaprajza szabályos hatszög alakú volt, belső terében szabályos, a mai napig fennálló merőleges utcahálózattal és központi, négyszög alakú térrel. Hat bástyája volt: a Forgách, Cseh, Ernő, Császár, Frigyes és Zserotin bástya. A várat 1663-ban a törökök elfoglalták és 1685-ig uralták, visszavétele Európa-szerte ünnepelt nagy jelentőségű esemény volt, a pápa utasítására egész Európában megszólaltak a harangok.</p>
<p>Az érsekújvári erődöt 1724-ben lebontották, azonban alaprajza a város címerében is megtalálható.</p>
<p>A város történetével kapcsolatos jelentős események a Fő tér felé vezető sétáló utca kövezetében időrendben elhelyezett bronztáblákon vannak megörökítve.</p>
