{"id":1268,"date":"2026-04-10T20:53:26","date_gmt":"2026-04-10T18:53:26","guid":{"rendered":"https:\/\/visitdanube.eu\/?post_type=zaujimavost&#038;p=1268"},"modified":"2026-04-24T15:35:43","modified_gmt":"2026-04-24T13:35:43","slug":"pati-muemlekek","status":"publish","type":"zaujimavost","link":"https:\/\/visitdanube.eu\/hu\/latvanyossag\/pati-muemlekek\/","title":{"rendered":"Pati m\u0171eml\u00e9kek"},"content":{"rendered":"<p>Szent Vendel r\u00f3mai katolikus templom: eredetileg k\u0151b\u0151l \u00e9p\u00fclt rom\u00e1n st\u00edlus\u00fa, egyhaj\u00f3s templom a 13. sz\u00e1zadb\u00f3l. A 18. sz\u00e1zad els\u0151 harmad\u00e1ban meg\u00faj\u00edtott\u00e1k, 1776-ban barokk st\u00edlus\u00fara alak\u00edtott\u00e1k. A 19. sz\u00e1zad k\u00f6zep\u00e9n, a 20. sz\u00e1zad elej\u00e9n, majd 1965 ut\u00e1n is tov\u00e1bbi \u00e9p\u00edt\u00e9szeti \u00e1talak\u00edt\u00e1sokon esett \u00e1t. 2002-ben \u00faj\u00edtott\u00e1k fel. A templomot Szent Vendelnek, a p\u00e1sztorok, \u00e1llattart\u00f3k \u00e9s f\u00f6ldm\u0171vesek v\u00e9d\u0151szentj\u00e9nek szentelt\u00e9k.<\/p>\n<p>Az I. \u00e9s II. vil\u00e1gh\u00e1bor\u00fa \u00e1ldozatainak eml\u00e9km\u0171ve az iskolaparkban \u00e1ll.<\/p>\n<p>Lourdes-i barlang: 1933-ban \u00e9p\u00fclt.<\/p>\n<p>G\u0151z\u00fczem\u0171 szivatty\u00fa\u00e1llom\u00e1s: a Duna t\u00f6lt\u00e9s\u00e9n\u00e9l \u00e1ll, egyed\u00fcl\u00e1ll\u00f3 m\u0171szaki eml\u00e9k, amely eredeti g\u00e9pberendez\u00e9s\u00e9vel egy\u00fctt maradt fenn; 1897-ben \u00e9p\u00fclt.<\/p>\n<p>\u00c1rv\u00edzi eml\u00e9km\u0171: 1965-b\u0151l, azon a helyen \u00e1ll, ahol Pat k\u00f6zel\u00e9ben \u00e1tszakadt a t\u00f6lt\u00e9s.<\/p>\n","protected":false},"featured_media":341,"template":"","meta":{"_acf_changed":false},"tags":[],"kategoria-programov":[104],"obec":[79],"class_list":["post-1268","zaujimavost","type-zaujimavost","status-publish","has-post-thumbnail","hentry","kategoria-programov-kulturaval","obec-pat"],"acf":[],"_links":{"self":[{"href":"https:\/\/visitdanube.eu\/hu\/wp-json\/wp\/v2\/zaujimavost\/1268","targetHints":{"allow":["GET"]}}],"collection":[{"href":"https:\/\/visitdanube.eu\/hu\/wp-json\/wp\/v2\/zaujimavost"}],"about":[{"href":"https:\/\/visitdanube.eu\/hu\/wp-json\/wp\/v2\/types\/zaujimavost"}],"wp:featuredmedia":[{"embeddable":true,"href":"https:\/\/visitdanube.eu\/hu\/wp-json\/wp\/v2\/media\/341"}],"wp:attachment":[{"href":"https:\/\/visitdanube.eu\/hu\/wp-json\/wp\/v2\/media?parent=1268"}],"wp:term":[{"taxonomy":"post_tag","embeddable":true,"href":"https:\/\/visitdanube.eu\/hu\/wp-json\/wp\/v2\/tags?post=1268"},{"taxonomy":"kategoria-programov","embeddable":true,"href":"https:\/\/visitdanube.eu\/hu\/wp-json\/wp\/v2\/kategoria-programov?post=1268"},{"taxonomy":"obec","embeddable":true,"href":"https:\/\/visitdanube.eu\/hu\/wp-json\/wp\/v2\/obec?post=1268"}],"curies":[{"name":"wp","href":"https:\/\/api.w.org\/{rel}","templated":true}]}}

Pati műemlékek

<p>Szent Vendel római katolikus templom: eredetileg kőből épült román stílusú, egyhajós templom a 13. századból. A 18. század első harmadában megújították, 1776-ban barokk stílusúra alakították. A 19. század közepén, a 20. század elején, majd 1965 után is további építészeti átalakításokon esett át. 2002-ben újították fel. A templomot Szent Vendelnek, a pásztorok, állattartók és földművesek védőszentjének szentelték.</p>
<p>Az I. és II. világháború áldozatainak emlékműve az iskolaparkban áll.</p>
<p>Lourdes-i barlang: 1933-ban épült.</p>
<p>Gőzüzemű szivattyúállomás: a Duna töltésénél áll, egyedülálló műszaki emlék, amely eredeti gépberendezésével együtt maradt fenn; 1897-ben épült.</p>
<p>Árvízi emlékmű: 1965-ből, azon a helyen áll, ahol Pat közelében átszakadt a töltés.</p>
