{"id":1271,"date":"2026-04-10T20:54:05","date_gmt":"2026-04-10T18:54:05","guid":{"rendered":"https:\/\/visitdanube.eu\/?post_type=zaujimavost&#038;p=1271"},"modified":"2026-04-24T15:35:18","modified_gmt":"2026-04-24T13:35:18","slug":"szogyeni-kepzomuveszeti-galeria","status":"publish","type":"zaujimavost","link":"https:\/\/visitdanube.eu\/hu\/latvanyossag\/szogyeni-kepzomuveszeti-galeria\/","title":{"rendered":"Sz\u0151gy\u00e9ni K\u00e9pz\u0151m\u0171v\u00e9szeti Gal\u00e9ria"},"content":{"rendered":"<p>1999-ben a telep\u00fcl\u00e9sen el\u0151sz\u00f6r szervezt\u00e9k meg a Nemzetk\u00f6zi K\u00e9pz\u0151m\u0171v\u00e9szeti T\u00e1bort. Az\u00f3ta minden \u00e9vben t\u00f6bb orsz\u00e1g (Szlov\u00e1kia, Magyarorsz\u00e1g, Csehorsz\u00e1g, Lengyelorsz\u00e1g, Rom\u00e1nia, Kanada) m\u0171v\u00e9szei tal\u00e1lkoznak itt, akik k\u00fcl\u00f6nb\u00f6z\u0151 m\u0171v\u00e9szeti st\u00edlusokat \u00e9s ir\u00e1nyzatokat k\u00e9pviselnek. A t\u00e1bor megrendez\u00e9s\u00e9nek \u00f6tlete K\u00e1ntor J\u00e1nos esztergomi pedag\u00f3gus \u00e9s fest\u0151 nev\u00e9hez f\u0171z\u0151dik. A r\u00e9sztvev\u0151k itt tapasztalatot cser\u00e9lnek, a sz\u00e9p k\u00f6rnyezetb\u0151l mer\u00edtenek ihletet, \u00e9s bar\u00e1ti kapcsolatok alakulnak ki k\u00f6z\u00f6tt\u00fck. A t\u00e1bor kapui minden \u00e9vben az utols\u00f3 j\u00faniusi p\u00e9nteken ny\u00edlnak meg, \u00e9s 10-14 napig tart. Mivel a k\u00e9pz\u0151m\u0171v\u00e9szek az itt k\u00e9sz\u00fclt alkot\u00e1sok egy r\u00e9sz\u00e9t a telep\u00fcl\u00e9snek aj\u00e1nd\u00e9kozz\u00e1k, az \u00f6nkorm\u00e1nyzat \u00fagy d\u00f6nt\u00f6tt, hogy a templommal szemben \u00e1ll\u00f3 \u00e9p\u00fcletben ezekb\u0151l a m\u0171vekb\u0151l gal\u00e9ri\u00e1t alak\u00edt ki. Az els\u0151 alkot\u00e1sokat 1999-ben \u00e1ll\u00edtott\u00e1k ki, az\u00f3ta sz\u00e1muk folyamatosan n\u0151. Ma a l\u00e1togat\u00f3 a gal\u00e9ri\u00e1ban k\u00f6zel 500 k\u00e9pz\u0151m\u0171v\u00e9szeti alkot\u00e1st tekinthet meg. 2018-ban katal\u00f3gus is megjelent, amely a k\u00e9pz\u0151m\u0171v\u00e9szek r\u00f6vid \u00e9letrajz\u00e1t \u00e9s munk\u00e1ss\u00e1g\u00e1t tartalmazza.<\/p>\n<p>Nyitvatart\u00e1s: h\u00e9tf\u0151-kedd: 9.00-12.00, szerda: 9.00-12.00 \u00e9s 13.00-17.00, cs\u00fct\u00f6rt\u00f6k-p\u00e9ntek: 13.00-17.00. El\u0151zetes bejelentkez\u00e9s sz\u00fcks\u00e9ges.<\/p>\n","protected":false},"featured_media":344,"template":"","meta":{"_acf_changed":false},"tags":[],"kategoria-programov":[104],"obec":[80],"class_list":["post-1271","zaujimavost","type-zaujimavost","status-publish","has-post-thumbnail","hentry","kategoria-programov-kulturaval","obec-szogyen"],"acf":[],"_links":{"self":[{"href":"https:\/\/visitdanube.eu\/hu\/wp-json\/wp\/v2\/zaujimavost\/1271","targetHints":{"allow":["GET"]}}],"collection":[{"href":"https:\/\/visitdanube.eu\/hu\/wp-json\/wp\/v2\/zaujimavost"}],"about":[{"href":"https:\/\/visitdanube.eu\/hu\/wp-json\/wp\/v2\/types\/zaujimavost"}],"wp:featuredmedia":[{"embeddable":true,"href":"https:\/\/visitdanube.eu\/hu\/wp-json\/wp\/v2\/media\/344"}],"wp:attachment":[{"href":"https:\/\/visitdanube.eu\/hu\/wp-json\/wp\/v2\/media?parent=1271"}],"wp:term":[{"taxonomy":"post_tag","embeddable":true,"href":"https:\/\/visitdanube.eu\/hu\/wp-json\/wp\/v2\/tags?post=1271"},{"taxonomy":"kategoria-programov","embeddable":true,"href":"https:\/\/visitdanube.eu\/hu\/wp-json\/wp\/v2\/kategoria-programov?post=1271"},{"taxonomy":"obec","embeddable":true,"href":"https:\/\/visitdanube.eu\/hu\/wp-json\/wp\/v2\/obec?post=1271"}],"curies":[{"name":"wp","href":"https:\/\/api.w.org\/{rel}","templated":true}]}}

Szőgyéni Képzőművészeti Galéria

<p>1999-ben a településen először szervezték meg a Nemzetközi Képzőművészeti Tábort. Azóta minden évben több ország (Szlovákia, Magyarország, Csehország, Lengyelország, Románia, Kanada) művészei találkoznak itt, akik különböző művészeti stílusokat és irányzatokat képviselnek. A tábor megrendezésének ötlete Kántor János esztergomi pedagógus és festő nevéhez fűződik. A résztvevők itt tapasztalatot cserélnek, a szép környezetből merítenek ihletet, és baráti kapcsolatok alakulnak ki közöttük. A tábor kapui minden évben az utolsó júniusi pénteken nyílnak meg, és 10-14 napig tart. Mivel a képzőművészek az itt készült alkotások egy részét a településnek ajándékozzák, az önkormányzat úgy döntött, hogy a templommal szemben álló épületben ezekből a művekből galériát alakít ki. Az első alkotásokat 1999-ben állították ki, azóta számuk folyamatosan nő. Ma a látogató a galériában közel 500 képzőművészeti alkotást tekinthet meg. 2018-ban katalógus is megjelent, amely a képzőművészek rövid életrajzát és munkásságát tartalmazza.</p>
<p>Nyitvatartás: hétfő-kedd: 9.00-12.00, szerda: 9.00-12.00 és 13.00-17.00, csütörtök-péntek: 13.00-17.00. Előzetes bejelentkezés szükséges.</p>
