{"id":1272,"date":"2026-04-10T20:54:12","date_gmt":"2026-04-10T18:54:12","guid":{"rendered":"https:\/\/visitdanube.eu\/?post_type=zaujimavost&#038;p=1272"},"modified":"2026-04-28T09:30:07","modified_gmt":"2026-04-28T07:30:07","slug":"nepi-hagyomanyok-haza-es-regeszeti-muzeum","status":"publish","type":"zaujimavost","link":"https:\/\/visitdanube.eu\/hu\/latvanyossag\/nepi-hagyomanyok-haza-es-regeszeti-muzeum\/","title":{"rendered":"N\u00e9pi hagyom\u00e1nyok h\u00e1za \u00e9s R\u00e9g\u00e9szeti M\u00fazeum"},"content":{"rendered":"<p>A N\u00e9pi Hagyom\u00e1nyok H\u00e1z\u00e1t egy egykori gazdah\u00e1zban rendezt\u00e9k be, amely hatalmas gazdas\u00e1gi udvar\u00e1val \u00e9s mell\u00e9k\u00e9p\u00fcleteivel a legalkalmasabbnak t\u0171nt erre a c\u00e9lra. 2005. okt\u00f3ber 14-\u00e9n ny\u00edlt meg, \u00e9s az \u00e9rsek\u00fajv\u00e1ri Thain J\u00e1nos M\u00fazeum kihelyezett ki\u00e1ll\u00edt\u00e1sa.<\/p>\n<p>Az udvarba l\u00e9cajt\u00f3n kereszt\u00fcl l\u00e9p\u00fcnk be. Az udvarb\u00f3l a konyh\u00e1ba vezet az \u00fat, ahol a nyitott t\u0171zhelyes kemenc\u00e9n k\u00fcl\u00f6nf\u00e9le ed\u00e9nyek vannak. Jobbra a tisztaszoba tal\u00e1lhat\u00f3 a jellegzetes berendez\u00e9ssel: k\u00e9t \u00e1gy az ablak alatt, asztal n\u00e9gy sz\u00e9kkel, a falon t\u00fck\u00f6r. A szoba sark\u00e1ban \u00f6nt\u00f6ttvas k\u00e1lyha \u00e1ll. A konyh\u00e1t\u00f3l balra tal\u00e1lhat\u00f3 a h\u00e1ts\u00f3 szoba, az ajt\u00f3n\u00e1l t\u0171zhely, mellette f\u00e1sl\u00e1da.<\/p>\n<p>A h\u00e1z oldals\u00f3 r\u00e9sz\u00e9n v\u00e9gigh\u00faz\u00f3dik a torn\u00e1c, ahonnan a lak\u00f3szob\u00e1kba \u00e9s az ist\u00e1ll\u00f3ba is be lehet jutni. Az ist\u00e1ll\u00f3 a h\u00e1z m\u00f6g\u00f6tt \u00e1ll, m\u00f6g\u00f6tte a cs\u0171r. A cs\u0171r v\u00e9g\u00e9n pr\u00e9sh\u00e1z tal\u00e1lhat\u00f3, az udvarb\u00f3l pedig a pinc\u00e9be vezetett a bej\u00e1rat.<\/p>\n<p>A h\u00e1zzal szemben \u00e1ll\u00f3 \u00e9p\u00fclet k\u00e9t r\u00e9szb\u0151l \u00e1ll. El\u00f6l a ny\u00e1ri konyha, h\u00e1tul a magt\u00e1r. A ny\u00e1ri konyha ajtaja el\u0151tt kerekes k\u00fat \u00e1ll, a magt\u00e1r mellett pedig falazott diszn\u00f3\u00f3lak tal\u00e1lhat\u00f3k.<\/p>\n","protected":false},"featured_media":1677,"template":"","meta":{"_acf_changed":false},"tags":[97],"kategoria-programov":[104],"obec":[80],"class_list":["post-1272","zaujimavost","type-zaujimavost","status-publish","has-post-thumbnail","hentry","tag-muzeum","kategoria-programov-kulturaval","obec-szogyen"],"acf":[],"_links":{"self":[{"href":"https:\/\/visitdanube.eu\/hu\/wp-json\/wp\/v2\/zaujimavost\/1272","targetHints":{"allow":["GET"]}}],"collection":[{"href":"https:\/\/visitdanube.eu\/hu\/wp-json\/wp\/v2\/zaujimavost"}],"about":[{"href":"https:\/\/visitdanube.eu\/hu\/wp-json\/wp\/v2\/types\/zaujimavost"}],"wp:featuredmedia":[{"embeddable":true,"href":"https:\/\/visitdanube.eu\/hu\/wp-json\/wp\/v2\/media\/1677"}],"wp:attachment":[{"href":"https:\/\/visitdanube.eu\/hu\/wp-json\/wp\/v2\/media?parent=1272"}],"wp:term":[{"taxonomy":"post_tag","embeddable":true,"href":"https:\/\/visitdanube.eu\/hu\/wp-json\/wp\/v2\/tags?post=1272"},{"taxonomy":"kategoria-programov","embeddable":true,"href":"https:\/\/visitdanube.eu\/hu\/wp-json\/wp\/v2\/kategoria-programov?post=1272"},{"taxonomy":"obec","embeddable":true,"href":"https:\/\/visitdanube.eu\/hu\/wp-json\/wp\/v2\/obec?post=1272"}],"curies":[{"name":"wp","href":"https:\/\/api.w.org\/{rel}","templated":true}]}}

Népi hagyományok háza és Régészeti Múzeum

<p>A Népi Hagyományok Házát egy egykori gazdaházban rendezték be, amely hatalmas gazdasági udvarával és melléképületeivel a legalkalmasabbnak tűnt erre a célra. 2005. október 14-én nyílt meg, és az érsekújvári Thain János Múzeum kihelyezett kiállítása.</p>
<p>Az udvarba lécajtón keresztül lépünk be. Az udvarból a konyhába vezet az út, ahol a nyitott tűzhelyes kemencén különféle edények vannak. Jobbra a tisztaszoba található a jellegzetes berendezéssel: két ágy az ablak alatt, asztal négy székkel, a falon tükör. A szoba sarkában öntöttvas kályha áll. A konyhától balra található a hátsó szoba, az ajtónál tűzhely, mellette fásláda.</p>
<p>A ház oldalsó részén végighúzódik a tornác, ahonnan a lakószobákba és az istállóba is be lehet jutni. Az istálló a ház mögött áll, mögötte a csűr. A csűr végén présház található, az udvarból pedig a pincébe vezetett a bejárat.</p>
<p>A házzal szemben álló épület két részből áll. Elöl a nyári konyha, hátul a magtár. A nyári konyha ajtaja előtt kerekes kút áll, a magtár mellett pedig falazott disznóólak találhatók.</p>
