{"id":1273,"date":"2026-04-10T20:54:17","date_gmt":"2026-04-10T18:54:17","guid":{"rendered":"https:\/\/visitdanube.eu\/?post_type=zaujimavost&#038;p=1273"},"modified":"2026-04-24T15:35:11","modified_gmt":"2026-04-24T13:35:11","slug":"izsa-kozseg-nevezetessegei","status":"publish","type":"zaujimavost","link":"https:\/\/visitdanube.eu\/hu\/latvanyossag\/izsa-kozseg-nevezetessegei\/","title":{"rendered":"Izsa k\u00f6zs\u00e9g nevezetess\u00e9gei"},"content":{"rendered":"<p>A Duna partj\u00e1n, a szivatty\u00fa\u00e1llom\u00e1s k\u00f6zel\u00e9ben \u00e1ll egy kis bolt\u00edves hidacska. \u00dagy tartj\u00e1k, hogy t\u00f6r\u00f6k id\u0151kb\u0151l sz\u00e1rmazik. \u201eT\u00f6r\u00f6k h\u00eddnak&#8221; nevezik. Ma is \u00fczemk\u00e9pes.<\/p>\n<p>A katolikus templom mellett m\u00e1rv\u00e1ny talapzaton \u00e1ll Nepomuki Szent J\u00e1nos homokk\u0151 szobra. A falu v\u00e9g\u00e9n tal\u00e1lhat\u00f3 a hajdani Persei-f\u00e9le hengermalom, amelyet 1939-ben Persei Lajos \u00e9p\u00edttetett.<\/p>\n<p>A falu k\u00f6zep\u00e9n, P\u00e1rk\u00e1ny ir\u00e1ny\u00e1ban tal\u00e1lhat\u00f3 egy art\u00e9zi k\u00fat, amelynek vize 220 m m\u00e9lyb\u0151l t\u00f6r fel. A k\u00fat f\u00f6l\u00f6tt filag\u00f3ria \u00e1ll.<\/p>\n<p>A temet\u0151 egyar\u00e1nt szolg\u00e1l a katolikus, reform\u00e1tus \u00e9s evang\u00e9likus h\u00edveknek. A temet\u0151 megemelkedett r\u00e9sz\u00e9n \u00e1ll a Kurucz csal\u00e1d k\u00e1poln\u00e1ja \u2013 a \u201eG\u00e9za-k\u00e1polna&#8221;. A f\u0151kereszt 1788-b\u00f3l val\u00f3, s\u00fctt\u0151i m\u00e1rv\u00e1nyb\u00f3l barokk st\u00edlusban k\u00e9sz\u00fclt.<\/p>\n<p>A Z\u00f6ld B\u00e9ka vend\u00e9gl\u0151 el\u0151tt \u00e1ll egy sz\u00e9kelyudvarhelyi fafarag\u00f3, Felszegi S\u00e1ndor eml\u00e9koszlopa. A sz\u00e9kelykaput 2018-ban \u00e1ll\u00edtott\u00e1k fel a k\u00f6zs\u00e9gh\u00e1za el\u0151tt.<\/p>\n","protected":false},"featured_media":345,"template":"","meta":{"_acf_changed":false},"tags":[],"kategoria-programov":[104],"obec":[73],"class_list":["post-1273","zaujimavost","type-zaujimavost","status-publish","has-post-thumbnail","hentry","kategoria-programov-kulturaval","obec-izsa"],"acf":[],"_links":{"self":[{"href":"https:\/\/visitdanube.eu\/hu\/wp-json\/wp\/v2\/zaujimavost\/1273","targetHints":{"allow":["GET"]}}],"collection":[{"href":"https:\/\/visitdanube.eu\/hu\/wp-json\/wp\/v2\/zaujimavost"}],"about":[{"href":"https:\/\/visitdanube.eu\/hu\/wp-json\/wp\/v2\/types\/zaujimavost"}],"wp:featuredmedia":[{"embeddable":true,"href":"https:\/\/visitdanube.eu\/hu\/wp-json\/wp\/v2\/media\/345"}],"wp:attachment":[{"href":"https:\/\/visitdanube.eu\/hu\/wp-json\/wp\/v2\/media?parent=1273"}],"wp:term":[{"taxonomy":"post_tag","embeddable":true,"href":"https:\/\/visitdanube.eu\/hu\/wp-json\/wp\/v2\/tags?post=1273"},{"taxonomy":"kategoria-programov","embeddable":true,"href":"https:\/\/visitdanube.eu\/hu\/wp-json\/wp\/v2\/kategoria-programov?post=1273"},{"taxonomy":"obec","embeddable":true,"href":"https:\/\/visitdanube.eu\/hu\/wp-json\/wp\/v2\/obec?post=1273"}],"curies":[{"name":"wp","href":"https:\/\/api.w.org\/{rel}","templated":true}]}}

Izsa község nevezetességei

<p>A Duna partján, a szivattyúállomás közelében áll egy kis boltíves hidacska. Úgy tartják, hogy török időkből származik. „Török hídnak&#8221; nevezik. Ma is üzemképes.</p>
<p>A katolikus templom mellett márvány talapzaton áll Nepomuki Szent János homokkő szobra. A falu végén található a hajdani Persei-féle hengermalom, amelyet 1939-ben Persei Lajos építtetett.</p>
<p>A falu közepén, Párkány irányában található egy artézi kút, amelynek vize 220 m mélyből tör fel. A kút fölött filagória áll.</p>
<p>A temető egyaránt szolgál a katolikus, református és evangélikus híveknek. A temető megemelkedett részén áll a Kurucz család kápolnája – a „Géza-kápolna&#8221;. A főkereszt 1788-ból való, süttői márványból barokk stílusban készült.</p>
<p>A Zöld Béka vendéglő előtt áll egy székelyudvarhelyi fafaragó, Felszegi Sándor emlékoszlopa. A székelykaput 2018-ban állították fel a községháza előtt.</p>
