{"id":1274,"date":"2026-04-10T20:54:23","date_gmt":"2026-04-10T18:54:23","guid":{"rendered":"https:\/\/visitdanube.eu\/?post_type=zaujimavost&#038;p=1274"},"modified":"2026-04-24T15:35:04","modified_gmt":"2026-04-24T13:35:04","slug":"izsa-kozseg-tortenete","status":"publish","type":"zaujimavost","link":"https:\/\/visitdanube.eu\/hu\/latvanyossag\/izsa-kozseg-tortenete\/","title":{"rendered":"Izsa k\u00f6zs\u00e9g t\u00f6rt\u00e9nete"},"content":{"rendered":"<p>Izsa jelent\u0151s r\u00e9g\u00e9szeti lel\u0151hely. A k\u00f6zs\u00e9g nev\u00e9t 1172-ben eml\u00edtik, majd 1268: Isa, 1291: Ysa, 1786: Isoha, 1808: Izsa alakban. Izs\u00e1hoz k\u00e9t telep\u00fcl\u00e9s tartozott, d\u00e9lr\u0151l Harcs\u00e1s (1397: Harchas) \u00e9s keletr\u0151l Bokros (Bokros 1696). A ter\u00fcletet m\u00e1r az \u00fajk\u0151korban is lakt\u00e1k. A gazdag leletek a r\u00e9zkori megteleped\u00e9sr\u0151l is tan\u00faskodnak. A felt\u00e1r\u00e1sok sor\u00e1n \u00c9szak-pannon temet\u0151t, a d\u00e1kok kult\u00far\u00e1j\u00e1nak maradv\u00e1nyait, valamint r\u00f3mai katonai t\u00e1bort is felt\u00e1rtak. K\u00f6zvetlen\u00fcl a Duna partj\u00e1n fekszenek egy r\u00f3mai er\u0151d maradv\u00e1nyai (i.sz. 4. sz\u00e1zad m\u00e1sodik fele), valamint egy 9. sz\u00e1zadi szl\u00e1v temet\u0151.<\/p>\n<p>A Duna v\u00edzgy\u0171jt\u0151j\u00e9n tal\u00e1lt r\u00e9g\u00e9szeti leletek bizony\u00edtj\u00e1k, hogy ezt a ter\u00fcletet m\u00e1r a k\u0151korszakban is lakt\u00e1k. I.e. 2900 \u00e9s 600 k\u00f6z\u00f6tt alakult ki az \u00fajk\u0151kor. A vad\u00e1szat \u00e9s a hal\u00e1szat mellett elkezdtek f\u00f6ldet m\u0171velni \u00e9s \u00e1llatokat tartani. Az i.e. II. \u00e9vezredben K\u00f6z\u00e9p-Eur\u00f3p\u00e1ban megismert\u00e9k a bronzk\u00e9sz\u00edt\u00e9st. A k\u00e9s\u0151 bronzkorban alakult ki a jellegzetes dunai kult\u00fara, amelyet a t\u00f6rt\u00e9n\u00e9szek \u201em\u00e9szbet\u00e9tes ker\u00e1mi\u00e1nak&#8221; neveznek.<\/p>\n","protected":false},"featured_media":346,"template":"","meta":{"_acf_changed":false},"tags":[],"kategoria-programov":[104],"obec":[73],"class_list":["post-1274","zaujimavost","type-zaujimavost","status-publish","has-post-thumbnail","hentry","kategoria-programov-kulturaval","obec-izsa"],"acf":[],"_links":{"self":[{"href":"https:\/\/visitdanube.eu\/hu\/wp-json\/wp\/v2\/zaujimavost\/1274","targetHints":{"allow":["GET"]}}],"collection":[{"href":"https:\/\/visitdanube.eu\/hu\/wp-json\/wp\/v2\/zaujimavost"}],"about":[{"href":"https:\/\/visitdanube.eu\/hu\/wp-json\/wp\/v2\/types\/zaujimavost"}],"wp:featuredmedia":[{"embeddable":true,"href":"https:\/\/visitdanube.eu\/hu\/wp-json\/wp\/v2\/media\/346"}],"wp:attachment":[{"href":"https:\/\/visitdanube.eu\/hu\/wp-json\/wp\/v2\/media?parent=1274"}],"wp:term":[{"taxonomy":"post_tag","embeddable":true,"href":"https:\/\/visitdanube.eu\/hu\/wp-json\/wp\/v2\/tags?post=1274"},{"taxonomy":"kategoria-programov","embeddable":true,"href":"https:\/\/visitdanube.eu\/hu\/wp-json\/wp\/v2\/kategoria-programov?post=1274"},{"taxonomy":"obec","embeddable":true,"href":"https:\/\/visitdanube.eu\/hu\/wp-json\/wp\/v2\/obec?post=1274"}],"curies":[{"name":"wp","href":"https:\/\/api.w.org\/{rel}","templated":true}]}}

Izsa község története

<p>Izsa jelentős régészeti lelőhely. A község nevét 1172-ben említik, majd 1268: Isa, 1291: Ysa, 1786: Isoha, 1808: Izsa alakban. Izsához két település tartozott, délről Harcsás (1397: Harchas) és keletről Bokros (Bokros 1696). A területet már az újkőkorban is lakták. A gazdag leletek a rézkori megtelepedésről is tanúskodnak. A feltárások során Észak-pannon temetőt, a dákok kultúrájának maradványait, valamint római katonai tábort is feltártak. Közvetlenül a Duna partján fekszenek egy római erőd maradványai (i.sz. 4. század második fele), valamint egy 9. századi szláv temető.</p>
<p>A Duna vízgyűjtőjén talált régészeti leletek bizonyítják, hogy ezt a területet már a kőkorszakban is lakták. I.e. 2900 és 600 között alakult ki az újkőkor. A vadászat és a halászat mellett elkezdtek földet művelni és állatokat tartani. Az i.e. II. évezredben Közép-Európában megismerték a bronzkészítést. A késő bronzkorban alakult ki a jellegzetes dunai kultúra, amelyet a történészek „mészbetétes kerámiának&#8221; neveznek.</p>
