{"id":1301,"date":"2026-04-10T21:01:58","date_gmt":"2026-04-10T19:01:58","guid":{"rendered":"https:\/\/visitdanube.eu\/?post_type=zaujimavost&#038;p=1301"},"modified":"2026-04-24T15:27:05","modified_gmt":"2026-04-24T13:27:05","slug":"szuz-maria-templom","status":"publish","type":"zaujimavost","link":"https:\/\/visitdanube.eu\/hu\/latvanyossag\/szuz-maria-templom\/","title":{"rendered":"Sz\u0171z M\u00e1ria templom"},"content":{"rendered":"<p>Karva k\u00f6zs\u00e9g k\u00fcl\u00f6nlegess\u00e9ge a 13. sz\u00e1zadban, k\u00e9s\u0151 rom\u00e1n st\u00edlusban, kb. 1232 k\u00f6r\u00fcl \u00e9p\u00fclt Boldogs\u00e1gos Sz\u0171z M\u00e1ria r\u00f3mai katolikus templom. <\/p>\n<p>A t\u00f6r\u00f6k h\u00e1bor\u00fak \u00e9s a rendi felkel\u00e9sek idej\u00e9n a templom elpusztult, \u00e9s csak 1712 k\u00f6r\u00fcl Gyulay Ferenc gr\u00f3f barokk st\u00edlusban \u00faj\u00edtotta fel \u00e9s alak\u00edtotta \u00e1t, majd 1936-ban a barokk \u00e1llapotnak megfelel\u0151en renov\u00e1lt\u00e1k. A templomot eredetileg Szent L\u0151rincnek szentelt\u00e9k, \u00e9s csak a barokk fel\u00faj\u00edt\u00e1st k\u00f6vet\u0151en szentelt\u00e9k a mai v\u00e9d\u0151szentj\u00e9nek.<\/p>\n<p>Egyhaj\u00f3s, torony n\u00e9lk\u00fcli f\u00f6ldes\u00fari templomocska, a d\u00e9li homlokzat\u00e1t kicsipk\u00e9zett oromzat z\u00e1rja le, ezt barokk st\u00edlusban alak\u00edtott\u00e1k \u00e1t, \u00e9s a f\u0151bej\u00e1rat kapuzat\u00e1nak k\u0151kerete van. A f\u00e9lk\u00f6r\u00edves apszist keskeny r\u00e9sablakok tagolj\u00e1k, sz\u00e9les, cs\u00facs\u00edves r\u00e9zs\u0171vel. Az apszist kagyl\u00f3boltozat fedi.<\/p>\n<p>A pilaszteres fa\u00e9p\u00edt\u00e9szettel \u00e9s voluta oromzattal rendelkez\u0151 barokk f\u0151olt\u00e1r a 18. sz\u00e1zad elej\u00e9r\u0151l sz\u00e1rmazik. A Sz\u0171z M\u00e1ria k\u00f6zponti olajfestm\u00e9ny\u00e9nek oldalain Szent J\u00f3zsef, Szent Seraphi Ferenc, Szent Antal \u00e9s Nepomuki Szent J\u00e1nos szobrai \u00e1llnak. Az olt\u00e1rt 1700 ut\u00e1n az esztergomi szerzetesek aj\u00e1nd\u00e9kozt\u00e1k a templomnak.<\/p>\n<p>A templom leg\u00e9rt\u00e9kesebb eml\u00e9ke a k\u00e9t v\u00f6r\u00f6s m\u00e1rv\u00e1nyb\u00f3l k\u00e9sz\u00fclt s\u00edrt\u00e1bla. Az egyiken a felirat: Hic est Sepultura nobilium de L\u00e1bathlan Anno Domini Milessimo quadringentesimo (Itt van a nemes L\u00e1batlan csal\u00e1d nyughelye az \u00dar 1400. \u00e9v\u00e9ben).<\/p>\n","protected":false},"featured_media":367,"template":"","meta":{"_acf_changed":false},"tags":[],"kategoria-programov":[104],"obec":[75],"class_list":["post-1301","zaujimavost","type-zaujimavost","status-publish","has-post-thumbnail","hentry","kategoria-programov-kulturaval","obec-karva"],"acf":[],"_links":{"self":[{"href":"https:\/\/visitdanube.eu\/hu\/wp-json\/wp\/v2\/zaujimavost\/1301","targetHints":{"allow":["GET"]}}],"collection":[{"href":"https:\/\/visitdanube.eu\/hu\/wp-json\/wp\/v2\/zaujimavost"}],"about":[{"href":"https:\/\/visitdanube.eu\/hu\/wp-json\/wp\/v2\/types\/zaujimavost"}],"wp:featuredmedia":[{"embeddable":true,"href":"https:\/\/visitdanube.eu\/hu\/wp-json\/wp\/v2\/media\/367"}],"wp:attachment":[{"href":"https:\/\/visitdanube.eu\/hu\/wp-json\/wp\/v2\/media?parent=1301"}],"wp:term":[{"taxonomy":"post_tag","embeddable":true,"href":"https:\/\/visitdanube.eu\/hu\/wp-json\/wp\/v2\/tags?post=1301"},{"taxonomy":"kategoria-programov","embeddable":true,"href":"https:\/\/visitdanube.eu\/hu\/wp-json\/wp\/v2\/kategoria-programov?post=1301"},{"taxonomy":"obec","embeddable":true,"href":"https:\/\/visitdanube.eu\/hu\/wp-json\/wp\/v2\/obec?post=1301"}],"curies":[{"name":"wp","href":"https:\/\/api.w.org\/{rel}","templated":true}]}}

Szűz Mária templom

<p>Karva község különlegessége a 13. században, késő román stílusban, kb. 1232 körül épült Boldogságos Szűz Mária római katolikus templom. </p>
<p>A török háborúk és a rendi felkelések idején a templom elpusztult, és csak 1712 körül Gyulay Ferenc gróf barokk stílusban újította fel és alakította át, majd 1936-ban a barokk állapotnak megfelelően renoválták. A templomot eredetileg Szent Lőrincnek szentelték, és csak a barokk felújítást követően szentelték a mai védőszentjének.</p>
<p>Egyhajós, torony nélküli földesúri templomocska, a déli homlokzatát kicsipkézett oromzat zárja le, ezt barokk stílusban alakították át, és a főbejárat kapuzatának kőkerete van. A félköríves apszist keskeny résablakok tagolják, széles, csúcsíves rézsűvel. Az apszist kagylóboltozat fedi.</p>
<p>A pilaszteres faépítészettel és voluta oromzattal rendelkező barokk főoltár a 18. század elejéről származik. A Szűz Mária központi olajfestményének oldalain Szent József, Szent Seraphi Ferenc, Szent Antal és Nepomuki Szent János szobrai állnak. Az oltárt 1700 után az esztergomi szerzetesek ajándékozták a templomnak.</p>
<p>A templom legértékesebb emléke a két vörös márványból készült sírtábla. Az egyiken a felirat: Hic est Sepultura nobilium de Lábathlan Anno Domini Milessimo quadringentesimo (Itt van a nemes Lábatlan család nyughelye az Úr 1400. évében).</p>
