{"id":1302,"date":"2026-04-10T21:02:02","date_gmt":"2026-04-10T19:02:02","guid":{"rendered":"https:\/\/visitdanube.eu\/?post_type=zaujimavost&#038;p=1302"},"modified":"2026-04-28T09:27:04","modified_gmt":"2026-04-28T07:27:04","slug":"lilla-szobra","status":"publish","type":"zaujimavost","link":"https:\/\/visitdanube.eu\/hu\/latvanyossag\/lilla-szobra\/","title":{"rendered":"Lilla szobra"},"content":{"rendered":"<p>Mag Gy. szobr\u00e1sz 2009-es alkot\u00e1sa Csokonai szerelm\u00e9nek eml\u00e9k\u00e9t \u0151rzi. Lilla m\u00e1sodik h\u00e1zass\u00e1ga r\u00e9v\u00e9n ker\u00fclt Dunamocs k\u00f6zs\u00e9gbe. Nem \u00e9lt boldog \u00e9letet, gyermektelen maradt. Els\u0151 f\u00e9rje hal\u00e1la ut\u00e1n, 64 \u00e9ves kor\u00e1ban ment f\u00e9rjhez V\u00e9gh Mih\u00e1lyhoz, a mocsai lelk\u00e9szhez, n\u00e9h\u00e1ny \u00e9vig a k\u00f6zs\u00e9gben \u00e9lt, majd \u00fajra Dunaalm\u00e1son. 79 \u00e9ves kor\u00e1ban, hal\u00e1los \u00e1gy\u00e1n, utols\u00f3 k\u00edv\u00e1ns\u00e1ga az volt, hogy Csokonait\u00f3l kapott gy\u0171r\u0171j\u00e9t h\u00fazz\u00e1k fel ujj\u00e1ra, \u00e9s a k\u00f6lt\u0151 b\u00facs\u00falevel\u00e9vel \u00e9s versesk\u00f6tet\u00e9vel egy\u00fctt temess\u00e9k el. \u00cdgy is t\u00f6rt\u00e9nt. Eml\u00e9km\u0171v\u00e9re a Lilla nevet v\u00e9st\u00e9k, hogy hal\u00e1la ut\u00e1n a k\u00f6lt\u0151 menyasszonya legyen.<\/p>\n","protected":false},"featured_media":1674,"template":"","meta":{"_acf_changed":false},"tags":[],"kategoria-programov":[104],"obec":[76],"class_list":["post-1302","zaujimavost","type-zaujimavost","status-publish","has-post-thumbnail","hentry","kategoria-programov-kulturaval","obec-dunamocs"],"acf":[],"_links":{"self":[{"href":"https:\/\/visitdanube.eu\/hu\/wp-json\/wp\/v2\/zaujimavost\/1302","targetHints":{"allow":["GET"]}}],"collection":[{"href":"https:\/\/visitdanube.eu\/hu\/wp-json\/wp\/v2\/zaujimavost"}],"about":[{"href":"https:\/\/visitdanube.eu\/hu\/wp-json\/wp\/v2\/types\/zaujimavost"}],"wp:featuredmedia":[{"embeddable":true,"href":"https:\/\/visitdanube.eu\/hu\/wp-json\/wp\/v2\/media\/1674"}],"wp:attachment":[{"href":"https:\/\/visitdanube.eu\/hu\/wp-json\/wp\/v2\/media?parent=1302"}],"wp:term":[{"taxonomy":"post_tag","embeddable":true,"href":"https:\/\/visitdanube.eu\/hu\/wp-json\/wp\/v2\/tags?post=1302"},{"taxonomy":"kategoria-programov","embeddable":true,"href":"https:\/\/visitdanube.eu\/hu\/wp-json\/wp\/v2\/kategoria-programov?post=1302"},{"taxonomy":"obec","embeddable":true,"href":"https:\/\/visitdanube.eu\/hu\/wp-json\/wp\/v2\/obec?post=1302"}],"curies":[{"name":"wp","href":"https:\/\/api.w.org\/{rel}","templated":true}]}}

<p>Mag Gy. szobrász 2009-es alkotása Csokonai szerelmének emlékét őrzi. Lilla második házassága révén került Dunamocs községbe. Nem élt boldog életet, gyermektelen maradt. Első férje halála után, 64 éves korában ment férjhez Végh Mihályhoz, a mocsai lelkészhez, néhány évig a községben élt, majd újra Dunaalmáson. 79 éves korában, halálos ágyán, utolsó kívánsága az volt, hogy Csokonaitól kapott gyűrűjét húzzák fel ujjára, és a költő búcsúlevelével és verseskötetével együtt temessék el. Így is történt. Emlékművére a Lilla nevet vésték, hogy halála után a költő menyasszonya legyen.</p>
