{"id":1304,"date":"2026-04-10T21:02:23","date_gmt":"2026-04-10T19:02:23","guid":{"rendered":"https:\/\/visitdanube.eu\/?post_type=zaujimavost&#038;p=1304"},"modified":"2026-04-24T15:26:39","modified_gmt":"2026-04-24T13:26:39","slug":"csokonai-vitez-mihaly-szobra","status":"publish","type":"zaujimavost","link":"https:\/\/visitdanube.eu\/hu\/latvanyossag\/csokonai-vitez-mihaly-szobra\/","title":{"rendered":"Csokonai Vit\u00e9z Mih\u00e1ly szobra"},"content":{"rendered":"<p>Ferenc cs\u00e1sz\u00e1r Kom\u00e1romot jel\u00f6lte ki a nemesi Nap\u00f3leon-ellenes felkel\u00e9s t\u00e1borhely\u00e9\u00fcl. 1797 tavasz\u00e1n Csokonai Vit\u00e9z Mih\u00e1ly k\u00f6lt\u0151 is Kom\u00e1romba \u00e9rkezett. Csokonai buzd\u00edt\u00f3 verset \u00edrt a franci\u00e1k elleni h\u00e1bor\u00fara gy\u00fclekez\u0151 emberek sz\u00e1m\u00e1ra. Csokonai \u201eA nemes magyarokhoz&#8221; c\u00edm\u0171 vers\u00e9t a z\u00e1szl\u00f3szentel\u00e9si \u00fcnneps\u00e9gen 1797. \u00e1prilis 26-\u00e1n Vajda Julianna adta el\u0151, aki r\u00f6gt\u00f6n elrabolta a k\u00f6lt\u0151 sz\u00edv\u00e9t.<\/p>\n<p>A szerelmes k\u00f6lt\u0151 1797-ben \u00e9s 1798-ban is sokat utazott, Bicsk\u00e9t\u0151l Keszthelyig munk\u00e1t keresett a k\u00f6zs\u00e9gekben, \u00e9s ek\u00f6zben sok id\u0151t t\u00f6lt\u00f6tt Kom\u00e1rom k\u00f6rny\u00e9k\u00e9n. Kom\u00e1rom abban az id\u0151ben gazdag kereskedelmi k\u00f6zpont volt, f\u0151k\u00e9nt gabon\u00e1val kereskedtek. Ebben a vil\u00e1gban a munk\u00e1t keres\u0151 k\u00f6lt\u0151 nem volt megfelel\u0151 f\u00e9rjjel\u00f6lt Julianna sz\u00fclei szem\u00e9ben, \u00edgy 1798 tavasz\u00e1n sz\u00fclei t\u00e1mogat\u00e1s\u00e1val L\u00e9vai Istv\u00e1n gazdag keresked\u0151h\u00f6z ment feles\u00e9g\u00fcl.<\/p>\n<p>A kutat\u00e1sok meger\u0151s\u00edtett\u00e9k, hogy Csokonai \u00e9s Lilla kapcsolata a h\u00e1zass\u00e1ga megk\u00f6t\u00e9se ut\u00e1n is fennmaradt. A k\u00f6lt\u0151 ezekben az \u00e9vekben a k\u00f6rny\u00e9ken l\u00e9v\u0151 pl\u00e9b\u00e1ni\u00e1kat l\u00e1togatta, \u00e9s sz\u00edvesen t\u00f6lt\u00f6tt id\u0151t szerelme k\u00f6zel\u00e9ben. Verseit is elk\u00fcldte neki, amelyek 1800-ban jelentek meg nyomtat\u00e1sban, 1802-ben pedig megl\u00e1togatta. Nem \u00fcres k\u00e9zzel \u00e9rkezett, aj\u00e1nd\u00e9kba adta neki apj\u00e1t\u00f3l \u00f6r\u00f6k\u00f6lt gy\u0171r\u0171j\u00e9t.<\/p>\n","protected":false},"featured_media":369,"template":"","meta":{"_acf_changed":false},"tags":[],"kategoria-programov":[104],"obec":[71],"class_list":["post-1304","zaujimavost","type-zaujimavost","status-publish","has-post-thumbnail","hentry","kategoria-programov-kulturaval","obec-komarom"],"acf":[],"_links":{"self":[{"href":"https:\/\/visitdanube.eu\/hu\/wp-json\/wp\/v2\/zaujimavost\/1304","targetHints":{"allow":["GET"]}}],"collection":[{"href":"https:\/\/visitdanube.eu\/hu\/wp-json\/wp\/v2\/zaujimavost"}],"about":[{"href":"https:\/\/visitdanube.eu\/hu\/wp-json\/wp\/v2\/types\/zaujimavost"}],"wp:featuredmedia":[{"embeddable":true,"href":"https:\/\/visitdanube.eu\/hu\/wp-json\/wp\/v2\/media\/369"}],"wp:attachment":[{"href":"https:\/\/visitdanube.eu\/hu\/wp-json\/wp\/v2\/media?parent=1304"}],"wp:term":[{"taxonomy":"post_tag","embeddable":true,"href":"https:\/\/visitdanube.eu\/hu\/wp-json\/wp\/v2\/tags?post=1304"},{"taxonomy":"kategoria-programov","embeddable":true,"href":"https:\/\/visitdanube.eu\/hu\/wp-json\/wp\/v2\/kategoria-programov?post=1304"},{"taxonomy":"obec","embeddable":true,"href":"https:\/\/visitdanube.eu\/hu\/wp-json\/wp\/v2\/obec?post=1304"}],"curies":[{"name":"wp","href":"https:\/\/api.w.org\/{rel}","templated":true}]}}

Csokonai Vitéz Mihály szobra

<p>Ferenc császár Komáromot jelölte ki a nemesi Napóleon-ellenes felkelés táborhelyéül. 1797 tavaszán Csokonai Vitéz Mihály költő is Komáromba érkezett. Csokonai buzdító verset írt a franciák elleni háborúra gyülekező emberek számára. Csokonai „A nemes magyarokhoz&#8221; című versét a zászlószentelési ünnepségen 1797. április 26-án Vajda Julianna adta elő, aki rögtön elrabolta a költő szívét.</p>
<p>A szerelmes költő 1797-ben és 1798-ban is sokat utazott, Bicskétől Keszthelyig munkát keresett a községekben, és eközben sok időt töltött Komárom környékén. Komárom abban az időben gazdag kereskedelmi központ volt, főként gabonával kereskedtek. Ebben a világban a munkát kereső költő nem volt megfelelő férjjelölt Julianna szülei szemében, így 1798 tavaszán szülei támogatásával Lévai István gazdag kereskedőhöz ment feleségül.</p>
<p>A kutatások megerősítették, hogy Csokonai és Lilla kapcsolata a házassága megkötése után is fennmaradt. A költő ezekben az években a környéken lévő plébániákat látogatta, és szívesen töltött időt szerelme közelében. Verseit is elküldte neki, amelyek 1800-ban jelentek meg nyomtatásban, 1802-ben pedig meglátogatta. Nem üres kézzel érkezett, ajándékba adta neki apjától örökölt gyűrűjét.</p>
