{"id":1313,"date":"2026-04-10T21:06:37","date_gmt":"2026-04-10T19:06:37","guid":{"rendered":"https:\/\/visitdanube.eu\/?post_type=zaujimavost&#038;p=1313"},"modified":"2026-04-24T15:25:32","modified_gmt":"2026-04-24T13:25:32","slug":"jokai-szinhaz","status":"publish","type":"zaujimavost","link":"https:\/\/visitdanube.eu\/hu\/latvanyossag\/jokai-szinhaz\/","title":{"rendered":"J\u00f3kai Sz\u00ednh\u00e1z"},"content":{"rendered":"<p>ALAPOZ\u00c1S \u00c9VEI A KOM\u00c1ROMI MAGYAR TER\u00dcLETI SZ\u00cdNH\u00c1ZBAN<\/p>\n<p>Kom\u00e1rom Szlov\u00e1kia egyik leggazdagabb magyar sz\u00ednh\u00e1zi hagyom\u00e1nyokkal rendelkez\u0151 v\u00e1rosa: a 17. \u00e9s 18. sz\u00e1zadban a magyar iskolai sz\u00ednj\u00e1tsz\u00e1s \u00e9s iskoladr\u00e1ma b\u00e1sty\u00e1ja volt, de magyar nyelv\u0171 professzion\u00e1lis t\u00e1rsulat els\u0151 el\u0151ad\u00e1sa is, Kotzebue Papelli, avagy a Csod\u00e1latos tal\u00e1lkoz\u00e1s Beke J\u00f3zsef el\u0151ad\u00e1s\u00e1ban, k\u00f6zel 200 \u00e9vvel ezel\u0151tt, 1811. m\u00e1jus 8-\u00e1n itt zajlott. Az\u00f3ta a v\u00e1ros kisebb-nagyobb rendszeress\u00e9ggel a magyar v\u00e1ndort\u00e1rsulatok \u00e1llom\u00e1sa lett \u2013 voltak id\u0151k, amikor a legjelent\u0151sebbek\u00e9. Ugyanakkor a 19. sz\u00e1zad m\u00e1sodik fel\u00e9ben \u00e9s f\u0151k\u00e9nt a sz\u00e1zadfordul\u00f3n itt er\u0151s m\u0171kedvel\u0151 sz\u00ednj\u00e1tsz\u00e1s vir\u00e1gzott.<br \/>Az 1918-1919-es hatalomv\u00e1lt\u00e1ssal a magyar Kom\u00e1rom v\u00e1ros t\u00f6rt\u00e9nelmi r\u00e9sze a Duna bal partj\u00e1n, R\u00e9v-Kom\u00e1rom, a frissen l\u00e9trej\u00f6tt Csehszlov\u00e1ki\u00e1hoz ker\u00fclt, ami \u00faj fejezetet nyitott a v\u00e1ros sz\u00ednh\u00e1zi \u00e9let\u00e9ben is. A kisebbs\u00e9gi helyzet felt\u00e9telei befoly\u00e1solt\u00e1k \u00e9s mell\u00e9kv\u00e1g\u00e1nyra terelt\u00e9k Kom\u00e1rom kultur\u00e1lis \u00e9s ez\u00e1ltal sz\u00ednh\u00e1zi \u00e9let\u00e9t.<br \/>Az els\u0151 Csehszlov\u00e1k K\u00f6zt\u00e1rsas\u00e1gban Polg\u00e1r K\u00e1roly t\u00e1rsulata k\u00e9pviselte a pozit\u00edv hajt\u00f3er\u0151t, amely Pozsonyb\u00f3l szorult ki, \u00e9s az els\u0151k k\u00f6z\u00f6tt kereste fel a v\u00e1rost. A k\u00f6vetkez\u0151 h\u00fasz \u00e9vben a Kom\u00e1romban sz\u00ednh\u00e1zi programot ny\u00fajt\u00f3 legjelent\u0151sebb csoportosul\u00e1sok k\u00f6z\u00e9 tov\u00e1bbra is a pozsonyi \u00e9s kassai t\u00e1rsulatok (Farag\u00f3 \u00d6d\u00f6n, Istv\u00e1n S\u00e1ndor), illetve F\u00f6ldes Dezs\u0151 Nyugat-szlov\u00e1kiai Magyar Sz\u00ednh\u00e1za tartozott.<br \/>1938. november 2-\u00e1n az els\u0151 b\u00e9csi d\u00f6nt\u00e9ssel a v\u00e1rost visszaadt\u00e1k Magyarorsz\u00e1gnak, sz\u00ednh\u00e1zi \u00e9lete ezt k\u00f6vet\u0151en a magyar sz\u00ednh\u00e1zi szervezeti rend szerint alakult: k\u00fcl\u00f6nb\u00f6z\u0151 vid\u00e9ki t\u00e1rsulatok, f\u0151k\u00e9nt V\u00e9rtes K\u00e1roly t\u00e1rsulata, tettek valamilyen nem t\u00fal cs\u00e1b\u00edt\u00f3 aj\u00e1nlatokat a fell\u00e9p\u00e9sre. A vil\u00e1gh\u00e1bor\u00fa v\u00e9g\u00e9n, ahogy k\u00f6zeledett a front, a kom\u00e1romiak mindenben jobban f\u00e1radoztak, mint a sz\u00ednh\u00e1zban: az utols\u00f3 k\u00e9t h\u00e1bor\u00fas \u00e9vb\u0151l m\u00e1r nincs tudom\u00e1sunk itteni sz\u00ednh\u00e1zi el\u0151ad\u00e1sr\u00f3l.<br \/>1945-ben a v\u00e1ros \u00e9szaki, t\u00f6rt\u00e9nelmi r\u00e9sze a h\u00e1bor\u00fa el\u0151tti kiterjed\u00e9sben visszaker\u00fclt Csehszlov\u00e1ki\u00e1hoz, ami lak\u00f3i sz\u00e1m\u00e1ra a magyar\u00fcld\u00f6z\u00e9s, a kitelep\u00edt\u00e9sek \u00e9s \u00e1ttelep\u00edt\u00e9sek infern\u00f3j\u00e1t hozta, a jogfosztotts\u00e1g teljes pokl\u00e1t jelentette, amikor a magyar sz\u00f3 \u00e9s int\u00e9zm\u00e9nyei \u2013 bele\u00e9rtve a sz\u00ednh\u00e1zat \u00e9s sz\u00ednj\u00e1tsz\u00e1st is \u2013 teljes n\u00e9mas\u00e1gra \u00edt\u00e9ltettek. Csak 1948-ban, a kommunist\u00e1k hatalomra ker\u00fcl\u00e9se ut\u00e1n, az \u00e1llam k\u00fclpolitikai fejlem\u00e9nyeinek hat\u00e1s\u00e1ra kezdtek v\u00e1ltozni a k\u00f6r\u00fclm\u00e9nyek. A csehszlov\u00e1kiai magyaroknak fokozatosan visszaadt\u00e1k emberi \u00e9s polg\u00e1ri jogaikat, \u00fajra szervezhett\u00e9k iskol\u00e1ikat, kult\u00far\u00e1jukat, a magyar sz\u00f3 ism\u00e9t polg\u00e1rjogot kapott. 1948. december 15-\u00e9n jelent meg az \u00daj Sz\u00f3 pozsonyi magyar napilap els\u0151 sz\u00e1ma, 1949. m\u00e1rcius 5-\u00e9n j\u00f6tt l\u00e9tre a sz\u00e9les hat\u00f3k\u00f6r\u0171 k\u00f6zm\u0171vel\u0151d\u00e9si \u00e9s kult\u00farateremt\u0151 int\u00e9zm\u00e9ny, illetve anyanyelvet t\u00e1mogat\u00f3 keret, a Csemadok, az iskol\u00e1kban lassan megindult a tan\u00edt\u00e1s.<\/p>\n","protected":false},"featured_media":375,"template":"","meta":{"_acf_changed":false},"tags":[93,87],"kategoria-programov":[104],"obec":[71],"class_list":["post-1313","zaujimavost","type-zaujimavost","status-publish","has-post-thumbnail","hentry","tag-kultura","tag-szinhaz","kategoria-programov-kulturaval","obec-komarom"],"acf":[],"_links":{"self":[{"href":"https:\/\/visitdanube.eu\/hu\/wp-json\/wp\/v2\/zaujimavost\/1313","targetHints":{"allow":["GET"]}}],"collection":[{"href":"https:\/\/visitdanube.eu\/hu\/wp-json\/wp\/v2\/zaujimavost"}],"about":[{"href":"https:\/\/visitdanube.eu\/hu\/wp-json\/wp\/v2\/types\/zaujimavost"}],"wp:featuredmedia":[{"embeddable":true,"href":"https:\/\/visitdanube.eu\/hu\/wp-json\/wp\/v2\/media\/375"}],"wp:attachment":[{"href":"https:\/\/visitdanube.eu\/hu\/wp-json\/wp\/v2\/media?parent=1313"}],"wp:term":[{"taxonomy":"post_tag","embeddable":true,"href":"https:\/\/visitdanube.eu\/hu\/wp-json\/wp\/v2\/tags?post=1313"},{"taxonomy":"kategoria-programov","embeddable":true,"href":"https:\/\/visitdanube.eu\/hu\/wp-json\/wp\/v2\/kategoria-programov?post=1313"},{"taxonomy":"obec","embeddable":true,"href":"https:\/\/visitdanube.eu\/hu\/wp-json\/wp\/v2\/obec?post=1313"}],"curies":[{"name":"wp","href":"https:\/\/api.w.org\/{rel}","templated":true}]}}

Jókai Színház

<p>ALAPOZÁS ÉVEI A KOMÁROMI MAGYAR TERÜLETI SZÍNHÁZBAN</p>
<p>Komárom Szlovákia egyik leggazdagabb magyar színházi hagyományokkal rendelkező városa: a 17. és 18. században a magyar iskolai színjátszás és iskoladráma bástyája volt, de magyar nyelvű professzionális társulat első előadása is, Kotzebue Papelli, avagy a Csodálatos találkozás Beke József előadásában, közel 200 évvel ezelőtt, 1811. május 8-án itt zajlott. Azóta a város kisebb-nagyobb rendszerességgel a magyar vándortársulatok állomása lett – voltak idők, amikor a legjelentősebbeké. Ugyanakkor a 19. század második felében és főként a századfordulón itt erős műkedvelő színjátszás virágzott.<br />Az 1918-1919-es hatalomváltással a magyar Komárom város történelmi része a Duna bal partján, Rév-Komárom, a frissen létrejött Csehszlovákiához került, ami új fejezetet nyitott a város színházi életében is. A kisebbségi helyzet feltételei befolyásolták és mellékvágányra terelték Komárom kulturális és ezáltal színházi életét.<br />Az első Csehszlovák Köztársaságban Polgár Károly társulata képviselte a pozitív hajtóerőt, amely Pozsonyból szorult ki, és az elsők között kereste fel a várost. A következő húsz évben a Komáromban színházi programot nyújtó legjelentősebb csoportosulások közé továbbra is a pozsonyi és kassai társulatok (Faragó Ödön, István Sándor), illetve Földes Dezső Nyugat-szlovákiai Magyar Színháza tartozott.<br />1938. november 2-án az első bécsi döntéssel a várost visszaadták Magyarországnak, színházi élete ezt követően a magyar színházi szervezeti rend szerint alakult: különböző vidéki társulatok, főként Vértes Károly társulata, tettek valamilyen nem túl csábító ajánlatokat a fellépésre. A világháború végén, ahogy közeledett a front, a komáromiak mindenben jobban fáradoztak, mint a színházban: az utolsó két háborús évből már nincs tudomásunk itteni színházi előadásról.<br />1945-ben a város északi, történelmi része a háború előtti kiterjedésben visszakerült Csehszlovákiához, ami lakói számára a magyarüldözés, a kitelepítések és áttelepítések infernóját hozta, a jogfosztottság teljes poklát jelentette, amikor a magyar szó és intézményei – beleértve a színházat és színjátszást is – teljes némaságra ítéltettek. Csak 1948-ban, a kommunisták hatalomra kerülése után, az állam külpolitikai fejleményeinek hatására kezdtek változni a körülmények. A csehszlovákiai magyaroknak fokozatosan visszaadták emberi és polgári jogaikat, újra szervezhették iskoláikat, kultúrájukat, a magyar szó ismét polgárjogot kapott. 1948. december 15-én jelent meg az Új Szó pozsonyi magyar napilap első száma, 1949. március 5-én jött létre a széles hatókörű közművelődési és kultúrateremtő intézmény, illetve anyanyelvet támogató keret, a Csemadok, az iskolákban lassan megindult a tanítás.</p>
