{"id":1330,"date":"2026-04-10T21:10:25","date_gmt":"2026-04-10T19:10:25","guid":{"rendered":"https:\/\/visitdanube.eu\/?post_type=zaujimavost&#038;p=1330"},"modified":"2026-04-22T08:20:49","modified_gmt":"2026-04-22T06:20:49","slug":"sobieski-janos-szobra","status":"publish","type":"zaujimavost","link":"https:\/\/visitdanube.eu\/hu\/latvanyossag\/sobieski-janos-szobra\/","title":{"rendered":"Sobieski J\u00e1nos szobra"},"content":{"rendered":"<p>A \u201eP\u00e1rk\u00e1nyi csata&#8221; eml\u00e9km\u0171ve, a t\u00f6r\u00f6kellenes harcos, III. Sobieski J\u00e1nos lengyel kir\u00e1ly hadvez\u00e9r bronz lovasszobra a R\u00f3mai Katolikus Pl\u00e9b\u00e1nia el\u0151tt \u00e1ll a Szent Imre templom k\u00f6zel\u00e9ben.<\/p>\n<p>Magass\u00e1ga 665 cm, maga a szobor 325 cm, \u00e9s egy elt\u00f6rt ker\u00e9k \u00e9s a t\u00f6r\u00f6k f\u00e9lhold t\u00f6red\u00e9keivel d\u00edsz\u00edtett talapzaton \u00e1ll. Alkot\u00f3ja Gy\u0151rfy Lajos magyar szobr\u00e1sz.<\/p>\n<p>Az eml\u00e9km\u0171vet 2008. okt\u00f3ber 25-\u00e9n \u00fcnnep\u00e9lyesen leplezt\u00e9k le a P\u00e1rk\u00e1nyi csata 325. \u00e9vfordul\u00f3ja alkalm\u00e1b\u00f3l, \u00e9s ez volt Sobieski J\u00e1nos lengyel kir\u00e1ly els\u0151 szobra k\u00fclf\u00f6ld\u00f6n. A v\u00e1ros ezzel eml\u00e9kezett meg arr\u00f3l, hogy 325 \u00e9vvel ezel\u0151tt a lengyel kir\u00e1lyi csapatok felszabad\u00edtott\u00e1k az eredeti P\u00e1rk\u00e1ny telep\u00fcl\u00e9st a t\u00f6r\u00f6k uralom al\u00f3l. Az akkori P\u00e1rk\u00e1ny telep\u00fcl\u00e9st Sobieski kir\u00e1ly \u00e9s Lotaringiai K\u00e1roly lengyel herceg 140 \u00e9vnyi t\u00f6r\u00f6k uralom ut\u00e1n a mai Szlov\u00e1kia utols\u00f3 ter\u00fcletek\u00e9nt szabad\u00edtotta fel.<\/p>\n<p>Ezen esem\u00e9ny eml\u00e9km\u0171v\u00e9t, Sobieski \u00e9letnagys\u00e1g\u00fa bronz lovasszobr\u00e1t a Limes Anavum Polg\u00e1ri T\u00e1rsul\u00e1s \u00e1ll\u00edttatta. Az eml\u00e9km\u0171 a lengyel-szlov\u00e1k-magyar bar\u00e1ts\u00e1g \u00e9s \u00f6sszetartoz\u00e1s eszm\u00e9it hirdeti.<\/p>\n","protected":false},"featured_media":362,"template":"","meta":{"_acf_changed":false},"tags":[],"kategoria-programov":[104],"obec":[],"class_list":["post-1330","zaujimavost","type-zaujimavost","status-publish","has-post-thumbnail","hentry","kategoria-programov-kulturaval"],"acf":[],"_links":{"self":[{"href":"https:\/\/visitdanube.eu\/hu\/wp-json\/wp\/v2\/zaujimavost\/1330","targetHints":{"allow":["GET"]}}],"collection":[{"href":"https:\/\/visitdanube.eu\/hu\/wp-json\/wp\/v2\/zaujimavost"}],"about":[{"href":"https:\/\/visitdanube.eu\/hu\/wp-json\/wp\/v2\/types\/zaujimavost"}],"wp:featuredmedia":[{"embeddable":true,"href":"https:\/\/visitdanube.eu\/hu\/wp-json\/wp\/v2\/media\/362"}],"wp:attachment":[{"href":"https:\/\/visitdanube.eu\/hu\/wp-json\/wp\/v2\/media?parent=1330"}],"wp:term":[{"taxonomy":"post_tag","embeddable":true,"href":"https:\/\/visitdanube.eu\/hu\/wp-json\/wp\/v2\/tags?post=1330"},{"taxonomy":"kategoria-programov","embeddable":true,"href":"https:\/\/visitdanube.eu\/hu\/wp-json\/wp\/v2\/kategoria-programov?post=1330"},{"taxonomy":"obec","embeddable":true,"href":"https:\/\/visitdanube.eu\/hu\/wp-json\/wp\/v2\/obec?post=1330"}],"curies":[{"name":"wp","href":"https:\/\/api.w.org\/{rel}","templated":true}]}}

Sobieski János szobra

<p>A „Párkányi csata&#8221; emlékműve, a törökellenes harcos, III. Sobieski János lengyel király hadvezér bronz lovasszobra a Római Katolikus Plébánia előtt áll a Szent Imre templom közelében.</p>
<p>Magassága 665 cm, maga a szobor 325 cm, és egy eltört kerék és a török félhold töredékeivel díszített talapzaton áll. Alkotója Győrfy Lajos magyar szobrász.</p>
<p>Az emlékművet 2008. október 25-én ünnepélyesen leplezték le a Párkányi csata 325. évfordulója alkalmából, és ez volt Sobieski János lengyel király első szobra külföldön. A város ezzel emlékezett meg arról, hogy 325 évvel ezelőtt a lengyel királyi csapatok felszabadították az eredeti Párkány települést a török uralom alól. Az akkori Párkány települést Sobieski király és Lotaringiai Károly lengyel herceg 140 évnyi török uralom után a mai Szlovákia utolsó területeként szabadította fel.</p>
<p>Ezen esemény emlékművét, Sobieski életnagyságú bronz lovasszobrát a Limes Anavum Polgári Társulás állíttatta. Az emlékmű a lengyel-szlovák-magyar barátság és összetartozás eszméit hirdeti.</p>
